000
CXUS53 KDVN 011358
CLMIOW
CLIMATE REPORT
NATIONAL WEATHER SERVICE QUAD CITIES IA IL
858 AM CDT WED NOV 01 2023
...................................
...THE IOWA CITY IA CLIMATE SUMMARY FOR THE MONTH OF OCTOBER 2023...
CLIMATE NORMAL PERIOD 1991 TO 2020
CLIMATE RECORD PERIOD 9999 TO 9999
WEATHER OBSERVED NORMAL DEPART LAST YEAR`S
VALUE DATE(S) VALUE FROM VALUE
NORMAL
..............................................................
TEMPERATURE (F)
HIGHEST 91 10/01 70 21
LOWEST 25 10/30 37 -12
AVG. MAXIMUM 64.9 64.1 0.8
AVG. MINIMUM 45.0 42.1 2.9
MEAN 54.9 53.1 1.8
DAYS MAX >= 90 1
DAYS MAX <= 32 0
DAYS MIN <= 32 3
DAYS MIN <= 0 0
PRECIPITATION (INCHES)
TOTALS 2.47 2.98 -0.51
DAILY AVG. 0.08 0.10 -0.02
DAYS >= .01 10
DAYS >= .10 4
DAYS >= .50 2
DAYS >= 1.00 1
GREATEST
24 HR. TOTAL 1.15 10/13 TO 10/14
DEGREE DAYS
HEATING TOTAL 345 384 -39
SINCE 7/1 354 475 -121
COOLING TOTAL 40 15 25
SINCE 1/1 1144 1044 100
..............................................................
WIND (MPH)
AVERAGE WIND SPEED 8.3
HIGHEST WIND SPEED/DIRECTION 31/290 DATE 10/31
HIGHEST GUST SPEED/DIRECTION 46/280 DATE 10/31
SKY COVER
AVERAGE SKY COVER 0.42
NUMBER OF DAYS FAIR 16
NUMBER OF DAYS PC 7
NUMBER OF DAYS CLOUDY 8
AVERAGE RH (PERCENT) 70
WEATHER CONDITIONS. NUMBER OF DAYS WITH
THUNDERSTORM 2 HAIL 0
SLEET 0 FOG 9
FOG W/VIS <= 1/4 MILE 1 HAZE 0
- INDICATES NEGATIVE NUMBERS.
R INDICATES RECORD WAS SET OR TIED.
MM INDICATES DATA IS MISSING.
T INDICATES TRACE AMOUNT.
$$