000
CXUS51 KCTP 010629
CLMIPT
CLIMATE REPORT
NATIONAL WEATHER SERVICE STATE COLLEGE PA
229 AM EDT WED NOV 01 2023
...................................
...THE WILLIAMSPORT PA CLIMATE SUMMARY FOR THE MONTH OF OCTOBER 2023...
CLIMATE NORMAL PERIOD 1991 TO 2020
CLIMATE RECORD PERIOD 1895 TO 2023
WEATHER OBSERVED NORMAL DEPART LAST YEAR`S
VALUE DATE(S) VALUE FROM VALUE DATE(S)
NORMAL
................................................................
TEMPERATURE (F)
RECORD
HIGH 93 10/02/1927
LOW 19 10/28/1936
HIGHEST 84 10/03 76 10/06
LOWEST 31 10/31 28 10/30
AVG. MAXIMUM 65.8 63.1 2.7 62.6
AVG. MINIMUM 47.2 42.8 4.4 41.0
MEAN 56.5 53.0 3.5 51.8
DAYS MAX >= 90 0 0.0 0.0 0
DAYS MAX <= 32 0 0.0 0.0 0
DAYS MIN <= 32 1 2.9 -1.9 6
DAYS MIN <= 0 0 0.0 0.0 0
PRECIPITATION (INCHES)
RECORD
MAXIMUM 9.60 1990
MINIMUM 0.19 1963
TOTALS 2.67 3.70 -1.03 3.08
DAILY AVG. 0.09 0.12 -0.03 0.10
DAYS >= .01 10 10.7 -0.7 8
DAYS >= .10 4 6.1 -2.1 6
DAYS >= .50 3 2.5 0.5 3
DAYS >= 1.00 0 0.8 -0.8 0
GREATEST
24 HR. TOTAL 0.92 10/14 TO 10/14 0.99 10/01 TO 10/02
SNOWFALL (INCHES)
RECORDS
TOTAL 2.0 1925
TOTALS 0.0 0.1 -0.1 0.0
SINCE 7/1 0.0 0.1 -0.1 MM
SNOWDEPTH AVG. 0 0
DAYS >= 1.0 0 0.1 -0.1 0
GREATEST
SNOW DEPTH 0 0 MM
24 HR TOTAL MM MM
DEGREE DAYS
HEATING TOTAL 285 382 -97 403
SINCE 7/1 345 481 -136 MM
COOLING TOTAL 28 9 19 0
SINCE 1/1 864 798 66 MM
................................................................
WIND (MPH)
AVERAGE WIND SPEED 5.0
HIGHEST WIND SPEED/DIRECTION 24/160 DATE 10/20
24/270 10/21
24/290 10/22
HIGHEST GUST SPEED/DIRECTION 37/160 DATE 10/20
SKY COVER
POSSIBLE SUNSHINE (PERCENT) MM
AVERAGE SKY COVER 0.57
NUMBER OF DAYS FAIR 8
NUMBER OF DAYS PC 11
NUMBER OF DAYS CLOUDY 12
WEATHER CONDITIONS. NUMBER OF DAYS WITH
THUNDERSTORM 3 MIXED PRECIP 0
HEAVY RAIN 3 RAIN 7
LIGHT RAIN 13 FREEZING RAIN 0
LT FREEZING RAIN 0 HAIL 0
HEAVY SNOW 0 SNOW 0
LIGHT SNOW 0 SLEET 0
FOG 18 FOG W/VIS <= 1/4 MILE 6
HAZE 1
- INDICATES NEGATIVE NUMBERS.
R INDICATES RECORD WAS SET OR TIED.
MM INDICATES DATA IS MISSING.
T INDICATES TRACE AMOUNT.
$$