000
CXUS51 KCTP 010725
CLSIPT
CLIMATE REPORT
NATIONAL WEATHER SERVICE STATE COLLEGE PA
325 AM EDT FRI SEP 01 2023
...................................
...THE WILLIAMSPORT PA CLIMATE SUMMARY FOR THE SEASON, FROM
6/1/2023 TO 8/31/2023...
CLIMATE NORMAL PERIOD 1991 TO 2020
CLIMATE RECORD PERIOD 1895 TO 2023
WEATHER OBSERVED NORMAL DEPART LAST YEAR`S
VALUE DATE(S) VALUE FROM VALUE DATE(S)
NORMAL
................................................................
TEMPERATURE (F)
RECORD
HIGH 106 07/09/1936
LOW 36 06/03/1986
06/01/1945
06/03/1929
HIGHEST 96 06/02 98 07/24
LOWEST 41 06/08 45 06/20
AVG. MAXIMUM 82.3 82.7 -0.4 85.8
AVG. MINIMUM 61.2 60.7 0.5 61.6
MEAN 71.8 71.7 0.1 73.7
DAYS MAX >= 90 8 14.3 -6.3 24
DAYS MAX <= 32 0 0.0 0.0 0
DAYS MIN <= 32 0 0.0 0.0 0
DAYS MIN <= 0 0 0.0 0.0 0
PRECIPITATION (INCHES)
RECORD
MAXIMUM 23.73 2018
MINIMUM 6.00 1909
TOTALS 21.81 12.66 9.15 7.43
DAILY AVG. 0.24 0.14 0.10 0.08
DAYS >= .01 40 34.2 5.8 31
DAYS >= .10 31 22.1 8.9 18
DAYS >= .50 15 8.3 6.7 7
DAYS >= 1.00 7 3.1 3.9 0
GREATEST
24 HR. TOTAL 3.30 0MM15 TO 07/16 1.37
STORM TOTAL 2.45 0.73
(MM/DD(HH)) MM
SNOWFALL (INCHES)
RECORDS
TOTAL MM MM
24 HR TOTAL MM
SNOW DEPTH MM MM
TOTALS 0.0 0.0 0.0 0.0
LIQUID EQUIV 0.00 0.00 0.00 0.00
SINCE 7/1 0.0 0.0 0.0 MM
LIQUID 7/1 0.00 0.00 0.00 MM
SNOWDEPTH AVG. 0 0
DAYS >= TRACE 0 0.0 0.0 0
DAYS >= 1.0 0 0.0 0.0 0
GREATEST
SNOW DEPTH 0 0 MM
24 HR TOTAL MM MM
STORM TOTAL 0.0 0.0
(MM/DD(HH)) MM
DEGREE DAYS
HEATING TOTAL 26 35 -9 7
SINCE 7/1 0 3 -3 MM
COOLING TOTAL 674 654 20 838
SINCE 1/1 712 709 3 MM
FREEZE DATES
RECORD
EARLIEST 09/22/1904
LATEST 05/25/1956
EARLIEST 03/01
LATEST 05/14
................................................................
WIND (MPH)
AVERAGE WIND SPEED 5.1
RESULTANT WIND SPEED/DIRECTION 1/260
HIGHEST WIND SPEED/DIRECTION 46/290 DATE 07/06
HIGHEST GUST SPEED/DIRECTION 58/290 DATE 07/06
SKY COVER
POSSIBLE SUNSHINE (PERCENT) MM
AVERAGE SKY COVER 0.48
NUMBER OF DAYS FAIR 33
NUMBER OF DAYS PC 43
NUMBER OF DAYS CLOUDY 16
WEATHER CONDITIONS. NUMBER OF DAYS WITH
THUNDERSTORM 28 MIXED PRECIP 0
HEAVY RAIN 25 RAIN 26
LIGHT RAIN 43 FREEZING RAIN 0
LT FREEZING RAIN 0 HAIL 0
HEAVY SNOW 0 SNOW 0
LIGHT SNOW 0 SLEET 0
FOG 49 FOG W/VIS <= 1/4 MILE 6
HAZE 28
- INDICATES NEGATIVE NUMBERS.
R INDICATES RECORD WAS SET OR TIED.
MM INDICATES DATA IS MISSING.
T INDICATES TRACE AMOUNT.
$$