000
CXUS51 KOKX 010910
CF6ISP
PRELIMINARY LOCAL CLIMATOLOGICAL DATA (WS FORM: F-6)
STATION: ISLIP NY
MONTH: SEPTEMBER
YEAR: 2021
LATITUDE: 40 47 N
LONGITUDE: 73 6 W
TEMPERATURE IN F: :PCPN: SNOW: WIND :SUNSHINE: SKY :PK WND
================================================================================
1 2 3 4 5 6A 6B 7 8 9 10 11 12 13 14 15 16 17 18
12Z AVG MX 2MIN
DY MAX MIN AVG DEP HDD CDD WTR SNW DPTH SPD SPD DIR MIN PSBL S-S WX SPD DR
================================================================================
1 77 68 73 2 0 8 1.53 0.0 0 9.7 26 140 M M 10 13 37 140
2 76 62 69 -2 0 4 1.10 0.0 0 16.1 30 20 M M 5 13 42 10
3 75 57 66 -5 0 1 0.00 0.0 0 7.9 16 320 M M 3 30 320
4 79 56 68 -2 0 3 0.00 0.0 0 7.0 15 230 M M 3 20 320
5 75 63 69 -1 0 4 0.08 0.0 0 9.0 18 190 M M 7 1 23 170
6 84 65 75 5 0 10 T 0.0 0 8.1 17 290 M M 5 22 290
7 80 60 70 0 0 5 0.00 0.0 0 6.9 15 220 M M 2 19 250
8 80 68 74 4 0 9 0.00 0.0 0 12.1 23 190 M M 5 33 170
9 75 67 71 2 0 6 0.43 0.0 0 5.3 18 170 M M 9 13 23 170
10 75 59 67 -2 0 2 0.00 0.0 0 10.4 23 330 M M 3 31 330
11 76 54 65 -4 0 0 0.00 0.0 0 7.8 17 200 M M 2 23 190
12 79 67 73 5 0 8 0.00 0.0 M 12.3 21 220 M M 5 26 230
13 85 69 77 9 0 12 0.05 0.0 0 9.2 25 280 M M 6 3 32 290
14 78 65 72 4 0 7 0.00 0.0 M 6.7 12 130 M M 6 16 160
15 81 72 77 10 0 12 0.00 0.0 0 12.3 23 190 M M 7 29 190
16 81 69 75 8 0 10 T 0.0 M 9.1 17 20 M M 9 3 20 30
17 75 68 72 5 0 7 0.02 0.0 0 9.6 16 40 M M 9 1 20 30
18 84 68 76 10 0 11 0.00 0.0 0 7.7 16 40 M M 6 21 360
19 76 58 67 1 0 2 0.00 0.0 0 8.2 20 10 M M 2 25 10
20 75 57 66 0 0 1 0.00 0.0 0 5.2 15 140 M M 4 21 160
21 78 55 67 2 0 2 0.00 0.0 0 6.2 18 130 M M 6 22 130
22 80 70 75 10 0 10 0.00 0.0 0 11.6 17 140 M M 9 23 140
23 81 68 75 11 0 10 0.70 0.0 0 15.1 25 130 M M 8 13 32 120
24 72 57 65 1 0 0 1.23 0.0 0 5.3 16 320 M M 8 13 20 340
25 76 55 66 2 0 1 0.00 0.0 0 2.4 12 240 M M 4 15 240
26 73 58 66 3 0 1 0.00 0.0 0 9.4 22 300 M M 2 29 280
27 76 57 67 4 0 2 0.00 0.0 0 10.8 24 220 M M 5 32 220
28 77 61 69 7 0 4 0.08 0.0 0 8.5 20 340 M M 6 138 24 350
29 69 54 62 0 3 0 T 0.0 0 9.6 18 340 M M 4 24 350
30 67 53 60 -2 5 0 0.00 0.0 0 7.9 17 340 M M 7 23 330
================================================================================
SM 2315 1860 8 152 5.22 0.0 267.4 M 167
================================================================================
AV 77.2 62.0 8.9 FASTST M M 6 MAX(MPH)
MISC ----> 30 20 42 10
================================================================================
NOTES:
# LAST OF SEVERAL OCCURRENCES
COLUMN 17 PEAK WIND IN M.P.H.
PRELIMINARY LOCAL CLIMATOLOGICAL DATA (WS FORM: F-6) , PAGE 2
STATION: ISLIP NY
MONTH: SEPTEMBER
YEAR: 2021
LATITUDE: 40 47 N
LONGITUDE: 73 6 W
[TEMPERATURE DATA] [PRECIPITATION DATA] SYMBOLS USED IN COLUMN 16
AVERAGE MONTHLY: 69.6 TOTAL FOR MONTH: 5.22 1 = FOG OR MIST
DPTR FM NORMAL: 2.7 DPTR FM NORMAL: 1.62 2 = FOG REDUCING VISIBILITY
HIGHEST: 85 ON 13 GRTST 24HR 2.63 ON 1- 2 TO 1/4 MILE OR LESS
LOWEST: 53 ON 30 3 = THUNDER
SNOW, ICE PELLETS, HAIL 4 = ICE PELLETS
TOTAL MONTH: 0.0 INCH 5 = HAIL
GRTST 24HR 0.0 6 = FREEZING RAIN OR DRIZZLE
GRTST DEPTH: 0 7 = DUSTSTORM OR SANDSTORM:
VSBY 1/2 MILE OR LESS
8 = SMOKE OR HAZE
[NO. OF DAYS WITH] [WEATHER - DAYS WITH] 9 = BLOWING SNOW
X = TORNADO
MAX 32 OR BELOW: 0 0.01 INCH OR MORE: 9
MAX 90 OR ABOVE: 0 0.10 INCH OR MORE: 5
MIN 32 OR BELOW: 0 0.50 INCH OR MORE: 4
MIN 0 OR BELOW: 0 1.00 INCH OR MORE: 3
[HDD (BASE 65) ]
TOTAL THIS MO. 8 CLEAR (SCALE 0-3) 7
DPTR FM NORMAL -45 PTCLDY (SCALE 4-7) 17
TOTAL FM JUL 1 11 CLOUDY (SCALE 8-10) 6
DPTR FM NORMAL -45
[CDD (BASE 65) ]
TOTAL THIS MO. 152
DPTR FM NORMAL 44 [PRESSURE DATA]
TOTAL FM JAN 1 1030 HIGHEST SLP M ON M
DPTR FM NORMAL 158 LOWEST SLP 29.46 ON 1
[REMARKS]
#FINAL-09-21#