000
CXUS53 KGRB 020126
CF6ISW
PRELIMINARY LOCAL CLIMATOLOGICAL DATA (WS FORM: F-6)
STATION: WISCONSIN RAPIDS ASOS
MONTH: DECEMBER
YEAR: 2021
LATITUDE: 44 22 N
LONGITUDE: 89 50 W
TEMPERATURE IN F: :PCPN: SNOW: WIND :SUNSHINE: SKY :PK WND
================================================================================
1 2 3 4 5 6A 6B 7 8 9 10 11 12 13 14 15 16 17 18
12Z AVG MX 2MIN
DY MAX MIN AVG DEP HDD CDD WTR SNW DPTH SPD SPD DIR MIN PSBL S-S WX SPD DR
================================================================================
1 48 28 38 11 27 0 0.06 0.9 1 7.6 15 250 M M 4 1 22 250
2 48 32 40 13 25 0 0.00 0.0 0 9.6 23 300 M M 2 36 300
3 36 31 34 8 31 0 0.12 1.1 1 4.0 14 280 M M 10 1 21 290
4 35 25 30 4 35 0 0.00 0.0 T 8.1 18 310 M M 5 29 320
5 32 25 29 3 36 0 0.20 1.5 1 9.9 21 100 M M 10 16 31 270
6 31 1 16 -9 49 0 T T 1 15.7 29 300 M M 7 1 43 310
7 15 -2 7 -18 58 0 0.06 1.2 1 3.5 9 140 M M 8 1 13 210
8 23 5 14 -10 51 0 T T 1 3.8 9 130 M M 5 1 15 130
9 32 20 26 2 39 0 0.04 1.0 2 6.3 18 130 M M 7 1 27 140
10 32 23 28 4 37 0 0.65 4.5 6 8.6 18 60 M M 8 1 30 50
11 34 18 26 3 39 0 M M 5 13.1 26 300 M M 5 1 38 320
12 40 18 29 6 36 0 0.00 0.0 5 8.2 21 220 M M 0 29 210
13 45 22 34 12 31 0 0.00 0.0 4 3.9 13 220 M M 0 18 220
14 41 25 33 11 32 0 0.00 0.0 4 10.5 21 110 M M 4 1 30 100
15 63 39 51 29 14 0 0.03 0.0 3 7.0 45 220 M M 10 123 69 220
16 62 19 41 19 24 0 T 0.0 0 17.4 51 210 M M 5 23 74 200
17 24 13 19 -2 46 0 0.00 0.0 0 7.4 15 280 M M 2 23 270
18 28 14 21 0 44 0 T T 0 7.2 13 330 M M 9 1 19 340
19 28 8 18 -3 47 0 0.00 0.0 0 6.9 20 210 M M 3 26 200
20 36 14 25 5 40 0 0.00 0.0 0 9.4 17 320 M M 1 24 320
21 25 14 20 0 45 0 T T 0 11.2 23 300 M M 7 38 300
22 19 4 12 -8 53 0 T 0.0 0 6.5 21 310 M M 3 31 310
23 38 17 28 8 37 0 T T 0 4.3 12 140 M M 3 1 16 110
24 42 18 30 11 35 0 0.01 0.0 0 5.2 14 160 M M 6 12 20 160
25 36 20 28 9 37 0 0.00 0.0 0 5.6 14 360 M M 4 1 19 330
26 31 17 24 5 41 0 M M M 9.3 23 100 M M 4 12 34 110
27 35 13 24 6 41 0 0.31 3.5 4 11.2 25 90 M M 6 16 37 100
28 24 12 18 0 47 0 T M M 6.5 14 90 M M 7 12 22 70
29 23 5 14 -4 51 0 T M M 7.5 18 300 M M 5 1 25 300
30 26 7 17 -1 48 0 M M M 3.7 12 220 M M 10 1 16 130
31 27 18 23 5 42 0 0.00 0.0 M 5.0 14 350 M M 9 18 18 340
================================================================================
SM 1059 523 1218 0 1.48 13.7 244.1 M 169
================================================================================
AV 34.2 16.9 7.9 FASTST M M 5 MAX(MPH)
MISC ----> 51 210 74 200
================================================================================
NOTES:
# LAST OF SEVERAL OCCURRENCES
COLUMN 17 PEAK WIND IN M.P.H.
PRELIMINARY LOCAL CLIMATOLOGICAL DATA (WS FORM: F-6) , PAGE 2
STATION: WISCONSIN RAPIDS ASOS
MONTH: DECEMBER
YEAR: 2021
LATITUDE: 44 22 N
LONGITUDE: 89 50 W
[TEMPERATURE DATA] [PRECIPITATION DATA] SYMBOLS USED IN COLUMN 16
AVERAGE MONTHLY: 25.5 TOTAL FOR MONTH: 1.48 1 = FOG OR MIST
DPTR FM NORMAL: 3.6 DPTR FM NORMAL: 0.26 2 = FOG REDUCING VISIBILITY
HIGHEST: 63 ON 15 GRTST 24HR 0.65 ON 10-10 TO 1/4 MILE OR LESS
LOWEST: -2 ON 7 3 = THUNDER
SNOW, ICE PELLETS, HAIL 4 = ICE PELLETS
TOTAL MONTH: 13.7 INCHES 5 = HAIL
GRTST 24HR 4.5 ON 10-10 6 = FREEZING RAIN OR DRIZZLE
GRTST DEPTH: 6 ON 10 7 = DUSTSTORM OR SANDSTORM:
VSBY 1/2 MILE OR LESS
8 = SMOKE OR HAZE
[NO. OF DAYS WITH] [WEATHER - DAYS WITH] 9 = BLOWING SNOW
X = TORNADO
MAX 32 OR BELOW: 16 0.01 INCH OR MORE: 9
MAX 90 OR ABOVE: 0 0.10 INCH OR MORE: 4
MIN 32 OR BELOW: 30 0.50 INCH OR MORE: 1
MIN 0 OR BELOW: 1 1.00 INCH OR MORE: 0
[HDD (BASE 65) ]
TOTAL THIS MO. 1218 CLEAR (SCALE 0-3) 5
DPTR FM NORMAL -120 PTCLDY (SCALE 4-7) 19
TOTAL FM JUL 1 2579 CLOUDY (SCALE 8-10) 7
DPTR FM NORMAL -465
[CDD (BASE 65) ]
TOTAL THIS MO. 0
DPTR FM NORMAL 0 [PRESSURE DATA]
TOTAL FM JAN 1 672 HIGHEST SLP 30.39 ON 14
DPTR FM NORMAL 170 LOWEST SLP 29.21 ON 15
[REMARKS]
#FINAL-12-21#