000
CXUS52 TJSJ 012129
CF6ISX
PRELIMINARY LOCAL CLIMATOLOGICAL DATA (WS FORM: F-6)
STATION: HENRY E. ROHLSEN AP/ST CROIX
MONTH: SEPTEMBER
YEAR: 2020
LATITUDE: 17 42 N
LONGITUDE: 64 48 W
TEMPERATURE IN F: :PCPN: SNOW: WIND :SUNSHINE: SKY :PK WND
================================================================================
1 2 3 4 5 6A 6B 7 8 9 10 11 12 13 14 15 16 17 18
12Z AVG MX 2MIN
DY MAX MIN AVG DEP HDD CDD WTR SNW DPTH SPD SPD DIR MIN PSBL S-S WX SPD DR
================================================================================
1 90 79 85 1 0 20 0.41 0.0 0 9.7 23 80 M M 3 18 28 80
2 91 80 86 2 0 21 0.01 0.0 0 12.3 23 100 M M 4 8 27 80
3 90 78 84 0 0 19 0.03 0.0 0 7.7 23 70 M M 3 8 27 70
4 91 81 86 2 0 21 T 0.0 0 11.9 22 100 M M 2 28 80
5 90 80 85 1 0 20 T 0.0 0 11.0 20 100 M M 2 24 110
6 90 79 85 1 0 20 T 0.0 0 8.3 16 110 M M 4 19 100
7 90 78 84 0 0 19 0.00 0.0 0 8.1 15 110 M M 3 19 100
8 90 77 84 0 0 19 0.08 0.0 0 7.7 22 90 M M 4 18 25 90
9 91 79 85 2 0 20 0.09 0.0 0 9.4 18 90 M M 3 22 90
10 90 77 84 1 0 19 0.01 0.0 0 8.0 17 80 M M 3 21 90
11 88 76 82 -1 0 17 0.24 0.0 0 6.1 17 60 M M 4 8 22 60
12 90 77 84 1 0 19 T 0.0 0 6.5 16 80 M M 3 18 70
13 91 78 85 2 0 20 0.01 0.0 0 6.9 14 130 M M 3 20 120
14 91 80 86 3 0 21 0.00 0.0 0 8.4 17 100 M M 4 21 110
15 91 79 85 2 0 20 0.00 0.0 0 8.5 17 100 M M 2 23 120
16 94 79 87 4 0 22 T 0.0 0 8.7 18 70 M M 3 27 70
17 91 81 86 3 0 21 0.17 0.0 0 8.1 20 100 M M 3 24 350
18 92 76 84 1 0 19 0.00 0.0 0 5.5 13 60 M M 3 17 50
19 89 77 83 0 0 18 0.25 0.0 0 3.9 13 330 M M 3 1 16 320
20 90 76 83 0 0 18 0.00 0.0 0 4.8 10 190 M M 2 14 180
21 90 77 84 1 0 19 T 0.0 0 4.2 9 190 M M 3 13 170
22 92 78 85 2 0 20 0.21 0.0 0 5.8 20 200 M M 4 18 29 190
23 91 79 85 2 0 20 0.01 0.0 0 6.0 14 140 M M 3 17 130
24 90 78 84 1 0 19 0.17 0.0 0 5.9 18 60 M M 4 18 22 60
25 91 79 85 2 0 20 0.74 0.0 0 6.1 14 50 M M 3 1 19 50
26 91 77 84 1 0 19 0.01 0.0 0 9.4 18 60 M M 4 23 50
27 91 76 84 1 0 19 0.48 0.0 0 8.9 30 90 M M 4 8 37 100
28 90 74 82 -1 0 17 0.53 0.0 0 10.4 23 40 M M 6 1 30 60
29 90 76 83 0 0 18 0.02 0.0 0 11.9 23 110 M M 4 30 100
30 90 73 82 -1 0 17 0.77 0.0 0 12.1 33 120 M M 5 18 46 130
================================================================================
SM 2716 2334 0 581 4.24 0.0 242.2 M 101
================================================================================
AV 90.5 77.8 8.1 FASTST M M 3 MAX(MPH)
MISC ----> # 33 120 # 46 130
================================================================================
NOTES:
# LAST OF SEVERAL OCCURRENCES
COLUMN 17 PEAK WIND IN M.P.H.
PRELIMINARY LOCAL CLIMATOLOGICAL DATA (WS FORM: F-6) , PAGE 2
STATION: HENRY E. ROHLSEN AP/ST CROIX
MONTH: SEPTEMBER
YEAR: 2020
LATITUDE: 17 42 N
LONGITUDE: 64 48 W
[TEMPERATURE DATA] [PRECIPITATION DATA] SYMBOLS USED IN COLUMN 16
AVERAGE MONTHLY: 84.2 TOTAL FOR MONTH: 4.24 1 = FOG OR MIST
DPTR FM NORMAL: 1.1 DPTR FM NORMAL: -0.62 2 = FOG REDUCING VISIBILITY
HIGHEST: 94 ON 16 GRTST 24HR 0.77 ON 31- 1 TO 1/4 MILE OR LESS
LOWEST: 73 ON 30 3 = THUNDER
SNOW, ICE PELLETS, HAIL 4 = ICE PELLETS
TOTAL MONTH: 0.0 INCH 5 = HAIL
GRTST 24HR 0.0 6 = FREEZING RAIN OR DRIZZLE
GRTST DEPTH: 0 7 = DUSTSTORM OR SANDSTORM:
VSBY 1/2 MILE OR LESS
8 = SMOKE OR HAZE
[NO. OF DAYS WITH] [WEATHER - DAYS WITH] 9 = BLOWING SNOW
X = TORNADO
MAX 32 OR BELOW: 0 0.01 INCH OR MORE: 19
MAX 90 OR ABOVE: 28 0.10 INCH OR MORE: 10
MIN 32 OR BELOW: 0 0.50 INCH OR MORE: 3
MIN 0 OR BELOW: 0 1.00 INCH OR MORE: 0
[HDD (BASE 65) ]
TOTAL THIS MO. 0 CLEAR (SCALE 0-3) 15
DPTR FM NORMAL 0 PTCLDY (SCALE 4-7) 15
TOTAL FM JUL 1 0 CLOUDY (SCALE 8-10) 0
DPTR FM NORMAL 0
[CDD (BASE 65) ]
TOTAL THIS MO. 581
DPTR FM NORMAL 37 [PRESSURE DATA]
TOTAL FM JAN 1 4740 HIGHEST SLP 30.06 ON 25
DPTR FM NORMAL 343 LOWEST SLP 29.80 ON 7
[REMARKS]
#FINAL-09-20#