000
CXHW53 PHFO 011614
CLMITO
CLIMATE REPORT
NATIONAL WEATHER SERVICE HONOLULU HI
614 AM HST MON APR 01 2024
...................................
...THE HILO HI CLIMATE SUMMARY FOR THE MONTH OF MARCH 2024...
CLIMATE NORMAL PERIOD 1991 TO 2020
CLIMATE RECORD PERIOD 1949 TO 2024
WEATHER OBSERVED NORMAL DEPART LAST YEAR`S
VALUE DATE(S) VALUE FROM VALUE DATE(S)
NORMAL
................................................................
TEMPERATURE (F)
RECORD
HIGH 93 03/23/1972
LOW 54 03/03/1983
HIGHEST 83 03/13 79 4 88 03/14
LOWEST 61 03/02 65 -4 62 03/05
AVG. MAXIMUM 78.5 78.5 -0.0 82.0
AVG. MINIMUM 65.3 65.2 0.1 66.6
MEAN 71.9 71.9 -0.0 74.3
DAYS MAX >= 93 0 0
DAYS MAX >= 90 0 0
DAYS MAX <= 80 28 9
DAYS MIN >= 72 0 0
DAYS MIN <= 60 0 0
DAYS MIN <= 55 0 0
PRECIPITATION (INCHES)
RECORD
MAXIMUM 49.93 1980
MINIMUM 0.88 1972
TOTALS 15.80 12.68 3.12 7.40
DAILY AVG. 0.51 0.41 0.10 0.24
DAYS >= .01 30 21.8 8.2 17
DAYS >= .10 18 14.9 3.1 12
DAYS >= .50 7 6.4 0.6 5
DAYS >= 1.00 6 3.2 2.8 3
GREATEST
24 HR. TOTAL 3.96 03/07 TO 03/08 1.71
DEGREE DAYS
HEATING TOTAL 0 0 0 0
SINCE 7/1 0 0 0 MM
COOLING TOTAL 221 212 9 298
SINCE 1/1 654 585 69 MM
................................................................
WIND (MPH)
AVERAGE WIND SPEED 6.8
HIGHEST WIND SPEED/DIRECTION 25/350 DATE 03/15
HIGHEST GUST SPEED/DIRECTION 34/350 DATE 03/15
SKY COVER
POSSIBLE SUNSHINE (PERCENT) MM
AVERAGE SKY COVER 0.80
NUMBER OF DAYS FAIR 0
NUMBER OF DAYS PC 8
NUMBER OF DAYS CLOUDY 23
AVERAGE RH (PERCENT) 83
WEATHER CONDITIONS. NUMBER OF DAYS WITH
THUNDERSTORM MM MIXED PRECIP MM
HEAVY RAIN 14 RAIN 16
LIGHT RAIN 30 FREEZING RAIN MM
LT FREEZING RAIN MM HAIL MM
HEAVY SNOW MM SNOW MM
LIGHT SNOW MM SLEET MM
FOG 30 FOG W/VIS <= 1/4 MILE MM
HAZE 7
- INDICATES NEGATIVE NUMBERS.
R INDICATES RECORD WAS SET OR TIED.
MM INDICATES DATA IS MISSING.
T INDICATES TRACE AMOUNT.
$$