000
CXUS53 KGLD 020944
CLMITR
CLIMATE REPORT
NATIONAL WEATHER SERVICE
244 AM MST FRI FEB 02 2024
...................................
...THE BURLINGTON CO CLIMATE SUMMARY FOR THE MONTH OF JANUARY 2024...
CLIMATE NORMAL PERIOD: 1991 TO 2020
CLIMATE RECORD PERIOD: 1896 TO 2024
WEATHER OBSERVED NORMAL DEPART LAST YEAR`S
VALUE DATE(S) VALUE FROM VALUE DATE(S)
NORMAL
................................................................
TEMPERATURE (F)
RECORD
HIGH 79 01/27/1951
LOW -25 01/04/1959
HIGHEST 63 01/31 66 -3 55 01/13
LOWEST -17 01/15 -16 -9 01/30
01/16
01/31
AVG. MAXIMUM 35.6 43.5 -7.9 34.8
AVG. MINIMUM 12.7 17.3 -4.6 15.2
MEAN 24.2 30.4 -6.2 25.0
DAYS MAX >= 90 0 0.0 0.0 0
DAYS MAX <= 32 12 6.0 6.0 16
DAYS MIN <= 32 31 30.5 0.5 31
DAYS MIN <= 0 5 1.8 3.2 3
PRECIPITATION (INCHES)
RECORD
MAXIMUM 1.77 1960
MINIMUM 0.00 2007
TOTALS 0.27 0.19 0.08 1.07
DAILY AVG. 0.01 0.01 0.00 0.03
DAYS >= .01 5 2.5 2.5 5
DAYS >= .10 1 0.6 0.4 4
DAYS >= .50 0 0.0 0.0 0
DAYS >= 1.00 0 0.0 0.0 0
GREATEST
24 HR. TOTAL 0.12 01/15 TO 01/15 0.31
STORM TOTAL 0.12
(MM/DD(HH))
................................................................
- INDICATES NEGATIVE NUMBERS.
R INDICATES RECORD WAS SET OR TIED.
MM INDICATES DATA IS MISSING.
T INDICATES TRACE AMOUNT.
$$