661
CXUS55 KEAX 010836
CF6IXD
PRELIMINARY LOCAL CLIMATOLOGICAL DATA (WS FORM: F-6)
STATION: NEW CENTURY AIR CENTER KS
MONTH: JANUARY
YEAR: 2021
LATITUDE: 38 49 N
LONGITUDE: 94 54 W
TEMPERATURE IN F: :PCPN: SNOW: WIND :SUNSHINE: SKY :PK WND
================================================================================
1 2 3 4 5 6A 6B 7 8 9 10 11 12 13 14 15 16 17 18
12Z AVG MX 2MIN
DY MAX MIN AVG DEP HDD CDD WTR SNW DPTH SPD SPD DIR MIN PSBL S-S WX SPD DR
================================================================================
1 31 23 27 -2 38 0 0.51 M M 13.7 23 340 M M 9 16 29 20
2 32 21 27 -2 38 0 0.00 M M 3.8 10 320 M M 6 128 13 330
3 32 22 27 -2 38 0 0.00 M M 7.8 14 190 M M 10 12 18 190
4 45 27 36 7 29 0 0.00 M M 7.6 18 310 M M 5 12 24 310
5 50 23 37 8 28 0 0.00 M M 7.2 15 130 M M 1 20 130
6 42 38 40 11 25 0 0.41 M M 9.5 16 140 M M 8 1 22 120
7 38 31 35 6 30 0 0.05 M M 9.1 15 50 M M 10 18 21 50
8 38 20 29 0 36 0 0.00 M M 6.8 15 360 M M 4 18 19 360
9 35 22 29 0 36 0 0.00 M M 7.3 13 360 M M 6 18 17 340
10 35 24 30 1 35 0 0.00 M M 7.4 13 340 M M 7 1 23 360
11 45 28 37 8 28 0 0.00 M M 8.4 16 220 M M 4 21 210
12 53 26 40 11 25 0 0.00 M M 11.3 17 200 M M 0 23 200
13 54 28 41 12 24 0 0.00 M M 12.1 24 200 M M 0 30 200
14 50 37 44 15 21 0 T M M 18.1 35 320 M M 4 47 310
15 38 30 34 5 31 0 M M M 20.7 37 310 M M 10 1 53 290
16 36 28 32 3 33 0 0.00 M M 9.7 20 310 M M 7 27 310
17 43 19 31 2 34 0 0.00 M M 7.7 21 300 M M 4 28 280
18 47 21 34 5 31 0 0.00 M M 5.6 14 20 M M 4 16 30
19 46 20 33 4 32 0 0.00 M M 7.7 21 280 M M 2 12 32 250
20 51 20 36 6 29 0 0.00 M M 11.9 33 210 M M 0 46 200
21 57 24 41 11 24 0 0.00 M M 5.8 16 20 M M 0 22 10
22 37 21 29 -1 36 0 0.00 M M 7.2 16 360 M M 0 20 10
23 40 21 31 1 34 0 T M M 10.5 20 130 M M 5 27 140
24 40 36 38 8 27 0 0.03 M M 7.7 15 70 M M 10 18 20 70
25 36 32 34 4 31 0 0.69 M M 10.4 21 70 M M 10 1 30 80
26 32 23 28 -2 37 0 T M M 10.7 17 340 M M 10 1 22 340
27 27 23 25 -5 40 0 0.03 M M 7.2 13 320 M M 10 1 18 310
28 35 25 30 0 35 0 0.00 M M 9.0 17 150 M M 7 23 150
29 50 28 39 9 26 0 0.00 M M 13.7 22 160 M M 0 34 170
30 49 34 42 11 23 0 0.87 M M 13.4 26 330 M M 7 1 36 330
31 35 29 32 1 33 0 0.00 M M 18.1 26 330 M M 10 18 37 340
================================================================================
SM 1279 804 967 0 2.59 M 307.1 M 170
================================================================================
AV 41.3 25.9 9.9 FASTST M M 5 MAX(MPH)
MISC ----> 37 310 53 290
================================================================================
NOTES:
# LAST OF SEVERAL OCCURRENCES
COLUMN 17 PEAK WIND IN M.P.H.
PRELIMINARY LOCAL CLIMATOLOGICAL DATA (WS FORM: F-6) , PAGE 2
STATION: NEW CENTURY AIR CENTER KS
MONTH: JANUARY
YEAR: 2021
LATITUDE: 38 49 N
LONGITUDE: 94 54 W
[TEMPERATURE DATA] [PRECIPITATION DATA] SYMBOLS USED IN COLUMN 16
AVERAGE MONTHLY: 33.6 TOTAL FOR MONTH: 2.59 1 = FOG OR MIST
DPTR FM NORMAL: 4.1 DPTR FM NORMAL: 1.46 2 = FOG REDUCING VISIBILITY
HIGHEST: 57 ON 21 GRTST 24HR 0.87 ON 30-30 TO 1/4 MILE OR LESS
LOWEST: 19 ON 17 3 = THUNDER
SNOW, ICE PELLETS, HAIL 4 = ICE PELLETS
TOTAL MONTH: M 5 = HAIL
GRTST 24HR M ON M 6 = FREEZING RAIN OR DRIZZLE
GRTST DEPTH: M ON M 7 = DUSTSTORM OR SANDSTORM:
VSBY 1/2 MILE OR LESS
8 = SMOKE OR HAZE
[NO. OF DAYS WITH] [WEATHER - DAYS WITH] 9 = BLOWING SNOW
X = TORNADO
MAX 32 OR BELOW: 5 0.01 INCH OR MORE: 7
MAX 90 OR ABOVE: 0 0.10 INCH OR MORE: 4
MIN 32 OR BELOW: 27 0.50 INCH OR MORE: 3
MIN 0 OR BELOW: 0 1.00 INCH OR MORE: 0
[HDD (BASE 65) ]
TOTAL THIS MO. 967 CLEAR (SCALE 0-3) 8
DPTR FM NORMAL -133 PTCLDY (SCALE 4-7) 13
TOTAL FM JUL 1 2796 CLOUDY (SCALE 8-10) 10
DPTR FM NORMAL -334
[CDD (BASE 65) ]
TOTAL THIS MO. 0
DPTR FM NORMAL 0 [PRESSURE DATA]
TOTAL FM JAN 1 0 HIGHEST SLP 30.65 ON 28
DPTR FM NORMAL 0 LOWEST SLP 29.47 ON 30
[REMARKS]
#FINAL-01-21#