000
CXUS54 KJAN 011510
CF6JAN
PRELIMINARY LOCAL CLIMATOLOGICAL DATA (WS FORM: F-6)
STATION: JACKSON
MONTH: DECEMBER
YEAR: 2021
LATITUDE: 32 19 N
LONGITUDE: 90 5 W
TEMPERATURE IN F: :PCPN: SNOW: WIND :SUNSHINE: SKY :PK WND
================================================================================
1 2 3 4 5 6A 6B 7 8 9 10 11 12 13 14 15 16 17 18
12Z AVG MX 2MIN
DY MAX MIN AVG DEP HDD CDD WTR SNW DPTH SPD SPD DIR MIN PSBL S-S WX SPD DR
================================================================================
1 74 42 58 6 7 0 0.00 0.0 0 5.3 15 220 M M 0 22 250
2 77 47 62 11 3 0 0.00 0.0 0 3.4 14 250 M M 1 12 19 280
3 77 49 63 12 2 0 0.00 0.0 0 4.0 13 230 M M 2 12 18 180
4 77 52 65 14 0 0 0.00 0.0 0 3.3 12 280 M M 5 12 14 280
5 77 53 65 14 0 0 0.00 0.0 0 8.1 20 180 M M 5 12 27 160
6 72 45 59 8 6 0 1.13 0.0 0 10.7 31 270 M M 9 138 49 270
7 46 42 44 -6 21 0 T 0.0 0 5.2 15 50 M M 9 18 22 60
8 59 41 50 0 15 0 0.02 0.0 0 4.8 12 340 M M 5 1 15 330
9 69 41 55 5 10 0 T 0.0 0 7.5 14 170 M M 7 18 20 170
10 81 69 75 25 0 10 T 0.0 0 12.2 24 200 M M 9 1 33 200
11 74 44 59 9 6 0 1.14 0.0 0 11.2 22 310 M M 6 1 32 320
12 58 35 47 -3 18 0 0.00 0.0 0 5.4 15 20 M M 0 22 30
13 69 32 51 1 14 0 0.00 0.0 0 1.0 9 120 M M 0 13 120
14 77 48 63 14 2 0 0.00 0.0 0 4.6 12 150 M M 4 1 15 160
15 72 57 65 16 0 0 0.00 0.0 0 8.8 15 160 M M 6 1 20 150
16 78 64 71 22 0 6 0.00 0.0 0 9.2 16 190 M M 7 1 21 170
17 76 64 70 21 0 5 0.02 0.0 0 8.6 16 180 M M 9 1 22 160
18 79 50 65 16 0 0 0.17 0.0 0 8.0 21 340 M M 9 1 30 330
19 51 38 45 -4 20 0 T 0.0 0 10.0 17 340 M M 6 1 26 360
20 47 37 42 -6 23 0 0.27 0.0 0 5.0 16 50 M M 6 1 21 50
21 55 35 45 -3 20 0 0.00 0.0 0 4.6 13 340 M M 6 18 330
22 60 33 47 -1 18 0 0.00 0.0 0 2.2 13 360 M M 0 18 10
23 66 32 49 1 16 0 0.00 0.0 0 6.0 14 160 M M 0 19 160
24 76 49 63 15 2 0 0.00 0.0 0 12.6 25 190 M M 3 36 190
25 77 60 69 21 0 4 0.00 0.0 0 8.9 18 220 M M 7 31 220
26 78 63 71 23 0 6 0.00 0.0 0 7.9 15 180 M M 7 21 180
27 80 65 73 25 0 8 0.00 0.0 0 11.2 21 210 M M 8 29 240
28 79 63 71 23 0 6 0.26 0.0 0 11.1 21 190 M M 8 13 29 180
29 82 68 75 28 0 10 0.00 0.0 0 10.3 23 180 M M 7 1 32 170
30 80 63 72 25 0 7 0.02 0.0 0 3.8 12 140 M M 4 13 14 340
31 83 65 74 27 0 9 T 0.0 0 10.3 21 190 M M 5 1 27 200
================================================================================
SM 2206 1546 203 71 3.03 0.0 225.2 M 160
================================================================================
AV 71.2 49.9 7.3 FASTST M M 5 MAX(MPH)
MISC ----> 31 270 49 270
================================================================================
NOTES:
# LAST OF SEVERAL OCCURRENCES
COLUMN 17 PEAK WIND IN M.P.H.
PRELIMINARY LOCAL CLIMATOLOGICAL DATA (WS FORM: F-6) , PAGE 2
STATION: JACKSON
MONTH: DECEMBER
YEAR: 2021
LATITUDE: 32 19 N
LONGITUDE: 90 5 W
[TEMPERATURE DATA] [PRECIPITATION DATA] SYMBOLS USED IN COLUMN 16
AVERAGE MONTHLY: 60.5 TOTAL FOR MONTH: 3.03 1 = FOG OR MIST
DPTR FM NORMAL: 11.4 DPTR FM NORMAL: -2.10 2 = FOG REDUCING VISIBILITY
HIGHEST: 83 ON 31 GRTST 24HR 1.14 ON 11-11 TO 1/4 MILE OR LESS
LOWEST: 32 ON 23,13 3 = THUNDER
SNOW, ICE PELLETS, HAIL 4 = ICE PELLETS
TOTAL MONTH: 0.0 INCH 5 = HAIL
GRTST 24HR 0.0 6 = FREEZING RAIN OR DRIZZLE
GRTST DEPTH: 0 7 = DUSTSTORM OR SANDSTORM:
VSBY 1/2 MILE OR LESS
8 = SMOKE OR HAZE
[NO. OF DAYS WITH] [WEATHER - DAYS WITH] 9 = BLOWING SNOW
X = TORNADO
MAX 32 OR BELOW: 0 0.01 INCH OR MORE: 8
MAX 90 OR ABOVE: 0 0.10 INCH OR MORE: 5
MIN 32 OR BELOW: 2 0.50 INCH OR MORE: 2
MIN 0 OR BELOW: 0 1.00 INCH OR MORE: 2
[HDD (BASE 65) ]
TOTAL THIS MO. 203 CLEAR (SCALE 0-3) 8
DPTR FM NORMAL -297 PTCLDY (SCALE 4-7) 17
TOTAL FM JUL 1 598 CLOUDY (SCALE 8-10) 6
DPTR FM NORMAL -300
[CDD (BASE 65) ]
TOTAL THIS MO. 71
DPTR FM NORMAL 62 [PRESSURE DATA]
TOTAL FM JAN 1 2518 HIGHEST SLP 30.38 ON 14
DPTR FM NORMAL 115 LOWEST SLP 29.73 ON 28
[REMARKS]
#FINAL-12-21#