000
CXUS52 KJAX 010800
CF6JAX
PRELIMINARY LOCAL CLIMATOLOGICAL DATA (WS FORM: F-6)
STATION: JACKSONVILLE
MONTH: JULY
YEAR: 2023
LATITUDE: 30 30 N
LONGITUDE: 81 42 W
TEMPERATURE IN F: :PCPN: SNOW: WIND :SUNSHINE: SKY :PK WND
================================================================================
1 2 3 4 5 6A 6B 7 8 9 10 11 12 13 14 15 16 17 18
12Z AVG MX 2MIN
DY MAX MIN AVG DEP HDD CDD WTR SNW DPTH SPD SPD DIR MIN PSBL S-S WX SPD DR
================================================================================
1 94 72 83 1 0 18 0.00 0.0 0 4.6 15 130 M M 4 21 110
2 96 74 85 3 0 20 0.00 0.0 0 5.1 16 120 M M 5 22 120
3 98 76 87 5 0 22 T 0.0 0 4.6 22 20 M M 6 3 29 20
4 96 74 85 3 0 20 0.00 0.0 0 5.2 20 310 M M 7 13 33 320
5 98 77 88 6 0 23 T 0.0 0 6.0 18 70 M M 7 3 25 60
6 98 76 87 5 0 22 0.67 0.0 0 6.4 23 210 M M 7 13 36 220
7 93 74 84 2 0 19 2.03 0.0 0 6.7 37 130 M M 7 13 55 150
8 96 74 85 3 0 20 0.00 0.0 0 8.1 17 270 M M 5 24 270
9 93 76 85 3 0 20 0.06 0.0 0 9.3 36 260 M M 5 3 47 260
10 88 75 82 0 0 17 0.35 0.0 0 10.2 35 230 M M 8 13 52 230
11 92 76 84 1 0 19 T 0.0 0 5.7 14 90 M M 7 3 17 230
12 95 75 85 2 0 20 0.02 0.0 0 3.9 24 280 M M 7 123 31 280
13 96 75 86 3 0 21 0.00 0.0 0 4.9 16 230 M M 5 3 22 240
14 94 74 84 1 0 19 0.14 0.0 0 4.6 32 240 M M 7 13 43 230
15 94 76 85 2 0 20 T 0.0 0 9.2 23 240 M M 7 31 250
16 96 75 86 3 0 21 0.23 0.0 0 7.3 22 300 M M 8 13 32 300
17 94 76 85 2 0 20 0.18 0.0 0 4.6 30 310 M M 8 13 40 320
18 95 74 85 2 0 20 0.00 0.0 0 4.1 12 130 M M 4 8 15 130
19 98 75 87 4 0 22 0.00 0.0 0 4.7 15 130 M M 5 18 19 80
20 98 77 88 5 0 23 0.00 0.0 0 5.0 10 240 M M 4 18 300
21 98 77 88 5 0 23 0.00 0.0 0 8.2 18 270 M M 5 23 260
22 98 74 86 3 0 21 0.13 0.0 0 9.4 32 330 M M 7 13 45 340
23 93 73 83 0 0 18 0.38 0.0 0 5.1 30 270 M M 6 13 48 270
24 95 75 85 2 0 20 0.00 0.0 0 4.9 15 200 M M 7 20 200
25 94 73 84 1 0 19 0.05 0.0 0 3.5 18 130 M M 7 13 25 140
26 93 71 82 -1 0 17 0.00 0.0 0 4.7 15 60 M M 7 22 70
27 93 75 84 1 0 19 0.00 0.0 0 5.7 18 80 M M 8 22 80
28 87 76 82 -1 0 17 1.15 0.0 0 5.9 23 250 M M 8 13 29 250
29 93 74 84 1 0 19 0.03 0.0 0 4.9 21 280 M M 6 13 28 270
30 99 74 87 4 0 22 2.40 0.0 0 8.3 36 210 M M 6 13 53 220
31 91 73 82 -1 0 17 0.11 0.0 0 2.7 21 220 M M 9 13 28 210
================================================================================
SM 2936 2316 0 618 7.93 0.0 183.5 M 199
================================================================================
AV 94.7 74.7 5.9 FASTST M M 6 MAX(MPH)
MISC ----> 37 130 55 150
================================================================================
NOTES:
# LAST OF SEVERAL OCCURRENCES
COLUMN 17 PEAK WIND IN M.P.H.
PRELIMINARY LOCAL CLIMATOLOGICAL DATA (WS FORM: F-6) , PAGE 2
STATION: JACKSONVILLE
MONTH: JULY
YEAR: 2023
LATITUDE: 30 30 N
LONGITUDE: 81 42 W
[TEMPERATURE DATA] [PRECIPITATION DATA] SYMBOLS USED IN COLUMN 16
AVERAGE MONTHLY: 84.7 TOTAL FOR MONTH: 7.93 1 = FOG OR MIST
DPTR FM NORMAL: 2.2 DPTR FM NORMAL: 1.16 2 = FOG REDUCING VISIBILITY
HIGHEST: 99 ON 30 GRTST 24HR 2.40 ON 30-30 TO 1/4 MILE OR LESS
LOWEST: 71 ON 26 3 = THUNDER
SNOW, ICE PELLETS, HAIL 4 = ICE PELLETS
TOTAL MONTH: 0.0 INCH 5 = HAIL
GRTST 24HR 0.0 6 = FREEZING RAIN OR DRIZZLE
GRTST DEPTH: 0 7 = DUSTSTORM OR SANDSTORM:
VSBY 1/2 MILE OR LESS
8 = SMOKE OR HAZE
[NO. OF DAYS WITH] [WEATHER - DAYS WITH] 9 = BLOWING SNOW
X = TORNADO
MAX 32 OR BELOW: 0 0.01 INCH OR MORE: 15
MAX 90 OR ABOVE: 29 0.10 INCH OR MORE: 11
MIN 32 OR BELOW: 0 0.50 INCH OR MORE: 4
MIN 0 OR BELOW: 0 1.00 INCH OR MORE: 3
[HDD (BASE 65) ]
TOTAL THIS MO. 0 CLEAR (SCALE 0-3) 0
DPTR FM NORMAL 0 PTCLDY (SCALE 4-7) 29
TOTAL FM JUL 1 0 CLOUDY (SCALE 8-10) 2
DPTR FM NORMAL 0
[CDD (BASE 65) ]
TOTAL THIS MO. 618
DPTR FM NORMAL 74 [PRESSURE DATA]
TOTAL FM JAN 1 1836 HIGHEST SLP 30.14 ON 25
DPTR FM NORMAL 283 LOWEST SLP 29.82 ON 22
[REMARKS]
#FINAL-07-23#