000
CXUS54 KMEG 010900
CF6JBR
PRELIMINARY LOCAL CLIMATOLOGICAL DATA (WS FORM: F-6)
STATION: JONESBORO
MONTH: JUNE
YEAR: 2023
LATITUDE: 35 49 N
LONGITUDE: 90 39 W
TEMPERATURE IN F: :PCPN: SNOW: WIND :SUNSHINE: SKY :PK WND
================================================================================
1 2 3 4 5 6A 6B 7 8 9 10 11 12 13 14 15 16 17 18
12Z AVG MX 2MIN
DY MAX MIN AVG DEP HDD CDD WTR SNW DPTH SPD SPD DIR MIN PSBL S-S WX SPD DR
================================================================================
1 91 66 79 3 0 14 T M M 3.9 13 100 M M 1 21 100
2 91 68 80 4 0 15 T M M 3.9 26 30 M M 1 3 35 30
3 93 67 80 4 0 15 0.00 M M 6.2 18 40 M M 0 8 24 60
4 94 64 79 3 0 14 0.00 M M 5.8 15 20 M M 2 20 20
5 93 73 83 6 0 18 0.00 M M 7.7 16 10 M M 1 3 23 30
6 89 63 76 -1 0 11 0.00 M M 4.6 10 350 M M 0 13 340
7 92 63 78 1 0 13 0.00 M M 5.4 15 20 M M 0 20 20
8 84 70 77 -1 0 12 0.11 M M 5.1 13 80 M M 4 38 16 240
9 86 66 76 -2 0 11 0.00 M M 6.5 15 80 M M 4 19 90
10 83 65 74 -4 0 9 0.72 M M 6.2 14 40 M M 4 13 19 110
11 87 68 78 0 0 13 T M M 10.5 21 290 M M 4 3 27 290
12 78 63 71 -7 0 6 0.00 M M 5.4 14 20 M M 4 17 40
13 82 59 71 -8 0 6 0.00 M M 5.7 20 220 M M 0 25 210
14 83 67 75 -4 0 10 0.48 M M 4.3 18 90 M M 4 13 21 90
15 87 67 77 -2 0 12 1.35 M M 2.5 17 310 M M 2 123 22 310
16 88 68 78 -1 0 13 0.26 M M 3.3 18 220 M M 3 13 23 210
17 88 69 79 -1 0 14 0.00 M M 2.9 12 80 M M 2 18 14 100
18 82 67 75 -5 0 10 0.53 M M 7.5 31 250 M M 5 1238 44 250
19 85 67 76 -4 0 11 T M M 5.4 13 10 M M 2 12 18 280
20 88 71 80 0 0 15 0.00 M M 7.5 16 40 M M 1 8 20 30
21 86 71 79 -1 0 14 0.00 M M 10.5 18 50 M M 1 24 60
22 86 68 77 -3 0 12 0.00 M M 6.8 17 60 M M 2 24 30
23 92 65 79 -1 0 14 0.00 M M 6.2 14 220 M M 0 8 17 340
24 92 72 82 1 0 17 0.00 M M 9.4 18 210 M M 0 24 210
25 97 72 85 4 0 20 0.87 M M 9.9 48 230 M M 3 123 59 280
26 89 69 79 -2 0 14 0.00 M M 6.9 20 250 M M 0 23 240
27 89 67 78 -3 0 13 0.00 M M 5.5 10 240 M M 0 14 300
28 91 68 80 -1 0 15 T M M 5.9 15 160 M M 0 3 23 100
29 98 76 87 6 0 22 0.00 M M 9.7 21 220 M M 0 1 31 200
30 98 80 89 8 0 24 0.00 M M 8.4 16 200 M M 0 20 220
================================================================================
SM 2662 2039 0 407 4.32 M 189.5 M 50
================================================================================
AV 88.7 68.0 6.3 FASTST M M 2 MAX(MPH)
MISC ----> 48 230 59 280
================================================================================
NOTES:
# LAST OF SEVERAL OCCURRENCES
COLUMN 17 PEAK WIND IN M.P.H.
PRELIMINARY LOCAL CLIMATOLOGICAL DATA (WS FORM: F-6) , PAGE 2
STATION: JONESBORO
MONTH: JUNE
YEAR: 2023
LATITUDE: 35 49 N
LONGITUDE: 90 39 W
[TEMPERATURE DATA] [PRECIPITATION DATA] SYMBOLS USED IN COLUMN 16
AVERAGE MONTHLY: 78.4 TOTAL FOR MONTH: 4.32 1 = FOG OR MIST
DPTR FM NORMAL: -0.6 DPTR FM NORMAL: 1.27 2 = FOG REDUCING VISIBILITY
HIGHEST: 98 ON 30,29 GRTST 24HR 1.36 ON 14-15 TO 1/4 MILE OR LESS
LOWEST: 59 ON 13 3 = THUNDER
SNOW, ICE PELLETS, HAIL 4 = ICE PELLETS
TOTAL MONTH: M 5 = HAIL
GRTST 24HR M ON M 6 = FREEZING RAIN OR DRIZZLE
GRTST DEPTH: M ON M 7 = DUSTSTORM OR SANDSTORM:
VSBY 1/2 MILE OR LESS
8 = SMOKE OR HAZE
[NO. OF DAYS WITH] [WEATHER - DAYS WITH] 9 = BLOWING SNOW
X = TORNADO
MAX 32 OR BELOW: 0 0.01 INCH OR MORE: 7
MAX 90 OR ABOVE: 12 0.10 INCH OR MORE: 7
MIN 32 OR BELOW: 0 0.50 INCH OR MORE: 4
MIN 0 OR BELOW: 0 1.00 INCH OR MORE: 1
[HDD (BASE 65) ]
TOTAL THIS MO. 0 CLEAR (SCALE 0-3) 23
DPTR FM NORMAL 0 PTCLDY (SCALE 4-7) 7
TOTAL FM JUL 1 2837 CLOUDY (SCALE 8-10) 0
DPTR FM NORMAL -611
[CDD (BASE 65) ]
TOTAL THIS MO. 407
DPTR FM NORMAL -12 [PRESSURE DATA]
TOTAL FM JAN 1 696 HIGHEST SLP 30.02 ON 1
DPTR FM NORMAL 24 LOWEST SLP 29.66 ON 18
[REMARKS]
#FINAL-06-23#