000
CXUS54 KMEG 011554
CLMJBR
CLIMATE REPORT
NATIONAL WEATHER SERVICE MEMPHIS TN
1054 AM CDT MON MAY 01 2023
...................................
...THE JONESBORO CLIMATE SUMMARY FOR THE MONTH OF APRIL 2023...
CLIMATE NORMAL PERIOD 1991 TO 2020
CLIMATE RECORD PERIOD 1897 TO 2023
WEATHER OBSERVED NORMAL DEPART LAST YEAR`S
VALUE DATE(S) VALUE FROM VALUE DATE(S)
NORMAL
................................................................
TEMPERATURE (F)
RECORD
HIGH 96 04/30/1901
04/29/1901
LOW 0 04/01/2016
HIGHEST 84 04/19 MM MM MM
04/20
LOWEST 40 04/24 MM MM MM
AVG. MAXIMUM 71.1 71.3 -0.2 MM
AVG. MINIMUM 50.9 50.1 0.8 MM
MEAN 61.0 60.7 0.3 MM
DAYS MAX >= 90 0 0.1 -0.1 MM
DAYS MAX <= 32 0 0.0 0.0 MM
DAYS MIN <= 32 0 0.4 -0.4 MM
DAYS MIN <= 0 0 0.0 0.0 MM
PRECIPITATION (INCHES)
RECORD
MAXIMUM 15.08 1927
MINIMUM 0.54 2001
TOTALS 3.52 5.15 -1.63 MM
DAILY AVG. 0.12 0.17 -0.05 MM
DAYS >= .01 7 9.8 -2.8 MM
DAYS >= .10 5 6.5 -1.5 MM
DAYS >= .50 2 3.2 -1.2 MM
DAYS >= 1.00 1 1.8 -0.8 MM
GREATEST
24 HR. TOTAL 2.22 04/20 TO 04/21
SNOWFALL (INCHES)
RECORDS
TOTAL 0.0 2002
TOTALS MM MM MM MM
SINCE 7/1 MM MM MM MM
SNOWDEPTH AVG. MM MM
DAYS >= 1.0 MM MM MM MM
GREATEST
SNOW DEPTH MM MM
24 HR TOTAL MM
DEGREE DAYS
HEATING TOTAL 145 178 -33 MM
SINCE 7/1 2817 3418 -601 MM
COOLING TOTAL 34 49 -15 MM
SINCE 1/1 36 59 -23 MM
................................................................
WIND (MPH)
AVERAGE WIND SPEED 9.3
HIGHEST WIND SPEED/DIRECTION 40/260 DATE 04/15
HIGHEST GUST SPEED/DIRECTION 49/260 DATE 04/15
SKY COVER
POSSIBLE SUNSHINE (PERCENT) MM
AVERAGE SKY COVER 0.34
NUMBER OF DAYS FAIR 18
NUMBER OF DAYS PC 9
NUMBER OF DAYS CLOUDY 3
AVERAGE RH (PERCENT) 60
WEATHER CONDITIONS. NUMBER OF DAYS WITH
THUNDERSTORM 5 MIXED PRECIP 0
HEAVY RAIN 3 RAIN 5
LIGHT RAIN 10 FREEZING RAIN 0
LT FREEZING RAIN 0 HAIL 0
HEAVY SNOW 0 SNOW 0
LIGHT SNOW 0 SLEET 0
FOG 12 FOG W/VIS <= 1/4 MILE 0
HAZE 6
- INDICATES NEGATIVE NUMBERS.
R INDICATES RECORD WAS SET OR TIED.
MM INDICATES DATA IS MISSING.
T INDICATES TRACE AMOUNT.
$$