000
CXUS54 KMEG 011534
CLMJBR
CLIMATE REPORT
NATIONAL WEATHER SERVICE MEMPHIS TN
1034 AM CDT FRI SEP 01 2023
...................................
...THE JONESBORO CLIMATE SUMMARY FOR THE MONTH OF AUGUST 2023...
CLIMATE NORMAL PERIOD 1991 TO 2020
CLIMATE RECORD PERIOD 1897 TO 2023
WEATHER OBSERVED NORMAL DEPART LAST YEAR`S
VALUE DATE(S) VALUE FROM VALUE DATE(S)
NORMAL
................................................................
TEMPERATURE (F)
RECORD
HIGH 111 08/08/1934
08/09/1930
LOW 45 08/17/1897
HIGHEST 102 08/26 91 11 94 08/26
08/29
LOWEST 61 08/17 70 -9 65 08/13
08/31
AVG. MAXIMUM 90.3 90.0 0.3 88.4
AVG. MINIMUM 69.6 70.0 -0.4 70.5
MEAN 80.0 80.0 -0.0 79.5
DAYS MAX >= 90 16 17.2 -1.2 14
DAYS MAX <= 32 0 0.0 0.0 0
DAYS MIN <= 32 0 0.0 0.0 0
DAYS MIN <= 0 0 0.0 0.0 0
PRECIPITATION (INCHES)
RECORD
MAXIMUM 9.70 2018
MINIMUM 0.00 1950
TOTALS 3.12 3.41 -0.29 3.90
DAILY AVG. 0.10 0.11 -0.01 0.13
DAYS >= .01 8 7.9 0.1 8
DAYS >= .10 4 4.8 -0.8 6
DAYS >= .50 1 2.6 -1.6 2
DAYS >= 1.00 1 1.2 -0.2 1
GREATEST
24 HR. TOTAL 2.63 08/09 TO 08/10
SNOWFALL (INCHES)
RECORDS
TOTAL MM MM
TOTALS MM MM MM MM
SINCE 7/1 MM MM MM MM
SNOWDEPTH AVG. MM MM
DAYS >= 1.0 MM MM MM MM
GREATEST
SNOW DEPTH MM MM MM
24 HR TOTAL MM
DEGREE DAYS
HEATING TOTAL 0 0 0 0
SINCE 7/1 0 0 0 MM
COOLING TOTAL 471 465 6 456
SINCE 1/1 1668 1660 8 MM
................................................................
WIND (MPH)
AVERAGE WIND SPEED 6.0
HIGHEST WIND SPEED/DIRECTION 28/300 DATE 08/09
HIGHEST GUST SPEED/DIRECTION 42/290 DATE 08/09
SKY COVER
POSSIBLE SUNSHINE (PERCENT) MM
AVERAGE SKY COVER 0.16
NUMBER OF DAYS FAIR 25
NUMBER OF DAYS PC 3
NUMBER OF DAYS CLOUDY 1
AVERAGE RH (PERCENT) 72
WEATHER CONDITIONS. NUMBER OF DAYS WITH
THUNDERSTORM 9 MIXED PRECIP 0
HEAVY RAIN 1 RAIN 3
LIGHT RAIN 14 FREEZING RAIN 0
LT FREEZING RAIN 0 HAIL 0
HEAVY SNOW 0 SNOW 0
LIGHT SNOW 0 SLEET 0
FOG 12 FOG W/VIS <= 1/4 MILE 0
HAZE 5
- INDICATES NEGATIVE NUMBERS.
R INDICATES RECORD WAS SET OR TIED.
MM INDICATES DATA IS MISSING.
T INDICATES TRACE AMOUNT.
$$