000
CXUS54 KMEG 032135
CLMJBR
CLIMATE REPORT
NATIONAL WEATHER SERVICE MEMPHIS TN
435 PM CDT THU AUG 03 2023
...................................
...THE JONESBORO CLIMATE SUMMARY FOR THE MONTH OF JULY 2023...
CLIMATE NORMAL PERIOD 1991 TO 2020
CLIMATE RECORD PERIOD 1897 TO 2023
WEATHER OBSERVED NORMAL DEPART LAST YEAR`S
VALUE DATE(S) VALUE FROM VALUE DATE(S)
NORMAL
................................................................
TEMPERATURE (F)
RECORD
HIGH 116 07/12/1901
LOW 50 07/06/1915
07/25/1911
HIGHEST 97 07/01 91 6 102 07/08
07/29
LOWEST 62 07/11 71 -9 67 07/30
AVG. MAXIMUM 89.8 91.2 -1.4 93.8
AVG. MINIMUM 72.0 72.3 -0.3 75.3
MEAN 80.9 81.7 -0.8 84.6
DAYS MAX >= 90 19 20.0 -1.0 26
DAYS MAX <= 32 0 0.0 0.0 0
DAYS MIN <= 32 0 0.0 0.0 0
DAYS MIN <= 0 0 0.0 0.0 0
PRECIPITATION (INCHES)
RECORD
MAXIMUM 7.96 1922
MINIMUM 0.08 1980
TOTALS 8.67 3.69 4.98 6.27
DAILY AVG. 0.28 0.12 0.16 0.20
DAYS >= .01 13 9.1 3.9 8
DAYS >= .10 7 5.4 1.6 6
DAYS >= .50 4 2.4 1.6 4
DAYS >= 1.00 2 0.9 1.1 2
GREATEST
24 HR. TOTAL 4.30 07/09 TO 07/09
SNOWFALL (INCHES)
RECORDS
TOTAL MM MM
TOTALS MM MM MM MM
SINCE 7/1 MM MM MM MM
SNOWDEPTH AVG. MM MM
DAYS >= 1.0 MM MM MM MM
GREATEST
SNOW DEPTH MM MM MM
24 HR TOTAL MM
DEGREE DAYS
HEATING TOTAL 0 0 0 0
SINCE 7/1 0 0 0 MM
COOLING TOTAL 501 519 -18 615
SINCE 1/1 1197 1195 2 MM
................................................................
WIND (MPH)
AVERAGE WIND SPEED 6.8
HIGHEST WIND SPEED/DIRECTION 32/310 DATE 07/29
HIGHEST GUST SPEED/DIRECTION 46/300 DATE 07/29
SKY COVER
POSSIBLE SUNSHINE (PERCENT) MM
AVERAGE SKY COVER 0.17
NUMBER OF DAYS FAIR 27
NUMBER OF DAYS PC 3
NUMBER OF DAYS CLOUDY 1
AVERAGE RH (PERCENT) 73
WEATHER CONDITIONS. NUMBER OF DAYS WITH
THUNDERSTORM 15 MIXED PRECIP 0
HEAVY RAIN 6 RAIN 5
LIGHT RAIN 16 FREEZING RAIN 0
LT FREEZING RAIN 0 HAIL 0
HEAVY SNOW 0 SNOW 0
LIGHT SNOW 0 SLEET 0
FOG 11 FOG W/VIS <= 1/4 MILE 0
HAZE 3
- INDICATES NEGATIVE NUMBERS.
R INDICATES RECORD WAS SET OR TIED.
MM INDICATES DATA IS MISSING.
T INDICATES TRACE AMOUNT.
$$