000
CXUS53 KLSX 011400
CF6JEF
PRELIMINARY LOCAL CLIMATOLOGICAL DATA (WS FORM: F-6)
STATION: JEFFERSON CITY
MONTH: MARCH
YEAR: 2022
LATITUDE: 38 35 N
LONGITUDE: 92 10 W
TEMPERATURE IN F: :PCPN: SNOW: WIND :SUNSHINE: SKY :PK WND
================================================================================
1 2 3 4 5 6A 6B 7 8 9 10 11 12 13 14 15 16 17 18
12Z AVG MX 2MIN
DY MAX MIN AVG DEP HDD CDD WTR SNW DPTH SPD SPD DIR MIN PSBL S-S WX SPD DR
================================================================================
1 75 27 51 10 14 0 0.00 0.0 0 4.3 22 270 M M 0 30 270
2 83 33 58 17 7 0 0.00 0.0 0 4.5 18 230 M M 0 8 25 230
3 60 40 50 8 15 0 0.00 0.0 0 10.2 18 70 M M 0 26 80
4 74 35 55 13 10 0 0.00 0.0 0 9.9 18 180 M M 0 26 160
5 76 53 65 23 0 0 0.27 0.0 0 12.9 29 220 M M 7 38 40 250
6 53 36 45 2 20 0 0.88 0.0 0 7.6 20 300 M M 6 13 28 310
7 38 32 35 -8 30 0 T 0.0 0 11.3 20 300 M M 10 18 30 320
8 43 27 35 -8 30 0 0.00 0.0 0 2.1 8 220 M M 2 12 220
9 51 28 40 -4 25 0 0.00 0.0 0 4.4 14 30 M M 2 18 23 260
10 39 24 32 -12 33 0 T M 0 7.3 18 10 M M 8 8 27 10
11 33 21 27 -17 38 0 M M M 9.8 21 290 M M 4 8 28 290
12 36 11 24 -21 41 0 0.00 0.0 M 8.0 16 330 M M 0 23 330
13 69 36 53 8 12 0 0.00 0.0 0 9.1 18 270 M M 2 24 250
14 67 43 55 9 10 0 0.00 0.0 0 10.5 21 180 M M 4 27 220
15 70 46 58 12 7 0 0.00 0.0 0 2.3 10 230 M M 5 14 220
16 75 39 57 11 8 0 0.00 0.0 0 6.6 18 170 M M 0 18 27 230
17 78 41 60 13 5 0 0.00 0.0 0 6.7 16 140 M M 0 22 130
18 64 40 52 5 13 0 0.41 0.0 0 11.6 21 290 M M 10 18 28 300
19 59 37 48 1 17 0 0.03 0.0 0 10.4 20 260 M M 4 1 27 270
20 75 32 54 6 11 0 0.00 0.0 0 7.4 15 160 M M 0 22 190
21 75 45 60 12 5 0 0.54 0.0 0 10.2 23 160 M M 3 1 31 160
22 65 51 58 10 7 0 0.25 0.0 0 11.0 29 100 M M 6 1 42 80
23 53 41 47 -2 18 0 0.08 0.0 0 11.5 20 280 M M 10 18 26 280
24 44 40 42 -7 23 0 0.09 0.0 0 9.3 17 290 M M 10 21 290
25 57 41 49 -1 16 0 0.00 0.0 0 11.6 26 290 M M 4 36 290
26 55 36 46 -4 19 0 0.00 0.0 0 9.7 22 290 M M 0 29 280
27 48 34 41 -9 24 0 0.00 0.0 0 4.8 12 20 M M 2 17 60
28 56 34 45 -6 20 0 0.00 0.0 0 11.5 20 70 M M 2 28 110
29 73 45 59 8 6 0 T 0.0 0 14.7 23 160 M M 4 31 150
30 71 38 55 4 10 0 0.98 0.0 0 11.7 24 290 M M 10 18 32 310
31 40 33 37 -15 28 0 T 0.0 0 12.7 22 270 M M 10 8 31 280
================================================================================
SM 1855 1119 522 0 3.53 0.0 275.6 M 125
================================================================================
AV 59.8 36.1 8.9 FASTST M M 4 MAX(MPH)
MISC ----> # 29 220 42 80
================================================================================
NOTES:
# LAST OF SEVERAL OCCURRENCES
COLUMN 17 PEAK WIND IN M.P.H.
PRELIMINARY LOCAL CLIMATOLOGICAL DATA (WS FORM: F-6) , PAGE 2
STATION: JEFFERSON CITY
MONTH: MARCH
YEAR: 2022
LATITUDE: 38 35 N
LONGITUDE: 92 10 W
[TEMPERATURE DATA] [PRECIPITATION DATA] SYMBOLS USED IN COLUMN 16
AVERAGE MONTHLY: 48.0 TOTAL FOR MONTH: 3.53 1 = FOG OR MIST
DPTR FM NORMAL: 1.8 DPTR FM NORMAL: 0.68 2 = FOG REDUCING VISIBILITY
HIGHEST: 83 ON 2 GRTST 24HR 0.98 ON 30-30 TO 1/4 MILE OR LESS
LOWEST: 11 ON 12 3 = THUNDER
SNOW, ICE PELLETS, HAIL 4 = ICE PELLETS
TOTAL MONTH: 0.0 INCH 5 = HAIL
GRTST 24HR 0.0 6 = FREEZING RAIN OR DRIZZLE
GRTST DEPTH: 0 7 = DUSTSTORM OR SANDSTORM:
VSBY 1/2 MILE OR LESS
8 = SMOKE OR HAZE
[NO. OF DAYS WITH] [WEATHER - DAYS WITH] 9 = BLOWING SNOW
X = TORNADO
MAX 32 OR BELOW: 0 0.01 INCH OR MORE: 9
MAX 90 OR ABOVE: 0 0.10 INCH OR MORE: 6
MIN 32 OR BELOW: 8 0.50 INCH OR MORE: 3
MIN 0 OR BELOW: 0 1.00 INCH OR MORE: 0
[HDD (BASE 65) ]
TOTAL THIS MO. 522 CLEAR (SCALE 0-3) 15
DPTR FM NORMAL -66 PTCLDY (SCALE 4-7) 9
TOTAL FM JUL 1 3681 CLOUDY (SCALE 8-10) 7
DPTR FM NORMAL -534
[CDD (BASE 65) ]
TOTAL THIS MO. 0
DPTR FM NORMAL -6 [PRESSURE DATA]
TOTAL FM JAN 1 0 HIGHEST SLP 30.43 ON 12
DPTR FM NORMAL -6 LOWEST SLP 29.30 ON 30
[REMARKS]
#FINAL-03-22#