000
CXUS53 KLSX 011500
CF6JEF
PRELIMINARY LOCAL CLIMATOLOGICAL DATA (WS FORM: F-6)
STATION: JEFFERSON CITY
MONTH: FEBRUARY
YEAR: 2021
LATITUDE: 38 35 N
LONGITUDE: 92 10 W
TEMPERATURE IN F: :PCPN: SNOW: WIND :SUNSHINE: SKY :PK WND
================================================================================
1 2 3 4 5 6A 6B 7 8 9 10 11 12 13 14 15 16 17 18
12Z AVG MX 2MIN
DY MAX MIN AVG DEP HDD CDD WTR SNW DPTH SPD SPD DIR MIN PSBL S-S WX SPD DR
================================================================================
1 35 29 32 -2 33 0 0.00 0.0 M 9.2 17 310 M M 10 8 24 310
2 42 27 35 1 30 0 0.00 0.0 M 3.2 10 130 M M 5 13 130
3 57 26 42 8 23 0 0.00 0.0 M 9.0 15 130 M M 0 8 20 120
4 46 27 37 3 28 0 0.16 M M 13.2 29 300 M M 7 138 37 300
5 43 26 35 1 30 0 0.00 0.0 0 7.0 18 280 M M 2 24 300
6 29 10 20 -14 45 0 T M 0 6.6 16 10 M M 6 22 360
7 16 3 10 -25 55 0 M M M 5.6 13 90 M M 7 17 90
8 20 15 18 -17 47 0 M M M 5.8 14 360 M M 10 8 18 20
9 19 12 16 -19 49 0 T M M 7.8 13 350 M M 10 8 17 350
10 17 14 16 -19 49 0 T M M 7.3 13 10 M M 10 8 21 10
11 20 14 17 -19 48 0 0.00 0.0 M 9.6 15 350 M M 9 21 340
12 17 7 12 -24 53 0 T M M 10.6 17 10 M M 5 23 350
13 14 2 8 -28 57 0 T M M 10.1 15 340 M M 7 20 20
14 6 0 3 -33 62 0 M M M 10.8 18 360 M M 7 25 340
15 2 -2 0 -37 65 0 M M M 9.8 16 340 M M 10 8 22 330
16 15 -7 4 -33 61 0 M M M 2.3 7 330 M M 1 8 9 300
17 20 2 11 -26 54 0 M M M 4.8 12 80 M M 9 17 120
18 26 2 14 -23 51 0 0.00 0.0 M 5.9 14 330 M M 2 8 19 10
19 33 -3 15 -23 50 0 0.00 0.0 M 1.5 10 260 M M 1 16 270
20 45 8 27 -11 38 0 0.00 0.0 M 6.8 15 170 M M 1 18 19 180
21 48 32 40 2 25 0 0.00 0.0 M 10.9 23 200 M M 6 18 37 200
22 57 31 44 6 21 0 0.00 0.0 M 8.7 20 230 M M 2 30 230
23 71 32 52 13 13 0 0.00 M M 4.6 13 200 M M 0 18 200
24 58 37 48 9 17 0 0.00 0.0 M 7.9 18 290 M M 2 26 280
25 51 29 40 1 25 0 0.00 0.0 M 4.4 13 360 M M 2 16 30
26 50 30 40 0 25 0 0.00 0.0 M 4.8 16 110 M M 7 21 100
27 65 30 48 8 17 0 0.56 0.0 M 6.7 18 160 M M 4 123 27 170
28 56 38 47 7 18 0 0.19 0.0 M 6.0 17 290 M M 7 13 26 340
================================================================================
SM 978 471 1089 0 0.91 0.0 200.9 M 149
================================================================================
AV 34.9 16.8 7.2 FASTST M M 5 MAX(MPH)
MISC ----> 29 300 # 37 300
================================================================================
NOTES:
# LAST OF SEVERAL OCCURRENCES
COLUMN 17 PEAK WIND IN M.P.H.
PRELIMINARY LOCAL CLIMATOLOGICAL DATA (WS FORM: F-6) , PAGE 2
STATION: JEFFERSON CITY
MONTH: FEBRUARY
YEAR: 2021
LATITUDE: 38 35 N
LONGITUDE: 92 10 W
[TEMPERATURE DATA] [PRECIPITATION DATA] SYMBOLS USED IN COLUMN 16
AVERAGE MONTHLY: 25.9 TOTAL FOR MONTH: 0.91 1 = FOG OR MIST
DPTR FM NORMAL: -10.7 DPTR FM NORMAL: -1.31 2 = FOG REDUCING VISIBILITY
HIGHEST: 71 ON 23 GRTST 24HR 0.75 ON 27-28 TO 1/4 MILE OR LESS
LOWEST: -7 ON 16 3 = THUNDER
SNOW, ICE PELLETS, HAIL 4 = ICE PELLETS
TOTAL MONTH: 0.0 INCH 5 = HAIL
GRTST 24HR 0.0 6 = FREEZING RAIN OR DRIZZLE
GRTST DEPTH: 0 7 = DUSTSTORM OR SANDSTORM:
VSBY 1/2 MILE OR LESS
8 = SMOKE OR HAZE
[NO. OF DAYS WITH] [WEATHER - DAYS WITH] 9 = BLOWING SNOW
X = TORNADO
MAX 32 OR BELOW: 13 0.01 INCH OR MORE: 3
MAX 90 OR ABOVE: 0 0.10 INCH OR MORE: 3
MIN 32 OR BELOW: 26 0.50 INCH OR MORE: 1
MIN 0 OR BELOW: 4 1.00 INCH OR MORE: 0
[HDD (BASE 65) ]
TOTAL THIS MO. 1089 CLEAR (SCALE 0-3) 10
DPTR FM NORMAL 294 PTCLDY (SCALE 4-7) 11
TOTAL FM JUL 1 3646 CLOUDY (SCALE 8-10) 7
DPTR FM NORMAL -16
[CDD (BASE 65) ]
TOTAL THIS MO. 0
DPTR FM NORMAL 0 [PRESSURE DATA]
TOTAL FM JAN 1 0 HIGHEST SLP 30.61 ON 14
DPTR FM NORMAL 0 LOWEST SLP 29.49 ON 4
[REMARKS]
#FINAL-02-21#