000
CXUS55 KBOI 011002
CF6JER
PRELIMINARY LOCAL CLIMATOLOGICAL DATA (WS FORM: F-6)
STATION: JEROME ID
MONTH: MARCH
YEAR: 2023
LATITUDE: 42 43 N
LONGITUDE: 114 27 W
TEMPERATURE IN F: :PCPN: SNOW: WIND :SUNSHINE: SKY :PK WND
================================================================================
1 2 3 4 5 6A 6B 7 8 9 10 11 12 13 14 15 16 17 18
12Z AVG MX 2MIN
DY MAX MIN AVG DEP HDD CDD WTR SNW DPTH SPD SPD DIR MIN PSBL S-S WX SPD DR
================================================================================
1 30 22 26 -12 39 0 0.04 M M 10.4 18 270 M M 8 12 22 270
2 34 19 27 -11 38 0 0.03 M M 8.6 18 260 M M 5 1 23 240
3 33 19 26 -12 39 0 0.01 M M 14.3 32 260 M M 4 1268 40 260
4 31 13 22 -17 43 0 0.02 M M 17.5 25 70 M M 7 1 32 60
5 33 16 25 -14 40 0 T M M 8.9 20 230 M M 4 1 25 240
6 33 16 25 -15 40 0 0.01 M M 6.3 13 170 M M 5 1 18 260
7 33 12 23 -17 42 0 0.00 M M 16.3 23 80 M M 3 27 80
8 32 21 27 -13 38 0 0.03 M M 14.6 22 70 M M 6 128 28 70
9 34 15 25 -15 40 0 0.01 M M 16.0 28 60 M M 5 128 34 70
10 49 26 38 -3 27 0 0.09 M M 19.3 41 250 M M 7 123 63 170
11 40 26 33 -8 32 0 0.00 M M 9.7 21 60 M M M 25 60
12 41 25 33 -8 32 0 0.03 M M 16.2 22 70 M M 9 1 29 80
13 48 30 39 -3 26 0 0.14 M M 10.1 22 70 M M 9 16 26 70
14 51 36 44 2 21 0 0.02 M M 12.0 30 180 M M 9 46 180
15 47 28 38 -4 27 0 0.01 M M 23.0 39 270 M M 3 1 50 270
16 42 24 33 -9 32 0 0.00 M M 8.1 15 70 M M 1 19 70
17 42 22 32 -11 33 0 0.00 M M 14.9 22 60 M M 0 30 70
18 47 23 35 -8 30 0 0.00 M M 18.1 25 60 M M 0 30 60
19 47 25 36 -7 29 0 T M M 18.5 25 60 M M 3 32 60
20 45 32 39 -4 26 0 0.07 M M 11.8 26 250 M M 8 138 34 250
21 45 31 38 -6 27 0 0.01 M M 13.2 26 70 M M 7 12 35 60
22 46 31 39 -5 26 0 0.00 M M 11.3 25 70 M M 7 33 70
23 45 32 39 -5 26 0 0.24 M M 5.5 20 260 M M 7 13 30 290
24 37 26 32 -12 33 0 T M M 23.2 35 270 M M 6 1 49 270
25 37 23 30 -14 35 0 T M M 17.4 26 270 M M 1 35 260
26 36 23 30 -14 35 0 T M M 19.2 29 260 M M 8 38 270
27 42 22 32 -13 33 0 0.00 M M 8.2 16 90 M M 2 22 280
28 43 26 35 -10 30 0 T M M 24.2 33 60 M M 5 42 60
29 41 33 37 -8 28 0 0.04 M M 11.4 33 80 M M 9 1 42 70
30 35 30 33 -12 32 0 0.13 M M 16.1 25 250 M M 9 12 33 270
31 45 33 39 -6 26 0 T M M 13.5 23 260 M M 9 30 240
================================================================================
SM 1244 760 1005 0 0.93 M 437.8 M 166
================================================================================
AV 40.1 24.5 14.1 FASTST M M 6 MAX(MPH)
MISC ----> 41 250 63 170
================================================================================
NOTES:
# LAST OF SEVERAL OCCURRENCES
COLUMN 17 PEAK WIND IN M.P.H.
PRELIMINARY LOCAL CLIMATOLOGICAL DATA (WS FORM: F-6) , PAGE 2
STATION: JEROME ID
MONTH: MARCH
YEAR: 2023
LATITUDE: 42 43 N
LONGITUDE: 114 27 W
[TEMPERATURE DATA] [PRECIPITATION DATA] SYMBOLS USED IN COLUMN 16
AVERAGE MONTHLY: 32.3 TOTAL FOR MONTH: 0.93 1 = FOG OR MIST
DPTR FM NORMAL: -9.8 DPTR FM NORMAL: -0.17 2 = FOG REDUCING VISIBILITY
HIGHEST: 51 ON 14 GRTST 24HR 0.24 ON 23-23 TO 1/4 MILE OR LESS
LOWEST: 12 ON 7 3 = THUNDER
SNOW, ICE PELLETS, HAIL 4 = ICE PELLETS
TOTAL MONTH: M 5 = HAIL
GRTST 24HR M ON M 6 = FREEZING RAIN OR DRIZZLE
GRTST DEPTH: M ON M 7 = DUSTSTORM OR SANDSTORM:
VSBY 1/2 MILE OR LESS
8 = SMOKE OR HAZE
[NO. OF DAYS WITH] [WEATHER - DAYS WITH] 9 = BLOWING SNOW
X = TORNADO
MAX 32 OR BELOW: 3 0.01 INCH OR MORE: 17
MAX 90 OR ABOVE: 0 0.10 INCH OR MORE: 3
MIN 32 OR BELOW: 28 0.50 INCH OR MORE: 0
MIN 0 OR BELOW: 0 1.00 INCH OR MORE: 0
[HDD (BASE 65) ]
TOTAL THIS MO. 1005 CLEAR (SCALE 0-3) 8
DPTR FM NORMAL 297 PTCLDY (SCALE 4-7) 14
TOTAL FM JUL 1 5796 CLOUDY (SCALE 8-10) 9
DPTR FM NORMAL 592
[CDD (BASE 65) ]
TOTAL THIS MO. 0
DPTR FM NORMAL 0 [PRESSURE DATA]
TOTAL FM JAN 1 0 HIGHEST SLP 30.39 ON 27
DPTR FM NORMAL 0 LOWEST SLP 29.35 ON 10
[REMARKS]
#FINAL-03-23#