000
CXUS51 KOKX 011431 RRA
CLMJFK
CLIMATE REPORT
NATIONAL WEATHER SERVICE NEW YORK, NY
931 AM EST FRI DEC 01 2023
...................................
...THE KENNEDY NY CLIMATE SUMMARY FOR THE MONTH OF NOVEMBER 2023...
CLIMATE NORMAL PERIOD 1991 TO 2020
CLIMATE RECORD PERIOD 1948 TO 2023
WEATHER OBSERVED NORMAL DEPART LAST YEAR`S
VALUE DATE(S) VALUE FROM VALUE DATE(S)
NORMAL
................................................................
TEMPERATURE (F)
RECORD
HIGH 80 11/07/2022
11/01/1950
LOW 15 11/23/2018
HIGHEST 65 11/05 MM MM 80 11/07
LOWEST 26 11/29 MM MM 28 11/21
AVG. MAXIMUM 53.0 53.8 -0.8 57.8
AVG. MINIMUM 37.6 39.8 -2.2 42.7
MEAN 45.3 46.8 -1.5 50.2
DAYS MAX >= 90 0 0.0 0.0 0
DAYS MAX <= 32 0 0.1 -0.1 0
DAYS MIN <= 32 8 4.0 4.0 3
DAYS MIN <= 0 0 0.0 0.0 0
PRECIPITATION (INCHES)
RECORD
MAXIMUM 9.51 1972
MINIMUM 0.32 1976
TOTALS 1.59 3.07 -1.48 2.43
DAILY AVG. 0.05 0.10 -0.05 0.08
DAYS >= .01 6 8.9 -2.9 10
DAYS >= .10 3 5.5 -2.5 6
DAYS >= .50 1 2.2 -1.2 2
DAYS >= 1.00 0 0.8 -0.8 0
GREATEST
24 HR. TOTAL 1.20 11/21 TO 11/22 0.63 11/15 TO 11/16
STORM TOTAL 0.74 0.56
(MM/DD(HH)) MM
SNOWFALL (INCHES)
RECORDS
TOTAL 4.8 2018
24 HR TOTAL 4.8 MM
TOTALS T 0.4 -0.4 T
LIQUID EQUIV T 0.00 0.00 T
SINCE 7/1 T 0.4 -0.4
LIQUID 7/1 -0.10 0.00 MM
DAYS >= TRACE 1 0.2 0.8 1
DAYS >= 1.0 0 0.1 -0.1 0
GREATEST
SNOW DEPTH 0 0 MM
24 HR TOTAL T MM
STORM TOTAL 0.0 0.0
(MM/DD(HH)) MM
DEGREE DAYS
HEATING TOTAL 585 546 39 444
SINCE 7/1 802 836 -34 MM
COOLING TOTAL 0 0 0 8
SINCE 1/1 1058 1016 42 MM
................................................................
WIND (MPH)
AVERAGE WIND SPEED 11.1
HIGHEST WIND SPEED/DIRECTION 35/110 DATE 11/22
HIGHEST GUST SPEED/DIRECTION 46/110 DATE 11/22
SKY COVER
POSSIBLE SUNSHINE (PERCENT) MM
AVERAGE SKY COVER 0.50
NUMBER OF DAYS FAIR 9
NUMBER OF DAYS PC 17
NUMBER OF DAYS CLOUDY 4
AVERAGE RH (PERCENT) 64
WEATHER CONDITIONS. NUMBER OF DAYS WITH
THUNDERSTORM 0 MIXED PRECIP 0
HEAVY RAIN 2 RAIN 2
LIGHT RAIN 8 FREEZING RAIN 0
LT FREEZING RAIN 0 HAIL 0
HEAVY SNOW 0 SNOW 0
LIGHT SNOW 1 SLEET 0
FOG 4 FOG W/VIS <= 1/4 MILE 1
HAZE 1
- INDICATES NEGATIVE NUMBERS.
R INDICATES RECORD WAS SET OR TIED.
MM INDICATES DATA IS MISSING.
T INDICATES TRACE AMOUNT.
$$