000
CXUS55 KJKL 011710
CF6JKL
PRELIMINARY LOCAL CLIMATOLOGICAL DATA (WS FORM: F-6)
STATION: JACKSON KY
MONTH: MARCH
YEAR: 2021
LATITUDE: 37 35 N
LONGITUDE: 83 19 W
TEMPERATURE IN F: :PCPN: SNOW: WIND :SUNSHINE: SKY :PK WND
================================================================================
1 2 3 4 5 6A 6B 7 8 9 10 11 12 13 14 15 16 17 18
12Z AVG MX 2MIN
DY MAX MIN AVG DEP HDD CDD WTR SNW DPTH SPD SPD DIR MIN PSBL S-S WX SPD DR
================================================================================
1 57 36 47 4 18 0 0.76 0.0 0 5.5 17 330 M M 5 12 30 320
2 49 27 38 -5 27 0 0.00 0.0 0 2.9 8 30 M M 0 15 20
3 59 29 44 1 21 0 0.00 0.0 0 3.6 10 250 M M 0 17 270
4 58 32 45 1 20 0 0.00 0.0 0 6.4 15 310 M M 0 24 300
5 45 24 35 -9 30 0 0.00 0.0 0 4.2 10 300 M M 0 21 30
6 48 30 39 -5 26 0 0.00 0.0 0 4.0 13 300 M M 0 22 310
7 51 29 40 -4 25 0 0.00 0.0 0 3.3 13 330 M M 2 22 340
8 63 31 47 2 18 0 0.00 0.0 0 4.4 10 240 M M 0 18 250
9 70 43 57 12 8 0 0.00 0.0 0 4.6 12 240 M M 0 19 240
10 75 50 63 18 2 0 0.00 0.0 0 7.3 15 190 M M 0 28 170
11 73 55 64 18 1 0 0.08 0.0 0 7.4 15 230 M M 4 31 290
12 59 50 55 9 10 0 0.35 0.0 0 2.3 10 260 M M 8 12 16 280
13 60 45 53 7 12 0 0.00 0.0 0 3.1 12 30 M M 3 20 30
14 53 39 46 -1 19 0 T 0.0 0 2.6 9 70 M M 5 16 70
15 48 39 44 -3 21 0 0.13 0.0 0 5.8 13 50 M M 9 1 22 50
16 75 45 60 13 5 0 0.00 0.0 0 6.5 14 250 M M 2 23 280
17 69 50 60 12 5 0 0.08 0.0 0 2.8 16 140 M M 3 24 180
18 74 47 61 13 4 0 1.31 0.0 0 8.0 21 300 M M 8 13 27 320
19 54 38 46 -2 19 0 0.04 0.0 0 7.6 15 40 M M 5 1 27 30
20 62 35 49 0 16 0 0.00 0.0 0 4.8 9 50 M M 0 17 50
21 69 41 55 6 10 0 0.00 0.0 0 3.5 9 140 M M 1 16 130
22 71 48 60 11 5 0 0.00 0.0 0 3.7 10 140 M M 0 17 140
23 75 53 64 14 1 0 0.00 0.0 0 5.5 14 190 M M 2 25 170
24 79 59 69 19 0 4 0.00 0.0 0 5.5 15 200 M M 6 26 190
25 71 57 64 14 1 0 0.27 0.0 0 5.5 22 190 M M 4 1 40 170
26 72 55 64 13 1 0 0.09 0.0 0 6.4 16 230 M M 3 1 31 190
27 64 50 57 6 8 0 0.23 0.0 0 4.9 13 160 M M 1 13 21 170
28 60 39 50 -1 15 0 1.51 0.0 0 9.7 24 280 M M 7 13 41 280
29 61 36 49 -3 16 0 0.00 0.0 0 2.8 8 200 M M 0 12 210
30 77 47 62 10 3 0 0.00 0.0 0 7.6 16 180 M M 0 28 180
31 66 38 52 0 13 0 0.59 T 0 4.4 15 310 M M 9 124 23 320
================================================================================
SM 1967 1297 380 4 5.44 T 156.6 M 87
================================================================================
AV 63.5 41.8 5.1 FASTST M M 3 MAX(MPH)
MISC ----> 24 280 41 280
================================================================================
NOTES:
# LAST OF SEVERAL OCCURRENCES
COLUMN 17 PEAK WIND IN M.P.H.
PRELIMINARY LOCAL CLIMATOLOGICAL DATA (WS FORM: F-6) , PAGE 2
STATION: JACKSON KY
MONTH: MARCH
YEAR: 2021
LATITUDE: 37 35 N
LONGITUDE: 83 19 W
[TEMPERATURE DATA] [PRECIPITATION DATA] SYMBOLS USED IN COLUMN 16
AVERAGE MONTHLY: 52.6 TOTAL FOR MONTH: 5.44 1 = FOG OR MIST
DPTR FM NORMAL: 5.2 DPTR FM NORMAL: 1.32 2 = FOG REDUCING VISIBILITY
HIGHEST: 79 ON 24 GRTST 24HR 3.84 ON 28- 1 TO 1/4 MILE OR LESS
LOWEST: 24 ON 5 3 = THUNDER
SNOW, ICE PELLETS, HAIL 4 = ICE PELLETS
TOTAL MONTH: T 5 = HAIL
GRTST 24HR T ON 31-31 6 = FREEZING RAIN OR DRIZZLE
GRTST DEPTH: 0 7 = DUSTSTORM OR SANDSTORM:
VSBY 1/2 MILE OR LESS
8 = SMOKE OR HAZE
[NO. OF DAYS WITH] [WEATHER - DAYS WITH] 9 = BLOWING SNOW
X = TORNADO
MAX 32 OR BELOW: 0 0.01 INCH OR MORE: 12
MAX 90 OR ABOVE: 0 0.10 INCH OR MORE: 8
MIN 32 OR BELOW: 7 0.50 INCH OR MORE: 4
MIN 0 OR BELOW: 0 1.00 INCH OR MORE: 2
[HDD (BASE 65) ]
TOTAL THIS MO. 380 CLEAR (SCALE 0-3) 20
DPTR FM NORMAL -173 PTCLDY (SCALE 4-7) 8
TOTAL FM JUL 1 3476 CLOUDY (SCALE 8-10) 3
DPTR FM NORMAL -377
[CDD (BASE 65) ]
TOTAL THIS MO. 4
DPTR FM NORMAL -3 [PRESSURE DATA]
TOTAL FM JAN 1 4 HIGHEST SLP 30.56 ON 8
DPTR FM NORMAL -3 LOWEST SLP 29.50 ON 18
[REMARKS]
#FINAL-03-21#