000
CXUS53 KJKL 011612
CLMJKL
CLIMATE REPORT
NATIONAL WEATHER SERVICE JACKSON KY
1212 PM EDT THU JUN 01 2023
...................................
...THE JACKSON KY CLIMATE SUMMARY FOR THE MONTH OF MAY 2023...
CLIMATE NORMAL PERIOD 1991 TO 2020
CLIMATE RECORD PERIOD 1981 TO 2023
WEATHER OBSERVED NORMAL DEPART LAST YEAR`S
VALUE DATE(S) VALUE FROM VALUE DATE(S)
NORMAL
................................................................
TEMPERATURE (F)
RECORD
HIGH 91 05/31/2006
LOW 30 05/09/2020
HIGHEST 83 05/11 86 -3 89 05/31
LOWEST 39 05/04 41 -2 49 05/09
AVG. MAXIMUM 74.1 75.7 -1.6 77.8
AVG. MINIMUM 54.5 55.6 -1.1 58.9
MEAN 64.3 65.6 -1.3 68.3
DAYS MAX >= 90 0 0.1 -0.1 0
DAYS MAX <= 32 0 0.0 0.0 0
DAYS MIN <= 32 0 0.1 -0.1 0
DAYS MIN <= 0 0 0.0 0.0 0
PRECIPITATION (INCHES)
RECORD
MAXIMUM 10.78 2004
MINIMUM 1.74 2015
TOTALS 3.78 5.17 -1.39 6.51
DAILY AVG. 0.12 0.17 -0.05 0.21
DAYS >= .01 7 13.8 -6.8 14
DAYS >= .10 5 9.7 -4.7 11
DAYS >= .50 3 3.5 -0.5 4
DAYS >= 1.00 1 1.4 -0.4 1
GREATEST
24 HR. TOTAL 1.65 05/08 TO 05/09 2.77
SNOWFALL (INCHES)
RECORDS
TOTAL 1.0 1989
TOTALS 0.0 0.0 0.0 T
SINCE 7/1 3.4 23.4 -20.0 MM
SNOWDEPTH AVG. 0 0
DAYS >= 1.0 0 0.0 0.0 0
GREATEST
SNOW DEPTH 0 0
24 HR TOTAL MM MM
DEGREE DAYS
HEATING TOTAL 77 89 -12 33
SINCE 7/1 3429 4059 -630 MM
COOLING TOTAL 62 109 -47 144
SINCE 1/1 107 159 -52 MM
................................................................
WIND (MPH)
AVERAGE WIND SPEED 1.7
HIGHEST WIND SPEED/DIRECTION 18/270 DATE 05/02
HIGHEST GUST SPEED/DIRECTION 35/280 DATE 05/02
SKY COVER
POSSIBLE SUNSHINE (PERCENT) MM
AVERAGE SKY COVER 0.36
NUMBER OF DAYS FAIR 18
NUMBER OF DAYS PC 9
NUMBER OF DAYS CLOUDY 4
AVERAGE RH (PERCENT) 67
WEATHER CONDITIONS. NUMBER OF DAYS WITH
THUNDERSTORM 6 MIXED PRECIP 0
HEAVY RAIN 3 RAIN 5
LIGHT RAIN 8 FREEZING RAIN 0
LT FREEZING RAIN 0 HAIL 0
HEAVY SNOW 0 SNOW 0
LIGHT SNOW 0 SLEET 0
FOG 11 FOG W/VIS <= 1/4 MILE 8
HAZE 1
- INDICATES NEGATIVE NUMBERS.
R INDICATES RECORD WAS SET OR TIED.
MM INDICATES DATA IS MISSING.
T INDICATES TRACE AMOUNT.
$$
TAB