000
CXUS53 KBIS 011811
CF6JMS
PRELIMINARY LOCAL CLIMATOLOGICAL DATA (WS FORM: F-6)
STATION: JAMESTOWN ND
MONTH: NOVEMBER
YEAR: 2021
LATITUDE: 46 55 N
LONGITUDE: 98 40 W
TEMPERATURE IN F: :PCPN: SNOW: WIND :SUNSHINE: SKY :PK WND
================================================================================
1 2 3 4 5 6A 6B 7 8 9 10 11 12 13 14 15 16 17 18
12Z AVG MX 2MIN
DY MAX MIN AVG DEP HDD CDD WTR SNW DPTH SPD SPD DIR MIN PSBL S-S WX SPD DR
================================================================================
1 41 24 33 -3 32 0 T M M 7.2 16 330 M M 6 21 330
2 41 22 32 -3 33 0 0.00 M M 4.1 10 220 M M 4 13 230
3 50 17 34 0 31 0 0.00 M M 6.0 10 170 M M 0 16 170
4 58 23 41 7 24 0 0.00 M M 8.4 17 180 M M 0 1 22 180
5 63 37 50 16 15 0 0.02 M M 13.3 29 270 M M 6 12 39 270
6 69 35 52 19 13 0 0.00 M M 7.6 17 280 M M 0 26 290
7 63 38 51 19 14 0 0.00 M M 7.8 14 320 M M 0 18 320
8 53 29 41 9 24 0 0.00 M M 7.8 15 290 M M 1 20 270
9 55 33 44 12 21 0 0.00 M M 6.9 15 240 M M 0 21 250
10 45 35 40 9 25 0 0.26 M M 9.6 17 290 M M 7 1 24 310
11 37 28 33 3 32 0 T M M 22.1 38 340 M M 8 1 52 340
12 29 24 27 -3 38 0 0.08 M M 24.0 41 340 M M 10 129 56 340
13 36 23 30 0 35 0 0.12 M M 17.4 47 320 M M 10 1 62 320
14 32 22 27 -2 38 0 0.00 M M 7.9 18 340 M M 10 24 350
15 35 28 32 3 33 0 T M M 11.6 17 140 M M 10 25 140
16 50 33 42 14 23 0 0.00 M M 13.8 26 260 M M 2 41 260
17 37 25 31 3 34 0 T M M 27.8 41 300 M M 9 55 300
18 32 19 26 -1 39 0 T M M 13.0 30 310 M M 5 42 310
19 47 23 35 8 30 0 0.00 M M 9.9 17 180 M M 1 25 150
20 43 26 35 9 30 0 0.00 M M 9.2 18 230 M M 3 25 230
21 37 17 27 1 38 0 0.00 M M 15.9 37 330 M M 2 51 330
22 41 16 29 4 36 0 0.00 M M 5.7 12 180 M M 1 15 180
23 54 23 39 14 26 0 0.00 M M 7.8 16 180 M M 0 20 170
24 29 6 18 -6 47 0 T M M 15.9 25 350 M M 7 8 34 340
25 26 0 13 -11 52 0 0.00 M M 11.3 23 170 M M 2 30 170
26 51 21 36 13 29 0 0.00 M M 8.2 18 180 M M 1 24 170
27 46 21 34 11 31 0 0.01 M M 13.0 28 320 M M 4 35 300
28 39 21 30 8 35 0 0.00 M M 8.6 16 140 M M 7 21 170
29 51 30 41 19 24 0 0.00 M M 12.2 28 320 M M 1 36 320
30 41 23 32 10 33 0 0.03 M M 8.0 17 170 M M 3 23 170
================================================================================
SM 1331 722 915 0 0.52 M 342.0 M 120
================================================================================
AV 44.4 24.1 11.4 FASTST M M 4 MAX(MPH)
MISC ----> 47 320 62 320
================================================================================
NOTES:
# LAST OF SEVERAL OCCURRENCES
COLUMN 17 PEAK WIND IN M.P.H.
PRELIMINARY LOCAL CLIMATOLOGICAL DATA (WS FORM: F-6) , PAGE 2
STATION: JAMESTOWN ND
MONTH: NOVEMBER
YEAR: 2021
LATITUDE: 46 55 N
LONGITUDE: 98 40 W
[TEMPERATURE DATA] [PRECIPITATION DATA] SYMBOLS USED IN COLUMN 16
AVERAGE MONTHLY: 34.2 TOTAL FOR MONTH: 0.52 1 = FOG OR MIST
DPTR FM NORMAL: 5.8 DPTR FM NORMAL: -0.01 2 = FOG REDUCING VISIBILITY
HIGHEST: 69 ON 6 GRTST 24HR 0.26 ON 10-10 TO 1/4 MILE OR LESS
LOWEST: 0 ON 25 3 = THUNDER
SNOW, ICE PELLETS, HAIL 4 = ICE PELLETS
TOTAL MONTH: M 5 = HAIL
GRTST 24HR M ON M 6 = FREEZING RAIN OR DRIZZLE
GRTST DEPTH: M ON M 7 = DUSTSTORM OR SANDSTORM:
VSBY 1/2 MILE OR LESS
8 = SMOKE OR HAZE
[NO. OF DAYS WITH] [WEATHER - DAYS WITH] 9 = BLOWING SNOW
X = TORNADO
MAX 32 OR BELOW: 5 0.01 INCH OR MORE: 6
MAX 90 OR ABOVE: 0 0.10 INCH OR MORE: 2
MIN 32 OR BELOW: 24 0.50 INCH OR MORE: 0
MIN 0 OR BELOW: 1 1.00 INCH OR MORE: 0
[HDD (BASE 65) ]
TOTAL THIS MO. 915 CLEAR (SCALE 0-3) 15
DPTR FM NORMAL -183 PTCLDY (SCALE 4-7) 10
TOTAL FM JUL 1 1489 CLOUDY (SCALE 8-10) 5
DPTR FM NORMAL -563
[CDD (BASE 65) ]
TOTAL THIS MO. 0
DPTR FM NORMAL 0 [PRESSURE DATA]
TOTAL FM JAN 1 798 HIGHEST SLP 30.57 ON 25
DPTR FM NORMAL 377 LOWEST SLP 29.40 ON 16
[REMARKS]
#FINAL-11-21#
PRECIPITATION DATA FROM 11/11 AND 11/12 WAS TAKEN FROM THE COOP SITE AT THE JAMESTOWN STATE HOSPITAL