000
CXUS53 KGID 011119
CF6JYR
PRELIMINARY LOCAL CLIMATOLOGICAL DATA (WS FORM: F-6)
STATION: YORK NE
MONTH: AUGUST
YEAR: 2021
LATITUDE: 40 54 N
LONGITUDE: 97 37 W
TEMPERATURE IN F: :PCPN: SNOW: WIND :SUNSHINE: SKY :PK WND
================================================================================
1 2 3 4 5 6A 6B 7 8 9 10 11 12 13 14 15 16 17 18
12Z AVG MX 2MIN
DY MAX MIN AVG DEP HDD CDD WTR SNW DPTH SPD SPD DIR MIN PSBL S-S WX SPD DR
================================================================================
1 79 59 69 M 0 4 0.00 M M 6.5 15 10 M M 0 1 22 20
2 77 54 66 M 0 1 0.00 M M 1.8 8 120 M M 1 18 M M
3 81 57 69 M 0 4 0.00 M M 6.9 13 120 M M 1 16 150
4 84 63 74 M 0 9 T M M 10.5 17 180 M M 3 27 170
5 86 66 76 M 0 11 T M M 3.6 10 220 M M 1 M M
6 88 68 78 M 0 13 0.00 M M 9.6 14 190 M M 0 17 140
7 86 66 76 M 0 11 M M M 9.7 17 160 M M 3 27 110
8 86 63 75 M 0 10 0.01 M M 6.7 16 120 M M 1 23 120
9 95 64 80 M 0 15 0.00 M M 8.2 14 180 M M 0 1 M M
10 90 70 80 M 0 15 T M M 7.5 14 130 M M 0 30 270
11 88 66 77 M 0 12 0.00 M M 6.9 16 10 M M 0 16 330
12 88 64 76 M 0 11 0.00 M M 8.6 22 20 M M 1 23 20
13 82 59 71 M 0 6 0.00 M M 5.4 13 360 M M 0 14 10
14 84 59 72 M 0 7 0.00 M M 6.8 13 130 M M 1 17 150
15 86 66 76 M 0 11 0.00 M M 9.4 17 160 M M 3 21 160
16 90 64 77 M 0 12 0.00 M M 9.3 14 160 M M 1 17 160
17 88 66 77 M 0 12 0.00 M M 9.8 15 180 M M 0 20 190
18 86 66 76 M 0 11 0.00 M M 10.9 17 170 M M 1 23 170
19 86 68 77 M 0 12 T M M 9.1 14 160 M M 4 20 160
20 86 66 76 M 0 11 1.58 M M 9.6 17 160 M M 5 1 24 160
21 75 55 65 M 0 0 0.00 M M 6.9 10 340 M M 0 18 340
22 86 61 74 M 0 9 T M M 11.6 21 140 M M 3 27 160
23 91 64 78 M 0 13 0.00 M M 8.7 15 230 M M 0 21 230
24 91 70 81 M 0 16 0.00 M M 8.7 29 30 M M 1 38 0
25 86 64 75 M 0 10 0.00 M M 9.7 15 10 M M 3 24 70
26 91 72 82 M 0 17 0.00 M M 9.1 17 200 M M 1 28 200
27 91 73 82 M 0 17 T M M 10.5 15 210 M M 1 23 240
28 90 68 79 M 0 14 T M M 14.0 21 10 M M 1 45 10
29 77 66 72 M 0 7 0.97 M M 5.1 13 80 M M 6 13 28 80
30 84 66 75 M 0 10 T M M 6.2 14 140 M M 5 1 20 140
31 77 63 70 M 0 5 0.28 M M 9.5 35 10 M M 3 1 30 10
================================================================================
SM 2655 1996 0 316 M M 256.8 M 50
================================================================================
AV 85.6 64.4 8.3 FASTST M M 2 MAX(MPH)
MISC ----> 35 10 M M
================================================================================
NOTES:
# LAST OF SEVERAL OCCURRENCES
COLUMN 17 PEAK WIND IN M.P.H.
PRELIMINARY LOCAL CLIMATOLOGICAL DATA (WS FORM: F-6) , PAGE 2
STATION: YORK NE
MONTH: AUGUST
YEAR: 2021
LATITUDE: 40 54 N
LONGITUDE: 97 37 W
[TEMPERATURE DATA] [PRECIPITATION DATA] SYMBOLS USED IN COLUMN 16
AVERAGE MONTHLY: 75.0 TOTAL FOR MONTH: M 1 = FOG OR MIST
DPTR FM NORMAL: M DPTR FM NORMAL: M 2 = FOG REDUCING VISIBILITY
HIGHEST: 95 ON 9 GRTST 24HR M TO 1/4 MILE OR LESS
LOWEST: 54 ON 2 3 = THUNDER
SNOW, ICE PELLETS, HAIL 4 = ICE PELLETS
TOTAL MONTH: M 5 = HAIL
GRTST 24HR M ON M 6 = FREEZING RAIN OR DRIZZLE
GRTST DEPTH: M ON M 7 = DUSTSTORM OR SANDSTORM:
VSBY 1/2 MILE OR LESS
8 = SMOKE OR HAZE
[NO. OF DAYS WITH] [WEATHER - DAYS WITH] 9 = BLOWING SNOW
X = TORNADO
MAX 32 OR BELOW: 0 0.01 INCH OR MORE: M
MAX 90 OR ABOVE: 8 0.10 INCH OR MORE: M
MIN 32 OR BELOW: 0 0.50 INCH OR MORE: M
MIN 0 OR BELOW: 0 1.00 INCH OR MORE: M
[HDD (BASE 65) ]
TOTAL THIS MO. 0 CLEAR (SCALE 0-3) 26
DPTR FM NORMAL M PTCLDY (SCALE 4-7) 5
TOTAL FM JUL 1 0 CLOUDY (SCALE 8-10) 0
DPTR FM NORMAL M
[CDD (BASE 65) ]
TOTAL THIS MO. 316
DPTR FM NORMAL M [PRESSURE DATA]
TOTAL FM JAN 1 967 HIGHEST SLP M ON M
DPTR FM NORMAL M LOWEST SLP M ON M
[REMARKS]
#FINAL-08-21#