000
CXUS53 KGID 160830
CF6JYR
PRELIMINARY LOCAL CLIMATOLOGICAL DATA (WS FORM: F-6)
STATION: YORK NE
MONTH: APRIL
YEAR: 2024
LATITUDE: 40 54 N
LONGITUDE: 97 37 W
TEMPERATURE IN F: :PCPN: SNOW: WIND :SUNSHINE: SKY :PK WND
================================================================================
1 2 3 4 5 6A 6B 7 8 9 10 11 12 13 14 15 16 17 18
12Z AVG MX 2MIN
DY MAX MIN AVG DEP HDD CDD WTR SNW DPTH SPD SPD DIR MIN PSBL S-S WX SPD DR
================================================================================
1 45 37 41 M 24 0 T M M 15.5 25 360 M M 10 1 33 360
2 55 34 45 M 20 0 T M M 19.8 30 330 M M 4 1 43 330
3 54 32 43 M 22 0 0.00 M M 15.8 25 320 M M 2 32 320
4 61 28 45 M 20 0 0.00 M M 10.0 14 360 M M 0 25 360
5 64 27 46 M 19 0 0.00 M M 12.8 23 130 M M 2 30 130
6 70 41 56 M 9 0 0.29 M M 24.6 40 190 M M 3 18 45 140
7 55 41 48 M 17 0 T M M 19.9 33 250 M M 6 36 250
8 63 32 48 M 17 0 0.00 M M 14.4 30 260 M M 2 37 260
9 66 28 47 M 18 0 0.00 M M 8.8 18 280 M M 0 25 250
10 70 36 53 M 12 0 0.00 M M 11.6 18 330 M M 2 28 330
11 59 34 47 M 18 0 0.00 M M 18.1 33 310 M M 0 41 330
12 68 28 48 M 17 0 0.00 M M 7.9 14 170 M M 0 20 200
13 84 45 65 M 0 0 0.00 M M 10.3 16 180 M M 0 29 200
14 82 41 62 M 3 0 0.00 M M 12.8 24 40 M M 0 31 30
15 84 52 68 M 0 3 0.00 M M 21.8 31 150 M M 2 44 150
================================================================================
SM 980 536 216 3 0.29 M 224.1 M 33
================================================================================
AV 65.3 35.7 14.9 FASTST M M 2 MAX(MPH)
MISC ----> 40 190 45 140
================================================================================
NOTES:
# LAST OF SEVERAL OCCURRENCES
COLUMN 17 PEAK WIND IN M.P.H.
PRELIMINARY LOCAL CLIMATOLOGICAL DATA (WS FORM: F-6) , PAGE 2
STATION: YORK NE
MONTH: APRIL
YEAR: 2024
LATITUDE: 40 54 N
LONGITUDE: 97 37 W
[TEMPERATURE DATA] [PRECIPITATION DATA] SYMBOLS USED IN COLUMN 16
AVERAGE MONTHLY: 50.5 TOTAL FOR MONTH: 0.29 1 = FOG OR MIST
DPTR FM NORMAL: 0.0 DPTR FM NORMAL: 0.29 2 = FOG REDUCING VISIBILITY
HIGHEST: 84 ON 15,13 GRTST 24HR 0.29 ON 6- 6 TO 1/4 MILE OR LESS
LOWEST: 27 ON 5 3 = THUNDER
SNOW, ICE PELLETS, HAIL 4 = ICE PELLETS
TOTAL MONTH: M 5 = HAIL
GRTST 24HR M ON M 6 = FREEZING RAIN OR DRIZZLE
GRTST DEPTH: M ON M 7 = DUSTSTORM OR SANDSTORM:
VSBY 1/2 MILE OR LESS
8 = SMOKE OR HAZE
[NO. OF DAYS WITH] [WEATHER - DAYS WITH] 9 = BLOWING SNOW
X = TORNADO
MAX 32 OR BELOW: 0 0.01 INCH OR MORE: 1
MAX 90 OR ABOVE: 0 0.10 INCH OR MORE: 1
MIN 32 OR BELOW: 6 0.50 INCH OR MORE: 0
MIN 0 OR BELOW: 0 1.00 INCH OR MORE: 0
[HDD (BASE 65) ]
TOTAL THIS MO. 216 CLEAR (SCALE 0-3) 11
DPTR FM NORMAL M PTCLDY (SCALE 4-7) 3
TOTAL FM JUL 1 5270 CLOUDY (SCALE 8-10) 1
DPTR FM NORMAL M
[CDD (BASE 65) ]
TOTAL THIS MO. 3
DPTR FM NORMAL M [PRESSURE DATA]
TOTAL FM JAN 1 3 HIGHEST SLP M ON M
DPTR FM NORMAL M LOWEST SLP M ON M
[REMARKS]