664
CXHW53 PHFO 030138
CF6KOA
PRELIMINARY LOCAL CLIMATOLOGICAL DATA (WS FORM: F-6)
STATION: KONA HI
MONTH: DECEMBER
YEAR: 2020
LATITUDE: 19 38 N
LONGITUDE: 156 0 W
TEMPERATURE IN F: :PCPN: SNOW: WIND :SUNSHINE: SKY :PK WND
================================================================================
1 2 3 4 5 6A 6B 7 8 9 10 11 12 13 14 15 16 17 18
12Z AVG MX 2MIN
DY MAX MIN AVG DEP HDD CDD WTR SNW DPTH SPD SPD DIR MIN PSBL S-S WX SPD DR
================================================================================
1 85 71 78 1 0 13 0.00 M M 6.9 14 320 M M 2 18 320
2 84 71 78 1 0 13 0.00 M M 6.0 10 130 M M 1 16 360
3 87 73 80 3 0 15 0.00 M M 6.7 12 210 M M 0 16 210
4 87 76 82 6 0 17 0.00 M M 8.0 18 190 M M 5 22 190
5 86 76 81 5 0 16 0.00 M M 6.5 13 250 M M 5 15 250
6 85 75 80 4 0 15 0.02 M M 7.4 14 100 M M 5 17 110
7 86 75 81 5 0 16 0.02 M M 7.1 14 290 M M 8 16 290
8 85 74 80 4 0 15 0.25 M M 9.2 20 140 M M 7 24 150
9 85 73 79 3 0 14 0.00 M M 7.0 13 310 M M 5 15 240
10 85 74 80 4 0 15 0.09 M M 9.8 16 190 M M 6 21 180
11 85 73 79 3 0 14 T M M 5.9 14 200 M M 4 18 190
12 85 71 78 2 0 13 0.00 M M 6.4 13 210 M M 3 16 190
13 85 74 80 4 0 15 0.00 M M 8.5 17 200 M M 2 21 180
14 85 75 80 4 0 15 0.03 M M 6.9 18 100 M M 5 21 100
15 85 73 79 3 0 14 0.00 M M 5.8 14 170 M M 5 17 180
16 84 73 79 3 0 14 0.06 M M 5.9 12 280 M M 5 14 130
17 83 71 77 1 0 12 T M M 7.3 18 360 M M 6 23 360
18 84 70 77 1 0 12 T M M 9.8 21 70 M M 4 27 350
19 83 70 77 1 0 12 T M M 6.3 14 150 M M 4 17 160
20 82 72 77 1 0 12 T M M 6.9 17 70 M M 4 21 70
21 82 70 76 0 0 11 0.00 M M 7.5 16 180 M M 4 19 180
22 82 68 75 -1 0 10 0.00 M M 5.8 10 240 M M 2 13 250
23 81 69 75 -1 0 10 0.00 M M 6.6 13 20 M M 1 15 10
24 81 69 75 -1 0 10 0.00 M M 6.9 17 10 M M 2 22 10
25 82 69 76 0 0 11 0.00 M M 7.7 22 60 M M 3 28 50
26 84 70 77 1 0 12 0.00 M M 9.0 35 50 M M 2 45 50
27 83 71 77 1 0 12 T M M 6.7 14 130 M M 3 16 130
28 83 70 77 2 0 12 0.00 M M 7.4 16 180 M M 2 21 170
29 82 70 76 1 0 11 0.00 M M 6.2 13 320 M M 5 16 300
30 83 70 77 2 0 12 0.00 M M 7.0 18 10 M M 3 21 10
31 M M M M M M M M M M M M M M M M M
================================================================================
SM 2519 2156 0 393 0.47 M 215.1 M 113
================================================================================
AV 84.0 71.9 7.2 FASTST M M 4 MAX(MPH)
MISC ----> 35 50 45 50
================================================================================
NOTES:
# LAST OF SEVERAL OCCURRENCES
COLUMN 17 PEAK WIND IN M.P.H.
PRELIMINARY LOCAL CLIMATOLOGICAL DATA (WS FORM: F-6) , PAGE 2
STATION: KONA HI
MONTH: DECEMBER
YEAR: 2020
LATITUDE: 19 38 N
LONGITUDE: 156 0 W
[TEMPERATURE DATA] [PRECIPITATION DATA] SYMBOLS USED IN COLUMN 16
AVERAGE MONTHLY: 77.9 TOTAL FOR MONTH: 0.47 1 = FOG OR MIST
DPTR FM NORMAL: 2.0 DPTR FM NORMAL: -2.35 2 = FOG REDUCING VISIBILITY
HIGHEST: 87 ON 4, 3 GRTST 24HR 0.27 ON 7- 8 TO 1/4 MILE OR LESS
LOWEST: 68 ON 22 3 = THUNDER
SNOW, ICE PELLETS, HAIL 4 = ICE PELLETS
TOTAL MONTH: M 5 = HAIL
GRTST 24HR M ON M 6 = FREEZING RAIN OR DRIZZLE
GRTST DEPTH: M ON M 7 = DUSTSTORM OR SANDSTORM:
VSBY 1/2 MILE OR LESS
8 = SMOKE OR HAZE
[NO. OF DAYS WITH] [WEATHER - DAYS WITH] 9 = BLOWING SNOW
X = TORNADO
MAX 32 OR BELOW: 0 0.01 INCH OR MORE: 6
MAX 90 OR ABOVE: 0 0.10 INCH OR MORE: 1
MIN 32 OR BELOW: 0 0.50 INCH OR MORE: 0
MIN 0 OR BELOW: 0 1.00 INCH OR MORE: 0
[HDD (BASE 65) ]
TOTAL THIS MO. 0 CLEAR (SCALE 0-3) 12
DPTR FM NORMAL 0 PTCLDY (SCALE 4-7) 18
TOTAL FM JUL 1 0 CLOUDY (SCALE 8-10) 0
DPTR FM NORMAL 0
[CDD (BASE 65) ]
TOTAL THIS MO. 393
DPTR FM NORMAL 54 [PRESSURE DATA]
TOTAL FM JAN 1 5072 HIGHEST SLP 30.13 ON 25
DPTR FM NORMAL 350 LOWEST SLP 29.84 ON 17
[REMARKS]
#FINAL-12-20#