000
CXUS53 KIND 011511
CLMLAF
CLIMATE REPORT
NATIONAL WEATHER SERVICE INDIANAPOLIS IN
1111 AM EDT SAT JUL 01 2023
...................................
...THE LAFAYETTE IN CLIMATE SUMMARY FOR THE MONTH OF JUNE 2023...
CLIMATE NORMAL PERIOD 1991 TO 2020
CLIMATE RECORD PERIOD 9999 TO 9999
WEATHER OBSERVED NORMAL DEPART LAST YEAR`S
VALUE DATE(S) VALUE FROM VALUE DATE(S)
NORMAL
................................................................
TEMPERATURE (F)
HIGHEST 93 06/03 96 06/16
06/21
LOWEST 41R 06/09 47 06/04
AVG. MAXIMUM 83.2 81.2 2.0 84.9
AVG. MINIMUM 56.8 60.1 -3.3 59.2
MEAN 70.0 70.7 -0.7 72.1
DAYS MAX >= 90 7 4.8 2.2 8
DAYS MAX <= 32 0 0.0 0.0 0
DAYS MIN <= 32 0 0.0 0.0 0
DAYS MIN <= 0 0 0.0 0.0 0
PRECIPITATION (INCHES)
TOTALS 1.00R 4.56 -3.56 2.02
DAILY AVG. 0.03 0.15 -0.12 0.07
DAYS >= .01 3 12.6 -9.6 6
DAYS >= .10 3 7.8 -4.8 3
DAYS >= .50 0 3.1 -3.1 2
DAYS >= 1.00 0 1.3 -1.3 1
GREATEST
24 HR. TOTAL 0.48 06/25 TO 06/25
DEGREE DAYS
HEATING TOTAL 21 24 -3 0
SINCE 7/1 5133 5821 -688 MM
COOLING TOTAL 179 193 -14 220
SINCE 1/1 253 267 -14 MM
................................................................
WIND (MPH)
AVERAGE WIND SPEED 6.4
HIGHEST WIND SPEED/DIRECTION 35/260 DATE 06/29
HIGHEST GUST SPEED/DIRECTION 54/250 DATE 06/29
SKY COVER
AVERAGE SKY COVER 0.33
AVERAGE RH (PERCENT) 60
WEATHER CONDITIONS. NUMBER OF DAYS WITH
THUNDERSTORM 2 MIXED PRECIP 0
HEAVY RAIN 2 RAIN 3
LIGHT RAIN 6 FREEZING RAIN 0
LT FREEZING RAIN 0 HAIL 0
HEAVY SNOW 0 SNOW 0
LIGHT SNOW 0 SLEET 0
FOG 13 FOG W/VIS <= 1/4 MILE 2
HAZE 13
- INDICATES NEGATIVE NUMBERS.
R INDICATES RECORD WAS SET OR TIED.
MM INDICATES DATA IS MISSING.
T INDICATES TRACE AMOUNT.
$$