000
CXUS53 KGRR 011017
CF6LAN
PRELIMINARY LOCAL CLIMATOLOGICAL DATA (WS FORM: F-6)
STATION: LANSING
MONTH: JUNE
YEAR: 2020
LATITUDE: 42 46 N
LONGITUDE: 84 36 W
TEMPERATURE IN F: :PCPN: SNOW: WIND :SUNSHINE: SKY :PK WND
================================================================================
1 2 3 4 5 6A 6B 7 8 9 10 11 12 13 14 15 16 17 18
12Z AVG MX 2MIN
DY MAX MIN AVG DEP HDD CDD WTR SNW DPTH SPD SPD DIR MIN PSBL S-S WX SPD DR
================================================================================
1 71 44 58 -5 7 0 0.08 0.0 0 6.4 16 210 M M 1 23 200
2 88 59 74 11 0 9 0.00 0.0 0 12.3 21 250 M M 0 29 230
3 83 65 74 10 0 9 0.05 0.0 0 10.9 31 300 M M 1 47 300
4 84 58 71 7 0 6 0.00 0.0 0 2.5 10 210 M M 0 15 200
5 86 57 72 8 0 7 0.00 0.0 0 5.4 21 280 M M 1 1 28 270
6 80 59 70 5 0 5 0.00 0.0 0 6.6 17 320 M M 0 12 24 330
7 75 51 63 -2 2 0 0.00 0.0 0 3.9 13 50 M M 0 16 40
8 83 56 70 4 0 5 0.00 0.0 0 7.5 13 160 M M 0 18 160
9 90 62 76 10 0 11 T 0.0 0 10.7 23 150 M M 1 34 160
10 88 60 74 8 0 9 0.92 0.0 0 16.1 33 190 M M 8 123 50 180
11 76 58 67 1 0 2 0.07 0.0 0 14.9 35 310 M M 2 13 57 320
12 70 51 61 -6 4 0 0.00 0.0 0 5.6 14 330 M M 3 1 21 300
13 66 45 56 -11 9 0 0.00 0.0 0 9.6 17 70 M M 1 30 20
14 70 42 56 -11 9 0 0.00 0.0 0 6.4 20 70 M M 0 26 60
15 76 45 61 -7 4 0 0.00 0.0 0 4.1 14 50 M M 0 18 100
16 83 50 67 -1 0 2 0.00 0.0 0 2.6 9 170 M M 1 13 170
17 84 57 71 3 0 6 0.00 0.0 0 3.2 12 60 M M 0 17 40
18 87 56 72 4 0 7 0.00 0.0 0 2.4 10 150 M M 1 17 150
19 90 62 76 7 0 11 0.00 0.0 0 2.0 12 290 M M 1 17 290
20 93 65 79 10 0 14 T 0.0 0 6.8 17 150 M M 2 23 210
21 86 65 76 7 0 11 0.01 0.0 0 6.9 17 190 M M 4 3 23 190
22 86 64 75 5 0 10 0.15 0.0 0 6.6 15 220 M M 4 1 20 230
23 72 59 66 -4 0 1 0.04 0.0 0 11.2 30 260 M M 8 1 38 290
24 77 57 67 -3 0 2 0.00 0.0 0 10.4 22 290 M M 4 31 290
25 81 58 70 0 0 5 T 0.0 0 7.2 20 260 M M 2 27 270
26 84 58 71 1 0 6 0.68 0.0 0 6.9 23 220 M M 3 13 30 220
27 86 65 76 6 0 11 T 0.0 0 9.1 20 260 M M 6 1 26 260
28 86 58 72 1 0 7 0.00 0.0 0 2.1 9 50 M M 1 12 110
29 87 64 76 5 0 11 0.00 0.0 0 4.4 12 180 M M 0 16 160
30 87 64 76 5 0 11 0.00 0.0 0 5.2 13 60 M M 0 16 100
================================================================================
SM 2455 1714 35 178 2.00 0.0 209.9 M 55
================================================================================
AV 81.8 57.1 7.0 FASTST M M 2 MAX(MPH)
MISC ----> # 35 310 # 57 320
================================================================================
NOTES:
# LAST OF SEVERAL OCCURRENCES
COLUMN 17 PEAK WIND IN M.P.H.
PRELIMINARY LOCAL CLIMATOLOGICAL DATA (WS FORM: F-6) , PAGE 2
STATION: LANSING
MONTH: JUNE
YEAR: 2020
LATITUDE: 42 46 N
LONGITUDE: 84 36 W
[TEMPERATURE DATA] [PRECIPITATION DATA] SYMBOLS USED IN COLUMN 16
AVERAGE MONTHLY: 69.5 TOTAL FOR MONTH: 2.00 1 = FOG OR MIST
DPTR FM NORMAL: 1.9 DPTR FM NORMAL: -1.45 2 = FOG REDUCING VISIBILITY
HIGHEST: 93 ON 20 GRTST 24HR 0.92 ON 10-10 TO 1/4 MILE OR LESS
LOWEST: 42 ON 14 3 = THUNDER
SNOW, ICE PELLETS, HAIL 4 = ICE PELLETS
TOTAL MONTH: 0.0 INCH 5 = HAIL
GRTST 24HR 0.0 6 = FREEZING RAIN OR DRIZZLE
GRTST DEPTH: 0 7 = DUSTSTORM OR SANDSTORM:
VSBY 1/2 MILE OR LESS
8 = SMOKE OR HAZE
[NO. OF DAYS WITH] [WEATHER - DAYS WITH] 9 = BLOWING SNOW
X = TORNADO
MAX 32 OR BELOW: 0 0.01 INCH OR MORE: 8
MAX 90 OR ABOVE: 3 0.10 INCH OR MORE: 3
MIN 32 OR BELOW: 0 0.50 INCH OR MORE: 2
MIN 0 OR BELOW: 0 1.00 INCH OR MORE: 0
[HDD (BASE 65) ]
TOTAL THIS MO. 35 CLEAR (SCALE 0-3) 23
DPTR FM NORMAL -20 PTCLDY (SCALE 4-7) 7
TOTAL FM JUL 1 6362 CLOUDY (SCALE 8-10) 0
DPTR FM NORMAL -350
[CDD (BASE 65) ]
TOTAL THIS MO. 178
DPTR FM NORMAL 46 [PRESSURE DATA]
TOTAL FM JAN 1 229 HIGHEST SLP 30.44 ON 15
DPTR FM NORMAL 56 LOWEST SLP 29.47 ON 10
[REMARKS]
#FINAL-06-20#