000
CXUS55 KCYS 021326
CLMLAR
CLIMATE REPORT
NATIONAL WEATHER SERVICE CHEYENNE WY
626 AM MST TUE JAN 02 2024
...................................
...THE LARAMIE WYOMING AIRPORT CLIMATE SUMMARY FOR THE MONTH OF DECEMBER 2023...
CLIMATE NORMAL PERIOD 1991 TO 2020
CLIMATE RECORD PERIOD 1948 TO 2024
WEATHER OBSERVED NORMAL DEPART LAST YEAR`S
VALUE DATE(S) VALUE FROM VALUE DATE(S)
NORMAL
................................................................
TEMPERATURE (F)
RECORD
HIGH 62 12/02/2021
LOW -34 12/31/2014
12/22/1989
HIGHEST 57 12/06 MM MM 48
LOWEST -15 12/25 MM MM -24
AVG. MAXIMUM 42.0 32.7 9.3 33.6
AVG. MINIMUM 16.5 10.2 6.3 13.1
MEAN 29.3 21.5 7.8 23.3
DAYS MAX >= 90 0 0.0 0.0 0
DAYS MAX <= 32 6 14.2 -8.2 10
DAYS MIN <= 32 31 30.3 0.7 30
DAYS MIN <= 0 4 6.6 -2.6 3
PRECIPITATION (INCHES)
RECORD
MAXIMUM T 2023
TOTALS 0.21 0.32 -0.11 0.07
DAYS >= .01 6 4.9 1.1 4
DAYS >= .10 1 1.1 -0.1 0
DAYS >= .50 0 0.0 0.0 0
DAYS >= 1.00 0 0.0 0.0 0
GREATEST
24 HR. TOTAL 0.12 12/23 TO 12/23 0.04 12/21 TO 12/21
DEGREE DAYS
HEATING TOTAL 1099 1350 -251 1284
SINCE 7/1 2958 3573 -615 MM
COOLING TOTAL 0 0 0 0
SINCE 1/1 139 85 54 MM
................................................................
WIND (MPH)
AVERAGE WIND SPEED 11.8
HIGHEST WIND SPEED/DIRECTION 43/270 DATE 12/04
HIGHEST GUST SPEED/DIRECTION 58/270 DATE 12/04
SKY COVER
POSSIBLE SUNSHINE (PERCENT) MM
AVERAGE SKY COVER 0.31
NUMBER OF DAYS FAIR 18
NUMBER OF DAYS PC 9
NUMBER OF DAYS CLOUDY 4
AVERAGE RH (PERCENT) 53
WEATHER CONDITIONS. NUMBER OF DAYS WITH
THUNDERSTORM 0 MIXED PRECIP 0
HEAVY RAIN 0 RAIN 0
LIGHT RAIN 3 FREEZING RAIN 0
LT FREEZING RAIN 0 HAIL 0
HEAVY SNOW 0 SNOW 1
LIGHT SNOW 8 SLEET 0
FOG 4 FOG W/VIS <= 1/4 MILE 3
HAZE 5
- INDICATES NEGATIVE NUMBERS.
R INDICATES RECORD WAS SET OR TIED.
MM INDICATES DATA IS MISSING.
T INDICATES TRACE AMOUNT.
$$