000
CXUS55 KVEF 032117
CLMLAS
CLIMATE REPORT
NATIONAL WEATHER SERVICE LAS VEGAS, NV
217 PM PDT MON APR 03 2023
...................................
...THE LAS VEGAS NV CLIMATE SUMMARY FOR THE MONTH OF MARCH 2023...
CLIMATE NORMAL PERIOD: 1991 TO 2020
CLIMATE RECORD PERIOD: 1937 TO 2023
WEATHER OBSERVED NORMAL DEPART LAST YEAR`S
VALUE DATE(S) VALUE FROM VALUE DATE(S)
NORMAL
................................................................
TEMPERATURE (F)
RECORD
HIGH 93 03/26/2022
LOW 19 03/02/1939
HIGHEST 74 03/11 MM MM 93 03/26
LOWEST 37 03/03 MM MM 37 03/11
AVG. MAXIMUM 62.9 71.1 -8.2 73.1
AVG. MINIMUM 45.9 50.5 -4.6 50.2
MEAN 54.4 60.8 -6.4 61.6
DAYS MAX >= 90 0 0.3 -0.3 2
DAYS MAX <= 32 0 0.0 0.0 0
DAYS MIN <= 32 0 0.1 -0.1 0
DAYS MIN <= 0 0 0.0 0.0 0
PRECIPITATION (INCHES)
RECORD
MAXIMUM 4.80 1992
MINIMUM 0.00 2014
TOTALS 0.50 0.42 0.08 0.10
DAILY AVG. 0.02 0.01 0.01 0.00
DAYS >= .01 5 2.8 2.2 1
DAYS >= .10 3 1.3 1.7 1
DAYS >= .50 0 0.2 -0.2 0
DAYS >= 1.00 0 0.0 0.0 0
GREATEST
24 HR. TOTAL 0.22 03/01 TO 03/01
SNOWFALL (INCHES)
RECORDS
TOTAL 0.1 1976
24 HR TOTAL T
TOTALS 0.0 0.0 0.0 0.0
SINCE 7/1 T
SNOWDEPTH AVG. 0
DAYS >= TRACE 0
DAYS >= 1.0 0
GREATEST
SNOW DEPTH 0
24 HR TOTAL MM
STORM TOTAL 0.0
DEGREE DAYS
HEATING TOTAL 324 166 158 145
SINCE 7/1 2229 1770 459 MM
COOLING TOTAL 3 36 -33 49
SINCE 1/1 3 37 -34 MM
FREEZE DATES
RECORD
EARLIEST 10/21/1949
LATEST 04/12/1967
EARLIEST 12/16
LATEST 02/03
................................................................
WIND (MPH)
AVERAGE WIND SPEED 9.0
HIGHEST WIND SPEED/DIRECTION 32/350 DATE 03/02
32/350 03/15
HIGHEST GUST SPEED/DIRECTION 44/340 DATE 03/02
44/210 03/10
SKY COVER
POSSIBLE SUNSHINE (PERCENT) MM
AVERAGE SKY COVER 0.54
NUMBER OF DAYS FAIR 8
NUMBER OF DAYS PC 15
NUMBER OF DAYS CLOUDY 8
AVERAGE RH (PERCENT) 38
WEATHER CONDITIONS. NUMBER OF DAYS WITH
THUNDERSTORM 1 MIXED PRECIP 0
HEAVY RAIN 1 RAIN 1
LIGHT RAIN 10 FREEZING RAIN 0
LT FREEZING RAIN 0 HAIL 0
HEAVY SNOW 0 SNOW 0
LIGHT SNOW 0 SLEET 0
FOG 1 FOG W/VIS <= 1/4 MILE 0
HAZE 0
- INDICATES NEGATIVE NUMBERS.
R INDICATES RECORD WAS SET OR TIED.
MM INDICATES DATA IS MISSING.
T INDICATES TRACE AMOUNT.
$$