000
CXUS54 KOUN 271356
CF6LAW
PRELIMINARY LOCAL CLIMATOLOGICAL DATA (WS FORM: F-6)
STATION: LAWTON
MONTH: OCTOBER
YEAR: 2020
LATITUDE: 34 34 N
LONGITUDE: 98 25 W
TEMPERATURE IN F: :PCPN: SNOW: WIND :SUNSHINE: SKY :PK WND
================================================================================
1 2 3 4 5 6A 6B 7 8 9 10 11 12 13 14 15 16 17 18
12Z AVG MX 2MIN
DY MAX MIN AVG DEP HDD CDD WTR SNW DPTH SPD SPD DIR MIN PSBL S-S WX SPD DR
================================================================================
1 78 51 65 -4 0 0 0.00 0.0 0 10.2 20 30 M M 0 27 40
2 76 41 59 -10 6 0 0.00 0.0 0 6.6 17 170 M M 0 23 180
3 80 48 64 -4 1 0 0.00 0.0 0 7.4 21 30 M M 0 28 40
4 77 50 64 -4 1 0 0.00 0.0 0 7.7 15 80 M M 0 19 80
5 81 44 63 -5 2 0 0.00 0.0 0 8.3 21 150 M M 0 27 130
6 84 52 68 1 0 3 0.00 0.0 0 2.1 8 150 M M 0 10 160
7 90 51 71 4 0 6 0.00 0.0 0 4.8 13 130 M M 0 128 17 120
8 89 57 73 6 0 8 0.00 0.0 0 7.1 17 160 M M 0 1 23 160
9 85 54 70 4 0 5 0.00 0.0 0 5.9 14 190 M M 4 128 19 190
10 87 60 74 8 0 9 0.00 0.0 0 4.8 13 120 M M 4 12 16 130
11 98 63 81 15 0 16 0.00 0.0 0 9.4 17 200 M M 0 23 160
12 81 45 63 -2 2 0 0.00 0.0 0 10.5 39 10 M M 1 8 49 360
13 84 39 62 -3 3 0 0.00 0.0 0 6.9 16 170 M M 0 18 23 190
14 94 49 72 8 0 7 0.00 0.0 0 8.8 25 180 M M 0 8 34 180
15 75 53 64 0 1 0 0.00 0.0 0 20.1 35 30 M M 3 44 30
16 70 39 55 -9 10 0 0.00 0.0 0 6.5 13 160 M M 0 8 20 120
17 82 46 64 1 1 0 0.00 0.0 0 13.1 26 180 M M 0 35 200
18 77 47 62 -1 3 0 0.00 0.0 0 16.1 35 10 M M 6 43 360
19 63 45 54 -9 11 0 0.00 0.0 0 6.1 16 360 M M 10 20 360
20 87 52 70 8 0 5 0.00 0.0 0 8.7 17 190 M M 8 18 25 190
21 89 57 73 11 0 8 0.00 0.0 0 10.0 23 170 M M 2 29 170
22 88 66 77 15 0 12 0.00 0.0 0 15.0 25 170 M M 0 34 150
23 73 41 57 -4 8 0 0.12 0.0 0 19.6 37 360 M M 8 13 46 10
24 58 33 46 -15 19 0 0.00 0.0 0 5.7 12 10 M M 0 16 20
25 50 40 45 -15 20 0 0.01 0.0 0 14.9 28 20 M M 7 1 34 20
26 40 29 35 -25 30 0 1.73 0.0 0 20.3 29 20 M M 10 136 37 30
27 34 29 32 -28 33 0 0.83 T T 16.6 28 30 M M 10 146 35 30
28 40 34 37 -22 28 0 0.72 0.0 0 6.6 16 350 M M 10 13 20 360
29 60 35 48 -11 17 0 0.00 0.0 0 13.3 43 360 M M 3 1 56 10
30 66 31 49 -9 16 0 0.00 0.0 0 4.2 9 170 M M 0 1 13 200
31 74 37 56 -2 9 0 0.00 0.0 0 6.7 18 190 M M 0 24 210
================================================================================
SM 2310 1418 221 79 3.41 T 304.0 M 86
================================================================================
AV 74.5 45.7 9.8 FASTST M M 3 MAX(MPH)
MISC ----> 43 360 56 10
================================================================================
NOTES:
# LAST OF SEVERAL OCCURRENCES
COLUMN 17 PEAK WIND IN M.P.H.
PRELIMINARY LOCAL CLIMATOLOGICAL DATA (WS FORM: F-6) , PAGE 2
STATION: LAWTON
MONTH: OCTOBER
YEAR: 2020
LATITUDE: 34 34 N
LONGITUDE: 98 25 W
[TEMPERATURE DATA] [PRECIPITATION DATA] SYMBOLS USED IN COLUMN 16
AVERAGE MONTHLY: 60.1 TOTAL FOR MONTH: 3.41 1 = FOG OR MIST
DPTR FM NORMAL: -3.6 DPTR FM NORMAL: -0.25 2 = FOG REDUCING VISIBILITY
HIGHEST: 98 ON 11 GRTST 24HR 1.91 ON 26-27 TO 1/4 MILE OR LESS
LOWEST: 29 ON 27,26 3 = THUNDER
SNOW, ICE PELLETS, HAIL 4 = ICE PELLETS
TOTAL MONTH: T 5 = HAIL
GRTST 24HR T ON 27-27 6 = FREEZING RAIN OR DRIZZLE
GRTST DEPTH: T 7 = DUSTSTORM OR SANDSTORM:
VSBY 1/2 MILE OR LESS
8 = SMOKE OR HAZE
[NO. OF DAYS WITH] [WEATHER - DAYS WITH] 9 = BLOWING SNOW
X = TORNADO
MAX 32 OR BELOW: 0 0.01 INCH OR MORE: 5
MAX 90 OR ABOVE: 3 0.10 INCH OR MORE: 4
MIN 32 OR BELOW: 3 0.50 INCH OR MORE: 3
MIN 0 OR BELOW: 0 1.00 INCH OR MORE: 1
[HDD (BASE 65) ]
TOTAL THIS MO. 221 CLEAR (SCALE 0-3) 20
DPTR FM NORMAL 96 PTCLDY (SCALE 4-7) 7
TOTAL FM JUL 1 246 CLOUDY (SCALE 8-10) 4
DPTR FM NORMAL 108
[CDD (BASE 65) ]
TOTAL THIS MO. 79
DPTR FM NORMAL -6 [PRESSURE DATA]
TOTAL FM JAN 1 2214 HIGHEST SLP 30.43 ON 16
DPTR FM NORMAL -100 LOWEST SLP 29.59 ON 11
[REMARKS]
#FINAL-10-20#
CORRECTED MISSING SNOWFALL/SNOW DEPTH.