000
CXUS54 KLUB 010730
CF6LBB
PRELIMINARY LOCAL CLIMATOLOGICAL DATA (WS FORM: F-6)
STATION: LUBBOCK
MONTH: APRIL
YEAR: 2022
LATITUDE: 33 39 N
LONGITUDE: 101 49 W
TEMPERATURE IN F: :PCPN: SNOW: WIND :SUNSHINE: SKY :PK WND
================================================================================
1 2 3 4 5 6A 6B 7 8 9 10 11 12 13 14 15 16 17 18
12Z AVG MX 2MIN
DY MAX MIN AVG DEP HDD CDD WTR SNW DPTH SPD SPD DIR MIN PSBL S-S WX SPD DR
================================================================================
1 80 40 60 2 5 0 T 0.0 0 17.7 35 330 M M 6 8 45 340
2 76 37 57 -1 8 0 0.00 0.0 0 10.2 20 200 M M 0 26 200
3 89 52 71 13 0 6 0.00 0.0 0 15.2 25 30 M M 4 38 260
4 73 51 62 4 3 0 0.00 0.0 0 11.2 29 50 M M 4 38 40
5 92 49 71 12 0 6 0.00 0.0 0 20.5 38 270 M M 1 18 53 250
6 66 40 53 -6 12 0 0.00 0.0 0 13.5 35 20 M M 0 48 30
7 68 33 51 -8 14 0 0.00 0.0 0 10.0 21 300 M M 1 34 300
8 71 32 52 -7 13 0 0.00 0.0 0 8.0 17 260 M M 0 24 280
9 87 41 64 4 1 0 0.00 0.0 0 18.2 30 190 M M 1 43 190
10 88 56 72 12 0 7 0.00 0.0 0 16.2 32 210 M M 5 42 210
11 81 49 65 5 0 0 0.00 0.0 0 10.2 21 20 M M 2 27 10
12 88 58 73 13 0 8 0.00 0.0 0 22.2 40 240 M M 2 78 60 230
13 75 41 58 -2 7 0 T 0.0 0 16.0 37 290 M M 1 52 290
14 80 35 58 -3 7 0 0.00 0.0 0 13.0 25 210 M M 1 35 190
15 92 56 74 13 0 9 0.00 0.0 0 12.3 25 270 M M 3 34 290
16 72 43 58 -3 7 0 0.00 0.0 0 12.5 26 20 M M 6 32 10
17 86 38 62 1 3 0 0.00 0.0 0 9.8 28 320 M M 0 35 330
18 72 46 59 -3 6 0 0.00 0.0 0 16.4 28 120 M M 4 38 110
19 74 51 63 1 2 0 0.00 0.0 0 19.3 33 190 M M 8 8 43 190
20 94 59 77 15 0 12 0.00 0.0 0 14.1 31 200 M M 3 18 39 300
21 95 63 79 17 0 14 0.00 0.0 0 15.5 29 180 M M 1 38 170
22 86 70 78 15 0 13 0.00 0.0 0 29.8 43 180 M M 6 8 73 190
23 84 54 69 6 0 4 0.00 0.0 0 13.8 43 180 M M 6 7 62 180
24 74 48 61 -2 4 0 0.00 0.0 0 14.3 28 50 M M 2 36 50
25 69 44 57 -7 8 0 0.00 0.0 0 13.5 29 50 M M 2 38 50
26 74 38 56 -8 9 0 0.00 0.0 0 10.8 21 160 M M 2 29 140
27 83 56 70 6 0 5 0.00 0.0 0 17.8 28 180 M M 7 37 180
28 96 62 79 15 0 14 0.00 0.0 0 16.9 30 230 M M 2 42 230
29 91 62 77 12 0 12 0.00 0.0 0 18.8 30 250 M M 1 8 41 280
30 79 48 64 -1 1 0 0.00 0.0 0 7.6 25 20 M M 2 8 35 30
================================================================================
SM 2435 1452 110 110 T 0.0 445.3 M 83
================================================================================
AV 81.2 48.4 14.8 FASTST M M 3 MAX(MPH)
MISC ----> # 43 180 73 190
================================================================================
NOTES:
# LAST OF SEVERAL OCCURRENCES
COLUMN 17 PEAK WIND IN M.P.H.
PRELIMINARY LOCAL CLIMATOLOGICAL DATA (WS FORM: F-6) , PAGE 2
STATION: LUBBOCK
MONTH: APRIL
YEAR: 2022
LATITUDE: 33 39 N
LONGITUDE: 101 49 W
[TEMPERATURE DATA] [PRECIPITATION DATA] SYMBOLS USED IN COLUMN 16
AVERAGE MONTHLY: 64.8 TOTAL FOR MONTH: T 1 = FOG OR MIST
DPTR FM NORMAL: 3.6 DPTR FM NORMAL: -1.33 2 = FOG REDUCING VISIBILITY
HIGHEST: 96 ON 28 GRTST 24HR T ON 1- 1 TO 1/4 MILE OR LESS
LOWEST: 32 ON 8 3 = THUNDER
SNOW, ICE PELLETS, HAIL 4 = ICE PELLETS
TOTAL MONTH: 0.0 INCH 5 = HAIL
GRTST 24HR 0.0 6 = FREEZING RAIN OR DRIZZLE
GRTST DEPTH: 0 7 = DUSTSTORM OR SANDSTORM:
VSBY 1/2 MILE OR LESS
8 = SMOKE OR HAZE
[NO. OF DAYS WITH] [WEATHER - DAYS WITH] 9 = BLOWING SNOW
X = TORNADO
MAX 32 OR BELOW: 0 0.01 INCH OR MORE: 0
MAX 90 OR ABOVE: 6 0.10 INCH OR MORE: 0
MIN 32 OR BELOW: 1 0.50 INCH OR MORE: 0
MIN 0 OR BELOW: 0 1.00 INCH OR MORE: 0
[HDD (BASE 65) ]
TOTAL THIS MO. 110 CLEAR (SCALE 0-3) 19
DPTR FM NORMAL -59 PTCLDY (SCALE 4-7) 11
TOTAL FM JUL 1 2889 CLOUDY (SCALE 8-10) 0
DPTR FM NORMAL -313
[CDD (BASE 65) ]
TOTAL THIS MO. 110
DPTR FM NORMAL 57 [PRESSURE DATA]
TOTAL FM JAN 1 126 HIGHEST SLP M ON M
DPTR FM NORMAL 63 LOWEST SLP 29.32 ON 5
[REMARKS]
#FINAL-04-22#