240
CXUS55 KLBF 011200
CF6LBF
PRELIMINARY LOCAL CLIMATOLOGICAL DATA (WS FORM: F-6)
STATION: NORTH PLATTE
MONTH: JULY
YEAR: 2020
LATITUDE: 41 7 N
LONGITUDE: 100 41 W
TEMPERATURE IN F: :PCPN: SNOW: WIND :SUNSHINE: SKY :PK WND
================================================================================
1 2 3 4 5 6A 6B 7 8 9 10 11 12 13 14 15 16 17 18
12Z AVG MX 2MIN
DY MAX MIN AVG DEP HDD CDD WTR SNW DPTH SPD SPD DIR MIN PSBL S-S WX SPD DR
================================================================================
1 91 48 70 -3 0 5 0.00 0.0 0 6.1 14 120 M M 0 19 120
2 92 58 75 2 0 10 T 0.0 0 10.7 28 110 M M 1 1 34 330
3 94 61 78 5 0 13 0.00 0.0 0 7.8 15 120 M M 0 21 120
4 93 61 77 4 0 12 0.00 0.0 0 7.3 18 120 M M 0 26 110
5 93 62 78 4 0 13 0.00 0.0 0 7.4 17 120 M M 0 1 24 100
6 95 62 79 5 0 14 0.01 0.0 0 8.8 23 120 M M 0 3 33 130
7 97 69 83 9 0 18 0.00 0.0 0 14.9 25 180 M M 0 36 170
8 97 67 82 8 0 17 0.22 0.0 0 11.4 29 310 M M 0 3 44 310
9 89 57 73 -1 0 8 1.04 0.0 0 9.3 59 310 M M 1 13 87 310
10 91 63 77 3 0 12 T 0.0 0 10.2 23 110 M M 1 13 30 110
11 87 62 75 1 0 10 0.00 0.0 0 8.2 24 100 M M 2 33 100
12 92 57 75 1 0 10 0.00 0.0 0 8.8 24 150 M M 0 37 160
13 97 64 81 7 0 16 0.38 0.0 0 8.4 61 240 M M 0 13 87 240
14 79 63 71 -4 0 6 0.00 0.0 0 10.3 30 30 M M 4 41 30
15 82 61 72 -3 0 7 0.27 0.0 0 6.6 18 30 M M 2 13 26 30
16 91 61 76 1 0 11 0.00 0.0 0 9.5 16 180 M M 2 1 24 160
17 97 71 84 9 0 19 0.00 0.0 0 8.6 18 170 M M 0 25 160
18 91 63 77 2 0 12 T 0.0 0 5.8 21 30 M M 0 30 10
19 90 63 77 2 0 12 T 0.0 0 9.3 35 170 M M 3 3 51 190
20 87 65 76 1 0 11 0.02 0.0 0 8.1 30 120 M M 0 43 130
21 87 56 72 -3 0 7 0.00 0.0 0 6.7 14 110 M M 1 23 40
22 90 67 79 4 0 14 T 0.0 0 11.1 21 120 M M 3 31 130
23 94 72 83 8 0 18 0.00 0.0 0 12.5 22 160 M M 0 32 160
24 97 70 84 9 0 19 1.06 0.0 0 13.1 26 160 M M 3 13 42 160
25 95 69 82 7 0 17 0.72 0.0 0 6.7 28 210 M M 1 13 46 230
26 79 69 74 -1 0 9 T 0.0 0 7.4 18 350 M M 4 26 340
27 85 65 75 0 0 10 0.00 0.0 0 6.5 13 110 M M 4 17 130
28 89 67 78 3 0 13 0.00 0.0 0 6.9 13 190 M M 1 1 18 190
29 90 64 77 2 0 12 0.55 0.0 0 7.0 28 40 M M 2 13 37 40
30 79 59 69 -5 0 4 0.04 0.0 0 7.5 17 20 M M 6 24 20
31 87 55 71 -3 0 6 0.00 0.0 0 2.0 12 30 M M 3 12 15 20
================================================================================
SM 2797 1951 0 365 4.31 0.0 264.9 M 44
================================================================================
AV 90.2 62.9 8.5 FASTST M M 1 MAX(MPH)
MISC ----> # 61 240 # 87 310
================================================================================
NOTES:
# LAST OF SEVERAL OCCURRENCES
COLUMN 17 PEAK WIND IN M.P.H.
PRELIMINARY LOCAL CLIMATOLOGICAL DATA (WS FORM: F-6) , PAGE 2
STATION: NORTH PLATTE
MONTH: JULY
YEAR: 2020
LATITUDE: 41 7 N
LONGITUDE: 100 41 W
[TEMPERATURE DATA] [PRECIPITATION DATA] SYMBOLS USED IN COLUMN 16
AVERAGE MONTHLY: 76.6 TOTAL FOR MONTH: 4.31 1 = FOG OR MIST
DPTR FM NORMAL: 2.3 DPTR FM NORMAL: 1.24 2 = FOG REDUCING VISIBILITY
HIGHEST: 97 ON 24,17 GRTST 24HR 1.06 ON 24-24 TO 1/4 MILE OR LESS
LOWEST: 48 ON 1 3 = THUNDER
SNOW, ICE PELLETS, HAIL 4 = ICE PELLETS
TOTAL MONTH: 0.0 INCH 5 = HAIL
GRTST 24HR 0.0 6 = FREEZING RAIN OR DRIZZLE
GRTST DEPTH: 0 7 = DUSTSTORM OR SANDSTORM:
VSBY 1/2 MILE OR LESS
8 = SMOKE OR HAZE
[NO. OF DAYS WITH] [WEATHER - DAYS WITH] 9 = BLOWING SNOW
X = TORNADO
MAX 32 OR BELOW: 0 0.01 INCH OR MORE: 10
MAX 90 OR ABOVE: 20 0.10 INCH OR MORE: 7
MIN 32 OR BELOW: 0 0.50 INCH OR MORE: 4
MIN 0 OR BELOW: 0 1.00 INCH OR MORE: 2
[HDD (BASE 65) ]
TOTAL THIS MO. 0 CLEAR (SCALE 0-3) 25
DPTR FM NORMAL -5 PTCLDY (SCALE 4-7) 6
TOTAL FM JUL 1 0 CLOUDY (SCALE 8-10) 0
DPTR FM NORMAL -5
[CDD (BASE 65) ]
TOTAL THIS MO. 365
DPTR FM NORMAL 72 [PRESSURE DATA]
TOTAL FM JAN 1 701 HIGHEST SLP 30.17 ON 9
DPTR FM NORMAL 242 LOWEST SLP 29.59 ON 8
[REMARKS]
#FINAL-07-20#