000
CXUS55 KLBF 011200
CF6LBF
PRELIMINARY LOCAL CLIMATOLOGICAL DATA (WS FORM: F-6)
STATION: NORTH PLATTE
MONTH: MARCH
YEAR: 2020
LATITUDE: 41 7 N
LONGITUDE: 100 41 W
TEMPERATURE IN F: :PCPN: SNOW: WIND :SUNSHINE: SKY :PK WND
================================================================================
1 2 3 4 5 6A 6B 7 8 9 10 11 12 13 14 15 16 17 18
12Z AVG MX 2MIN
DY MAX MIN AVG DEP HDD CDD WTR SNW DPTH SPD SPD DIR MIN PSBL S-S WX SPD DR
================================================================================
1 56 25 41 8 24 0 T T 0 10.4 22 30 M M 1 30 10
2 56 22 39 5 26 0 0.01 0.1 T 9.9 28 310 M M 4 1 37 310
3 65 22 44 10 21 0 0.00 0.0 0 13.0 32 360 M M 1 49 360
4 73 19 46 12 19 0 0.00 0.0 0 11.4 29 240 M M 0 42 240
5 54 21 38 4 27 0 0.00 0.0 0 13.5 31 340 M M 1 42 340
6 67 19 43 8 22 0 0.00 0.0 0 10.6 22 200 M M 0 30 190
7 73 25 49 14 16 0 0.00 0.0 0 7.6 18 190 M M 0 26 190
8 79 33 56 20 9 0 0.00 0.0 0 9.9 35 50 M M 1 46 50
9 50 29 40 4 25 0 0.33 T 0 8.6 25 50 M M 6 16 35 50
10 64 28 46 10 19 0 T 0.0 0 9.0 32 330 M M 6 12 45 340
11 73 25 49 13 16 0 0.00 0.0 0 8.3 30 290 M M 3 128 39 310
12 64 25 45 8 20 0 T 0.0 0 13.6 29 20 M M 3 40 350
13 37 30 34 -3 31 0 0.27 1.9 0 10.7 25 140 M M 10 1 32 130
14 32 29 31 -7 34 0 0.03 0.2 2 16.1 21 130 M M 10 16 28 140
15 34 29 32 -6 33 0 T 0.0 1 10.8 18 200 M M 10 16 26 200
16 44 34 39 1 26 0 0.00 0.0 T 7.1 15 40 M M 10 1 19 40
17 41 34 38 0 27 0 0.00 0.0 0 9.6 22 200 M M 10 30 190
18 54 39 47 8 18 0 0.01 0.0 0 5.1 14 120 M M 10 18 19 130
19 47 23 35 -4 30 0 0.17 0.1 0 21.2 41 30 M M 10 1 59 50
20 33 14 24 -15 41 0 T T T 10.5 25 360 M M 5 35 360
21 50 19 35 -5 30 0 0.00 0.0 0 11.1 22 220 M M 0 31 220
22 62 28 45 5 20 0 0.01 0.0 0 9.7 23 200 M M 2 3 30 200
23 65 35 50 10 15 0 0.00 0.0 0 6.9 18 190 M M 5 1 24 180
24 72 31 52 12 13 0 0.00 0.0 0 7.7 28 320 M M 2 12 35 320
25 72 35 54 13 11 0 0.00 0.0 0 8.2 24 320 M M 2 31 320
26 49 37 43 2 22 0 0.00 0.0 0 9.1 16 100 M M 10 22 70
27 47 42 45 4 20 0 0.21 0.0 0 6.7 16 90 M M 10 1 22 110
28 48 34 41 -1 24 0 0.35 0.0 0 13.2 31 360 M M 8 1 48 350
29 64 27 46 4 19 0 0.00 0.0 0 7.4 16 290 M M 2 24 300
30 62 31 47 5 18 0 0.03 0.0 0 9.8 23 180 M M 5 1 33 160
31 73 36 55 12 10 0 0.00 0.0 0 9.1 25 260 M M 6 1 36 280
================================================================================
SM 1760 880 686 0 1.42 2.3 315.8 M 153
================================================================================
AV 56.8 28.4 10.2 FASTST M M 5 MAX(MPH)
MISC ----> # 41 30 # 59 50
================================================================================
NOTES:
# LAST OF SEVERAL OCCURRENCES
COLUMN 17 PEAK WIND IN M.P.H.
PRELIMINARY LOCAL CLIMATOLOGICAL DATA (WS FORM: F-6) , PAGE 2
STATION: NORTH PLATTE
MONTH: MARCH
YEAR: 2020
LATITUDE: 41 7 N
LONGITUDE: 100 41 W
[TEMPERATURE DATA] [PRECIPITATION DATA] SYMBOLS USED IN COLUMN 16
AVERAGE MONTHLY: 42.6 TOTAL FOR MONTH: 1.42 1 = FOG OR MIST
DPTR FM NORMAL: 4.6 DPTR FM NORMAL: 0.37 2 = FOG REDUCING VISIBILITY
HIGHEST: 79 ON 8 GRTST 24HR 0.35 ON 28-28 TO 1/4 MILE OR LESS
LOWEST: 14 ON 20 3 = THUNDER
SNOW, ICE PELLETS, HAIL 4 = ICE PELLETS
TOTAL MONTH: 2.3 INCHES 5 = HAIL
GRTST 24HR 1.9 ON 13-13 6 = FREEZING RAIN OR DRIZZLE
GRTST DEPTH: 2 ON 14 7 = DUSTSTORM OR SANDSTORM:
VSBY 1/2 MILE OR LESS
8 = SMOKE OR HAZE
[NO. OF DAYS WITH] [WEATHER - DAYS WITH] 9 = BLOWING SNOW
X = TORNADO
MAX 32 OR BELOW: 1 0.01 INCH OR MORE: 10
MAX 90 OR ABOVE: 0 0.10 INCH OR MORE: 5
MIN 32 OR BELOW: 21 0.50 INCH OR MORE: 0
MIN 0 OR BELOW: 0 1.00 INCH OR MORE: 0
[HDD (BASE 65) ]
TOTAL THIS MO. 686 CLEAR (SCALE 0-3) 12
DPTR FM NORMAL -151 PTCLDY (SCALE 4-7) 10
TOTAL FM JUL 1 5405 CLOUDY (SCALE 8-10) 9
DPTR FM NORMAL -460
[CDD (BASE 65) ]
TOTAL THIS MO. 0
DPTR FM NORMAL 0 [PRESSURE DATA]
TOTAL FM JAN 1 0 HIGHEST SLP 30.69 ON 20
DPTR FM NORMAL 0 LOWEST SLP 29.53 ON 28
[REMARKS]
#FINAL-03-20#