000
CXUS54 KLCH 010930
CF6LCH
PRELIMINARY LOCAL CLIMATOLOGICAL DATA (WS FORM: F-6)
STATION: LAKE CHARLES
MONTH: FEBRUARY
YEAR: 2023
LATITUDE: 30 7 N
LONGITUDE: 93 13 W
TEMPERATURE IN F: :PCPN: SNOW: WIND :SUNSHINE: SKY :PK WND
================================================================================
1 2 3 4 5 6A 6B 7 8 9 10 11 12 13 14 15 16 17 18
12Z AVG MX 2MIN
DY MAX MIN AVG DEP HDD CDD WTR SNW DPTH SPD SPD DIR MIN PSBL S-S WX SPD DR
================================================================================
1 43 39 41 -13 24 0 0.71 0.0 M 12.1 21 20 M M 10 1 27 30
2 43 39 41 -13 24 0 0.26 0.0 M 10.8 18 360 M M 10 1 25 340
3 58 37 48 -7 17 0 0.00 0.0 M 11.7 20 60 M M 3 1 27 10
4 58 33 46 -9 19 0 0.00 0.0 M 5.5 12 170 M M 0 16 200
5 69 42 56 1 9 0 0.00 0.0 M 5.6 13 210 M M 3 12 19 190
6 70 47 59 4 6 0 0.00 0.0 M 10.2 20 160 M M 3 12 25 160
7 77 53 65 10 0 0 0.00 0.0 M 9.2 16 160 M M 5 1 22 140
8 79 52 66 10 0 1 0.77 0.0 M 14.2 26 180 M M 8 13 36 190
9 69 43 56 0 9 0 0.00 0.0 M 4.1 10 50 M M 0 1 15 40
10 67 46 57 1 8 0 0.00 0.0 M 8.9 22 330 M M 3 31 330
11 50 41 46 -10 19 0 0.17 M M 12.9 22 320 M M 9 1 30 320
12 64 37 51 -5 14 0 0.00 0.0 M 5.8 13 200 M M 0 17 250
13 69 40 55 -1 10 0 0.00 0.0 M 5.4 14 190 M M 0 128 18 200
14 70 53 62 5 3 0 0.05 0.0 M 12.9 24 180 M M 8 18 33 180
15 76 66 71 14 0 6 0.00 0.0 M 13.0 25 170 M M 10 12 34 170
16 76 49 63 6 2 0 0.30 M M 12.9 25 340 M M 10 138 36 360
17 51 36 44 -13 21 0 0.00 0.0 M 15.1 28 340 M M 1 34 340
18 54 33 44 -14 21 0 0.00 0.0 M 5.7 17 80 M M 0 22 80
19 68 41 55 -3 10 0 0.00 0.0 M 6.9 15 180 M M 1 1 20 210
20 77 60 69 11 0 4 0.00 0.0 M 13.3 25 240 M M 6 1 37 250
21 75 67 71 13 0 6 0.00 0.0 M 13.0 23 170 M M 10 1 33 170
22 75 67 71 13 0 6 0.08 0.0 M 16.1 26 190 M M 10 18 39 190
23 81 65 73 14 0 8 0.00 0.0 M 8.3 15 180 M M 10 128 20 190
24 79 69 74 15 0 9 0.00 0.0 M 9.0 17 160 M M 10 18 21 160
25 78 66 72 13 0 7 0.00 0.0 M 6.7 12 200 M M 9 12 16 220
26 78 66 72 13 0 7 0.00 0.0 M 10.2 21 180 M M 9 1 33 170
27 77 68 73 13 0 8 0.00 0.0 M 12.5 24 200 M M 7 18 36 190
28 79 60 70 10 0 5 0.00 0.0 M 6.9 18 180 M M 7 128 25 200
================================================================================
SM 1910 1415 216 67 2.34 0.0 278.9 M 162
================================================================================
AV 68.2 50.5 10.0 FASTST M M 6 MAX(MPH)
MISC ----> 28 340 39 190
================================================================================
NOTES:
# LAST OF SEVERAL OCCURRENCES
COLUMN 17 PEAK WIND IN M.P.H.
PRELIMINARY LOCAL CLIMATOLOGICAL DATA (WS FORM: F-6) , PAGE 2
STATION: LAKE CHARLES
MONTH: FEBRUARY
YEAR: 2023
LATITUDE: 30 7 N
LONGITUDE: 93 13 W
[TEMPERATURE DATA] [PRECIPITATION DATA] SYMBOLS USED IN COLUMN 16
AVERAGE MONTHLY: 59.4 TOTAL FOR MONTH: 2.34 1 = FOG OR MIST
DPTR FM NORMAL: 2.5 DPTR FM NORMAL: -0.92 2 = FOG REDUCING VISIBILITY
HIGHEST: 81 ON 23 GRTST 24HR 0.91 ON 1- 2 TO 1/4 MILE OR LESS
LOWEST: 33 ON 18, 4 3 = THUNDER
SNOW, ICE PELLETS, HAIL 4 = ICE PELLETS
TOTAL MONTH: 0.0 INCH 5 = HAIL
GRTST 24HR 0.0 6 = FREEZING RAIN OR DRIZZLE
GRTST DEPTH: M ON M 7 = DUSTSTORM OR SANDSTORM:
VSBY 1/2 MILE OR LESS
8 = SMOKE OR HAZE
[NO. OF DAYS WITH] [WEATHER - DAYS WITH] 9 = BLOWING SNOW
X = TORNADO
MAX 32 OR BELOW: 0 0.01 INCH OR MORE: 7
MAX 90 OR ABOVE: 0 0.10 INCH OR MORE: 5
MIN 32 OR BELOW: 0 0.50 INCH OR MORE: 2
MIN 0 OR BELOW: 0 1.00 INCH OR MORE: 0
[HDD (BASE 65) ]
TOTAL THIS MO. 216 CLEAR (SCALE 0-3) 9
DPTR FM NORMAL -34 PTCLDY (SCALE 4-7) 7
TOTAL FM JUL 1 1090 CLOUDY (SCALE 8-10) 12
DPTR FM NORMAL -59
[CDD (BASE 65) ]
TOTAL THIS MO. 67
DPTR FM NORMAL 43 [PRESSURE DATA]
TOTAL FM JAN 1 96 HIGHEST SLP 30.53 ON 18
DPTR FM NORMAL 56 LOWEST SLP 29.76 ON 22
[REMARKS]
#FINAL-02-23#