000
CXUS54 KLCH 010830
CF6LCH
PRELIMINARY LOCAL CLIMATOLOGICAL DATA (WS FORM: F-6)
STATION: LAKE CHARLES
MONTH: MARCH
YEAR: 2022
LATITUDE: 30 7 N
LONGITUDE: 93 13 W
TEMPERATURE IN F: :PCPN: SNOW: WIND :SUNSHINE: SKY :PK WND
================================================================================
1 2 3 4 5 6A 6B 7 8 9 10 11 12 13 14 15 16 17 18
12Z AVG MX 2MIN
DY MAX MIN AVG DEP HDD CDD WTR SNW DPTH SPD SPD DIR MIN PSBL S-S WX SPD DR
================================================================================
1 69 35 52 -8 13 0 0.00 0.0 M 2.6 12 210 M M 0 1 14 200
2 72 37 55 -5 10 0 0.00 0.0 M 4.2 13 180 M M 0 18 20 240
3 72 46 59 -1 6 0 T M M 3.6 10 280 M M 0 18 16 230
4 77 44 61 0 4 0 0.00 0.0 M 6.2 16 160 M M 4 12 22 160
5 81 58 70 9 0 5 0.00 0.0 M 11.9 24 180 M M 6 1 33 180
6 82 67 75 14 0 10 0.01 0.0 M 17.2 29 160 M M 9 1 40 140
7 71 52 62 1 3 0 0.01 0.0 M 14.0 28 360 M M 7 12 37 360
8 52 44 48 -14 17 0 0.29 0.0 M 13.5 20 50 M M 10 13 28 80
9 60 43 52 -10 13 0 0.00 0.0 M 13.3 22 10 M M 7 33 80
10 74 40 57 -5 8 0 0.00 0.0 M 5.8 14 120 M M 0 18 18 40
11 70 40 55 -7 10 0 0.10 0.0 M 10.8 35 340 M M 9 18 49 340
12 55 33 44 -18 21 0 0.00 0.0 M 14.6 35 10 M M 1 45 10
13 60 32 46 -16 19 0 0.00 0.0 M 7.4 16 170 M M 2 8 31 170
14 67 48 58 -5 7 0 0.12 0.0 M 12.9 23 150 M M 10 13 30 140
15 74 52 63 0 2 0 1.81 0.0 M 9.8 26 360 M M 4 123 35 10
16 72 49 61 -2 4 0 0.00 0.0 M 5.9 14 210 M M 1 1 19 200
17 76 47 62 -1 3 0 0.25 M M 13.8 32 190 M M 7 123 52 180
18 74 56 65 1 0 0 0.00 0.0 M 14.3 24 310 M M 3 18 36 320
19 72 42 57 -7 8 0 0.00 0.0 M 6.9 21 10 M M 0 29 10
20 75 42 59 -5 6 0 0.00 0.0 M 7.6 17 150 M M 0 8 28 120
21 75 53 64 0 1 0 0.00 0.0 M 17.8 33 140 M M 9 44 140
22 73 51 62 -2 3 0 0.52 0.0 M 13.1 30 320 M M 7 123 44 330
23 68 47 58 -7 7 0 0.00 0.0 M 10.9 23 300 M M 0 30 290
24 72 43 58 -7 7 0 0.00 0.0 M 9.6 24 240 M M 0 35 240
25 79 42 61 -4 4 0 0.00 0.0 M 5.9 18 330 M M 0 28 340
26 77 45 61 -4 4 0 0.00 0.0 M 5.9 17 210 M M 1 12 25 190
27 77 50 64 -1 1 0 0.00 0.0 M 9.2 18 210 M M 2 12 30 200
28 80 53 67 1 0 2 0.00 0.0 M 9.4 24 200 M M 3 12 34 200
29 80 66 73 7 0 8 0.00 0.0 M 18.2 26 170 M M 5 39 160
30 77 60 69 3 0 4 0.55 0.0 M 17.1 37 180 M M 6 138 56 180
31 74 52 63 -3 2 0 0.00 0.0 M 6.6 13 50 M M 0 18 60
================================================================================
SM 2237 1469 183 29 3.66 0.0 320.0 M 113
================================================================================
AV 72.2 47.4 10.3 FASTST M M 4 MAX(MPH)
MISC ----> 37 180 56 180
================================================================================
NOTES:
# LAST OF SEVERAL OCCURRENCES
COLUMN 17 PEAK WIND IN M.P.H.
PRELIMINARY LOCAL CLIMATOLOGICAL DATA (WS FORM: F-6) , PAGE 2
STATION: LAKE CHARLES
MONTH: MARCH
YEAR: 2022
LATITUDE: 30 7 N
LONGITUDE: 93 13 W
[TEMPERATURE DATA] [PRECIPITATION DATA] SYMBOLS USED IN COLUMN 16
AVERAGE MONTHLY: 59.8 TOTAL FOR MONTH: 3.66 1 = FOG OR MIST
DPTR FM NORMAL: -3.3 DPTR FM NORMAL: -0.01 2 = FOG REDUCING VISIBILITY
HIGHEST: 82 ON 6 GRTST 24HR 1.93 ON 14-15 TO 1/4 MILE OR LESS
LOWEST: 32 ON 13 3 = THUNDER
SNOW, ICE PELLETS, HAIL 4 = ICE PELLETS
TOTAL MONTH: 0.0 INCH 5 = HAIL
GRTST 24HR 0.0 6 = FREEZING RAIN OR DRIZZLE
GRTST DEPTH: M ON M 7 = DUSTSTORM OR SANDSTORM:
VSBY 1/2 MILE OR LESS
8 = SMOKE OR HAZE
[NO. OF DAYS WITH] [WEATHER - DAYS WITH] 9 = BLOWING SNOW
X = TORNADO
MAX 32 OR BELOW: 0 0.01 INCH OR MORE: 9
MAX 90 OR ABOVE: 0 0.10 INCH OR MORE: 7
MIN 32 OR BELOW: 1 0.50 INCH OR MORE: 3
MIN 0 OR BELOW: 0 1.00 INCH OR MORE: 1
[HDD (BASE 65) ]
TOTAL THIS MO. 183 CLEAR (SCALE 0-3) 17
DPTR FM NORMAL 53 PTCLDY (SCALE 4-7) 9
TOTAL FM JUL 1 1297 CLOUDY (SCALE 8-10) 5
DPTR FM NORMAL 20
[CDD (BASE 65) ]
TOTAL THIS MO. 29
DPTR FM NORMAL -42 [PRESSURE DATA]
TOTAL FM JAN 1 60 HIGHEST SLP 30.00 ON 31
DPTR FM NORMAL -49 LOWEST SLP 29.86 ON 31
[REMARKS]
#FINAL-03-22#