000
CXUS54 KLCH 021446
CF6LFT
PRELIMINARY LOCAL CLIMATOLOGICAL DATA (WS FORM: F-6)
STATION: LAFAYETTE
MONTH: OCTOBER
YEAR: 2020
LATITUDE: 30 12 N
LONGITUDE: 92 0 W
TEMPERATURE IN F: :PCPN: SNOW: WIND :SUNSHINE: SKY :PK WND
================================================================================
1 2 3 4 5 6A 6B 7 8 9 10 11 12 13 14 15 16 17 18
12Z AVG MX 2MIN
DY MAX MIN AVG DEP HDD CDD WTR SNW DPTH SPD SPD DIR MIN PSBL S-S WX SPD DR
================================================================================
1 87 57 72 -3 0 7 0.00 0.0 0 5.8 15 10 M M 0 21 360
2 81 55 68 -6 0 3 0.00 0.0 0 5.6 12 340 M M 0 16 330
3 78 52 65 -9 0 0 0.00 0.0 0 2.7 8 40 M M 0 13 60
4 83 54 69 -5 0 4 0.00 0.0 0 5.5 17 360 M M 0 26 10
5 82 58 70 -4 0 5 0.00 0.0 0 6.7 14 350 M M 0 18 360
6 84 56 70 -3 0 5 0.00 0.0 0 6.6 12 20 M M 0 21 50
7 88 66 77 4 0 12 0.00 0.0 0 4.6 13 30 M M 7 18 17 30
8 84 74 79 6 0 14 0.01 0.0 0 7.4 15 40 M M 7 24 40
9 78 71 75 3 0 10 3.43 0.0 0 17.0 40 170 M M 10 138 75 150
10 85 69 77 5 0 12 0.00 0.0 0 11.4 36 260 M M M 18 55 240
11 87 71 79 7 0 14 0.00 0.0 0 6.9 14 260 M M M 18 270
12 88 72 80 9 0 15 0.00 0.0 0 7.8 17 240 M M 5 27 220
13 85 61 73 2 0 8 0.00 0.0 0 6.9 13 20 M M M 18 350
14 84 57 71 0 0 6 0.00 0.0 0 2.9 10 210 M M M 14 250
15 86 64 75 4 0 10 0.00 0.0 0 3.5 13 190 M M M 18 18 190
16 74 55 65 -5 0 0 0.00 0.0 0 12.2 22 20 M M 9 1 30 30
17 78 54 66 -4 0 1 0.00 0.0 0 3.9 9 170 M M 2 17 70
18 85 62 74 4 0 9 0.00 0.0 0 3.7 10 200 M M 4 17 170
19 86 69 78 9 0 13 0.00 0.0 0 2.3 9 200 M M 5 1 13 190
20 85 67 76 7 0 11 0.00 0.0 0 3.3 8 80 M M 3 14 100
21 87 67 77 8 0 12 0.00 0.0 0 3.2 13 40 M M 3 12 19 40
22 87 67 77 8 0 12 0.13 0.0 0 3.1 12 30 M M 4 138 15 190
23 82 69 76 8 0 11 1.18 0.0 0 4.2 16 20 M M 8 13 22 210
24 73 57 65 -3 0 0 0.00 0.0 0 10.5 16 360 M M 9 1 21 20
25 73 55 64 -4 1 0 0.00 0.0 0 5.7 9 20 M M 5 1 14 350
26 82 60 71 3 0 6 0.00 0.0 0 3.3 10 10 M M 5 13 30
27 83 63 73 6 0 8 0.51 0.0 0 4.1 9 110 M M 5 17 120
28 81 61 71 4 0 6 0.00 0.0 M 7.9 23 300 M M 9 32 300
29 65 48 57 -10 8 0 0.00 0.0 0 12.7 22 280 M M 1 31 260
30 67 49 58 -8 7 0 0.00 0.0 0 10.7 23 10 M M 4 31 10
31 73 45 59 -7 6 0 0.00 0.0 0 2.3 8 330 M M 0 12 300
================================================================================
SM 2521 1885 22 214 5.26 0.0 194.4 M 105
================================================================================
AV 81.3 60.8 6.3 FASTST M M 4 MAX(MPH)
MISC ----> # 40 170 # 75 150
================================================================================
NOTES:
# LAST OF SEVERAL OCCURRENCES
COLUMN 17 PEAK WIND IN M.P.H.
PRELIMINARY LOCAL CLIMATOLOGICAL DATA (WS FORM: F-6) , PAGE 2
STATION: LAFAYETTE
MONTH: OCTOBER
YEAR: 2020
LATITUDE: 30 12 N
LONGITUDE: 92 0 W
[TEMPERATURE DATA] [PRECIPITATION DATA] SYMBOLS USED IN COLUMN 16
AVERAGE MONTHLY: 71.1 TOTAL FOR MONTH: 5.26 1 = FOG OR MIST
DPTR FM NORMAL: 0.8 DPTR FM NORMAL: 0.03 2 = FOG REDUCING VISIBILITY
HIGHEST: 88 ON 12, 7 GRTST 24HR 3.43 ON 9- 9 TO 1/4 MILE OR LESS
LOWEST: 45 ON 31 3 = THUNDER
SNOW, ICE PELLETS, HAIL 4 = ICE PELLETS
TOTAL MONTH: 0.0 INCH 5 = HAIL
GRTST 24HR 0.0 6 = FREEZING RAIN OR DRIZZLE
GRTST DEPTH: 0 7 = DUSTSTORM OR SANDSTORM:
VSBY 1/2 MILE OR LESS
8 = SMOKE OR HAZE
[NO. OF DAYS WITH] [WEATHER - DAYS WITH] 9 = BLOWING SNOW
X = TORNADO
MAX 32 OR BELOW: 0 0.01 INCH OR MORE: 5
MAX 90 OR ABOVE: 0 0.10 INCH OR MORE: 4
MIN 32 OR BELOW: 0 0.50 INCH OR MORE: 3
MIN 0 OR BELOW: 0 1.00 INCH OR MORE: 2
[HDD (BASE 65) ]
TOTAL THIS MO. 22 CLEAR (SCALE 0-3) 10
DPTR FM NORMAL -13 PTCLDY (SCALE 4-7) 12
TOTAL FM JUL 1 22 CLOUDY (SCALE 8-10) 4
DPTR FM NORMAL -14
[CDD (BASE 65) ]
TOTAL THIS MO. 214
DPTR FM NORMAL 13 [PRESSURE DATA]
TOTAL FM JAN 1 2988 HIGHEST SLP 30.26 ON 31
DPTR FM NORMAL 99 LOWEST SLP 29.15 ON 9
[REMARKS]
#FINAL-10-20#