000
CXUS51 KOKX 011424
CLMLGA
NYCCLMLGA 000
TTAA00 OKX 011421
CLIMATE REPORT
NATIONAL WEATHER SERVICE NEW YORK, NY
919 AM EST THU FEB 01 2024
...................................
...THE LAGUARDIA NY CLIMATE SUMMARY FOR THE MONTH OF JANUARY 2024...
CLIMATE NORMAL PERIOD 1991 TO 2020
CLIMATE RECORD PERIOD 1939 TO 2024
WEATHER OBSERVED NORMAL DEPART LAST YEAR`S
VALUE DATE(S) VALUE FROM VALUE DATE(S)
NORMAL
................................................................
TEMPERATURE (F)
RECORD
HIGH 72 01/06/2007
01/26/1950
LOW -3 01/19/1994
01/21/1985
HIGHEST 60 01/13 MM MM 66 01/04
LOWEST 19 01/17 MM MM 30 01/15
01/20
01/16
AVG. MAXIMUM 41.9 40.2 1.7 48.4
AVG. MINIMUM 32.4 28.6 3.8 38.1
MEAN 37.1 34.4 2.7 43.3
DAYS MAX >= 90 0 0.0 0.0 0
DAYS MAX <= 32 5 6.7 -1.7 0
DAYS MIN <= 32 13 19.9 -6.9 4
DAYS MIN <= 0 0 0.1 -0.1 0
PRECIPITATION (INCHES)
RECORD
MAXIMUM 8.68 1979
MINIMUM 0.51 1981
TOTALS 5.81 3.25 2.56 4.66
DAILY AVG. 0.19 0.10 0.09 0.15
DAYS >= .01 16 10.3 5.7 15
DAYS >= .10 9 6.0 3.0 9
DAYS >= .50 3 2.2 0.8 3
DAYS >= 1.00 2 0.8 1.2 2
GREATEST
24 HR. TOTAL 2.27 01/09 TO 01/10 1.47 01/25 TO 01/26
STORM TOTAL 1.95 1.13
(MM/DD(HH)) MM
SNOWFALL (INCHES)
RECORDS
TOTAL 32.6 2011
24 HR TOTAL MM
TOTALS 3.9 8.6 -4.7 T
LIQUID EQUIV 0.40 0.80 -0.40 T
SINCE 7/1 3.9 14.2 -10.3 MM
LIQUID 7/1 0.39 1.40 MM
DAYS >= TRACE 9 4.4 4.6 4
DAYS >= 1.0 2 2.0 0.0 0
GREATEST
SNOW DEPTH 2 01/16 MM MM
24 HR TOTAL MM MM
STORM TOTAL 2.0 0.0
(MM/DD(HH)) MM
DEGREE DAYS
HEATING TOTAL 858 948 -90 665
SINCE 7/1 2176 2418 -242 MM
COOLING TOTAL 0 0 0 0
SINCE 1/1 0 0 0 MM
................................................................
WIND (MPH)
AVERAGE WIND SPEED 12.0
HIGHEST WIND SPEED/DIRECTION 40/160 DATE 01/09
HIGHEST GUST SPEED/DIRECTION 55/160 DATE 01/09
SKY COVER
POSSIBLE SUNSHINE (PERCENT) MM
AVERAGE SKY COVER 0.71
NUMBER OF DAYS FAIR 5
NUMBER OF DAYS PC 7
NUMBER OF DAYS CLOUDY 19
AVERAGE RH (PERCENT) 62
WEATHER CONDITIONS. NUMBER OF DAYS WITH
THUNDERSTORM 0 MIXED PRECIP 0
HEAVY RAIN 2 RAIN 6
LIGHT RAIN 13 FREEZING RAIN 0
LT FREEZING RAIN 1 HAIL 0
HEAVY SNOW 0 SNOW 0
LIGHT SNOW 9 SLEET 2
FOG 14 FOG W/VIS <= 1/4 MILE 1
HAZE 4
- INDICATES NEGATIVE NUMBERS.
R INDICATES RECORD WAS SET OR TIED.
MM INDICATES DATA IS MISSING.
T INDICATES TRACE AMOUNT.
$$