000
CXUS55 KPUB 011610
CF6LHX
PRELIMINARY LOCAL CLIMATOLOGICAL DATA (WS FORM: F-6)
STATION: LA JUNTA CO
MONTH: FEBRUARY
YEAR: 2020
LATITUDE: 38 2 N
LONGITUDE: 103 31 W
TEMPERATURE IN F: :PCPN: SNOW: WIND :SUNSHINE: SKY :PK WND
================================================================================
1 2 3 4 5 6A 6B 7 8 9 10 11 12 13 14 15 16 17 18
12Z AVG MX 2MIN
DY MAX MIN AVG DEP HDD CDD WTR SNW DPTH SPD SPD DIR MIN PSBL S-S WX SPD DR
================================================================================
1 75 26 51 19 14 0 0.00 M M 13.7 22 250 M M 0 30 270
2 80 36 58 26 7 0 0.00 M M 12.1 26 260 M M 0 37 260
3 61 23 42 10 23 0 T M M 14.7 32 360 M M 8 45 260
4 25 6 16 -16 49 0 0.02 M M 9.7 17 30 M M 9 18 23 30
5 27 0 14 -18 51 0 T T M 8.3 17 250 M M 4 18 22 230
6 45 8 27 -6 38 0 0.01 M M 8.7 17 10 M M 5 1 22 310
7 32 12 22 -11 43 0 0.25 M M 7.7 15 260 M M 10 12 22 350
8 32 8 20 -13 45 0 T M M 7.0 24 350 M M 2 12 35 350
9 40 23 32 -1 33 0 0.00 M M 6.6 20 20 M M 5 23 20
10 39 21 30 -3 35 0 T M M 8.4 17 20 M M 4 1 23 10
11 35 19 27 -7 38 0 T M M 8.7 20 40 M M 5 1 25 40
12 44 15 30 -4 35 0 0.00 M M 12.4 30 20 M M 5 38 20
13 30 15 23 -11 42 0 0.00 M M 9.2 17 100 M M 8 23 90
14 61 15 38 4 27 0 0.00 M M 6.3 18 250 M M 2 24 250
15 48 27 38 3 27 0 0.00 0.0 M 8.2 16 110 M M 0 24 330
16 62 24 43 8 22 0 0.00 0.0 M 7.7 15 100 M M 0 18 90
17 50 28 39 4 26 0 T M M 8.9 21 10 M M 5 1 29 360
18 35 28 32 -4 33 0 0.05 M M 8.5 22 50 M M 10 1 29 50
19 40 20 30 -6 35 0 0.07 M M 11.7 28 30 M M 7 128 34 30
20 29 9 19 -17 46 0 T M M 4.6 12 280 M M 3 128 14 40
21 49 7 28 -8 37 0 0.00 M M 6.7 15 280 M M 1 128 18 270
22 57 28 43 6 22 0 0.00 M M 6.6 14 210 M M 0 16 200
23 54 30 42 5 23 0 T M M 9.0 32 20 M M 6 42 30
24 58 24 41 3 24 0 T M M 12.6 38 350 M M 2 50 10
25 33 15 24 -14 41 0 T M M 18.9 45 350 M M 6 8 55 340
26 46 11 29 -9 36 0 0.00 M M 7.5 13 250 M M 0 16 260
27 57 19 38 -1 27 0 0.00 M M 9.7 24 350 M M 0 32 340
28 62 20 41 2 24 0 0.00 M M 7.9 16 110 M M 0 19 110
29 71 28 50 11 15 0 0.00 M M 6.6 10 270 M M 0 M M
================================================================================
SM 1377 545 918 0 0.40 T 268.6 M 107
================================================================================
AV 47.5 18.8 9.3 FASTST M M 4 MAX(MPH)
MISC ----> 45 350 55 340
================================================================================
NOTES:
# LAST OF SEVERAL OCCURRENCES
COLUMN 17 PEAK WIND IN M.P.H.
PRELIMINARY LOCAL CLIMATOLOGICAL DATA (WS FORM: F-6) , PAGE 2
STATION: LA JUNTA CO
MONTH: FEBRUARY
YEAR: 2020
LATITUDE: 38 2 N
LONGITUDE: 103 31 W
[TEMPERATURE DATA] [PRECIPITATION DATA] SYMBOLS USED IN COLUMN 16
AVERAGE MONTHLY: 33.1 TOTAL FOR MONTH: 0.40 1 = FOG OR MIST
DPTR FM NORMAL: -1.8 DPTR FM NORMAL: 0.04 2 = FOG REDUCING VISIBILITY
HIGHEST: 80 ON 2 GRTST 24HR 0.26 ON 6- 7 TO 1/4 MILE OR LESS
LOWEST: 0 ON 5 3 = THUNDER
SNOW, ICE PELLETS, HAIL 4 = ICE PELLETS
TOTAL MONTH: T 5 = HAIL
GRTST 24HR T ON 5- 5 6 = FREEZING RAIN OR DRIZZLE
GRTST DEPTH: M ON M 7 = DUSTSTORM OR SANDSTORM:
VSBY 1/2 MILE OR LESS
8 = SMOKE OR HAZE
[NO. OF DAYS WITH] [WEATHER - DAYS WITH] 9 = BLOWING SNOW
X = TORNADO
MAX 32 OR BELOW: 6 0.01 INCH OR MORE: 5
MAX 90 OR ABOVE: 0 0.10 INCH OR MORE: 1
MIN 32 OR BELOW: 28 0.50 INCH OR MORE: 0
MIN 0 OR BELOW: 1 1.00 INCH OR MORE: 0
[HDD (BASE 65) ]
TOTAL THIS MO. 918 CLEAR (SCALE 0-3) 14
DPTR FM NORMAL 74 PTCLDY (SCALE 4-7) 12
TOTAL FM JUL 1 3975 CLOUDY (SCALE 8-10) 3
DPTR FM NORMAL -177
[CDD (BASE 65) ]
TOTAL THIS MO. 0
DPTR FM NORMAL 0 [PRESSURE DATA]
TOTAL FM JAN 1 0 HIGHEST SLP 30.79 ON 20
DPTR FM NORMAL 0 LOWEST SLP 29.30 ON 3
[REMARKS]
#FINAL-02-20#