000
CXUS55 KPUB 011510
CF6LHX
PRELIMINARY LOCAL CLIMATOLOGICAL DATA (WS FORM: F-6)
STATION: LA JUNTA CO
MONTH: MARCH
YEAR: 2020
LATITUDE: 38 2 N
LONGITUDE: 103 31 W
TEMPERATURE IN F: :PCPN: SNOW: WIND :SUNSHINE: SKY :PK WND
================================================================================
1 2 3 4 5 6A 6B 7 8 9 10 11 12 13 14 15 16 17 18
12Z AVG MX 2MIN
DY MAX MIN AVG DEP HDD CDD WTR SNW DPTH SPD SPD DIR MIN PSBL S-S WX SPD DR
================================================================================
1 67 28 48 9 17 0 0.00 M M 11.6 32 80 M M 3 45 70
2 64 29 47 7 18 0 0.00 M M 9.6 26 290 M M 3 33 290
3 66 22 44 4 21 0 0.00 M M 8.8 18 30 M M 0 24 30
4 71 24 48 8 17 0 0.00 M M 12.0 20 200 M M 0 29 210
5 54 27 41 0 24 0 0.00 M M 7.5 20 50 M M 0 26 40
6 75 27 51 10 14 0 0.00 0.0 M 11.6 25 210 M M 0 34 220
7 76 38 57 15 8 0 0.00 0.0 M 13.3 25 210 M M 0 33 210
8 76 45 61 19 4 0 0.00 0.0 M 13.6 31 350 M M 0 41 360
9 65 42 54 12 11 0 0.00 0.0 M 10.4 31 10 M M 3 45 20
10 75 30 53 11 12 0 0.00 0.0 M 7.9 21 20 M M 1 28 20
11 77 31 54 11 11 0 0.00 0.0 M 10.7 21 270 M M 0 30 140
12 66 37 52 9 13 0 0.00 M M 13.5 26 60 M M 0 37 70
13 40 33 37 -7 28 0 0.02 M M 20.6 33 130 M M 10 1 41 130
14 49 33 41 -3 24 0 0.00 M M 11.8 28 80 M M 10 18 35 90
15 62 34 48 4 17 0 0.00 M M 11.9 20 110 M M 6 1 25 120
16 67 27 47 3 18 0 T M M 9.4 25 90 M M 4 12 31 90
17 67 37 52 7 13 0 T M M 14.1 26 150 M M 4 1 35 140
18 75 32 54 9 11 0 0.00 M M 13.0 32 190 M M 1 1 45 200
19 60 28 44 -1 21 0 T M M 21.7 45 320 M M 4 60 330
20 48 25 37 -9 28 0 0.00 M M 11.0 23 120 M M 6 30 120
21 60 22 41 -5 24 0 0.04 M M 6.2 18 70 M M 2 8 23 70
22 71 30 51 5 14 0 0.00 M M 8.1 31 280 M M 3 12 47 270
23 70 28 49 3 16 0 0.00 M M 9.5 25 110 M M 1 33 120
24 71 33 52 6 13 0 0.00 M M 8.4 23 270 M M 2 12 29 260
25 79 44 62 15 3 0 0.00 M M 20.2 35 240 M M 0 48 240
26 83 48 66 19 0 1 0.00 M M 20.5 40 270 M M 0 54 260
27 58 38 48 1 17 0 0.12 M M 12.6 29 10 M M 6 1 35 20
28 57 30 44 -4 21 0 0.01 M M 15.9 36 340 M M 3 47 330
29 63 26 45 -3 20 0 0.00 M M 7.9 16 260 M M 1 21 250
30 68 34 51 3 14 0 0.00 0.0 M 8.9 32 350 M M 1 41 360
31 75 32 54 6 11 0 0.00 0.0 M 8.9 18 230 M M 0 26 220
================================================================================
SM 2055 994 483 1 0.19 0.0 371.1 M 74
================================================================================
AV 66.3 32.1 12.0 FASTST M M 2 MAX(MPH)
MISC ----> 45 320 60 330
================================================================================
NOTES:
# LAST OF SEVERAL OCCURRENCES
COLUMN 17 PEAK WIND IN M.P.H.
PRELIMINARY LOCAL CLIMATOLOGICAL DATA (WS FORM: F-6) , PAGE 2
STATION: LA JUNTA CO
MONTH: MARCH
YEAR: 2020
LATITUDE: 38 2 N
LONGITUDE: 103 31 W
[TEMPERATURE DATA] [PRECIPITATION DATA] SYMBOLS USED IN COLUMN 16
AVERAGE MONTHLY: 49.2 TOTAL FOR MONTH: 0.19 1 = FOG OR MIST
DPTR FM NORMAL: 5.0 DPTR FM NORMAL: -0.62 2 = FOG REDUCING VISIBILITY
HIGHEST: 83 ON 26 GRTST 24HR 0.13 ON 27-28 TO 1/4 MILE OR LESS
LOWEST: 22 ON 21, 3 3 = THUNDER
SNOW, ICE PELLETS, HAIL 4 = ICE PELLETS
TOTAL MONTH: 0.0 INCH 5 = HAIL
GRTST 24HR 0.0 6 = FREEZING RAIN OR DRIZZLE
GRTST DEPTH: M ON M 7 = DUSTSTORM OR SANDSTORM:
VSBY 1/2 MILE OR LESS
8 = SMOKE OR HAZE
[NO. OF DAYS WITH] [WEATHER - DAYS WITH] 9 = BLOWING SNOW
X = TORNADO
MAX 32 OR BELOW: 0 0.01 INCH OR MORE: 4
MAX 90 OR ABOVE: 0 0.10 INCH OR MORE: 1
MIN 32 OR BELOW: 18 0.50 INCH OR MORE: 0
MIN 0 OR BELOW: 0 1.00 INCH OR MORE: 0
[HDD (BASE 65) ]
TOTAL THIS MO. 483 CLEAR (SCALE 0-3) 22
DPTR FM NORMAL -164 PTCLDY (SCALE 4-7) 7
TOTAL FM JUL 1 4458 CLOUDY (SCALE 8-10) 2
DPTR FM NORMAL -293
[CDD (BASE 65) ]
TOTAL THIS MO. 1
DPTR FM NORMAL 0 [PRESSURE DATA]
TOTAL FM JAN 1 1 HIGHEST SLP 30.55 ON 20
DPTR FM NORMAL 0 LOWEST SLP 29.40 ON 26
[REMARKS]
#FINAL-03-20#