000
CXUS55 KPIH 011928
CF6LLJ
PRELIMINARY LOCAL CLIMATOLOGICAL DATA (WS FORM: F-6)
STATION: CHALLIS
MONTH: JANUARY
YEAR: 2024
LATITUDE: 44 31 N
LONGITUDE: 114 13 W
TEMPERATURE IN F: :PCPN: SNOW: WIND :SUNSHINE: SKY :PK WND
================================================================================
1 2 3 4 5 6A 6B 7 8 9 10 11 12 13 14 15 16 17 18
12Z AVG MX 2MIN
DY MAX MIN AVG DEP HDD CDD WTR SNW DPTH SPD SPD DIR MIN PSBL S-S WX SPD DR
================================================================================
1 26 1 14 -4 51 0 0.00 M M 0.3 5 200 M M 2 12 5 40
2 24 -2 11 -7 54 0 0.00 M M 1.1 6 90 M M 1 1 7 90
3 25 4 15 -3 50 0 0.06 M M 1.3 7 210 M M 8 1 9 290
4 34 12 23 5 42 0 T M M 0.5 6 270 M M 9 1 8 260
5 38 9 24 5 41 0 0.01 M M 2.6 13 270 M M 5 1 18 280
6 30 6 18 -1 47 0 0.06 M M 2.0 13 170 M M 5 1 19 160
7 27 10 19 0 46 0 0.02 M M 0.8 6 270 M M 9 1 6 270
8 20 -4 8 -11 57 0 0.00 M M 0.9 6 320 M M 4 1 7 30
9 33 14 24 5 41 0 0.02 M M 4.8 21 300 M M 7 18 33 310
10 29 6 18 -1 47 0 T M M 4.9 16 290 M M 6 23 160
11 29 2 16 -3 49 0 T M M 7.0 21 180 M M 8 28 180
12 28 4 16 -3 49 0 0.04 M M 9.9 23 290 M M 9 39 280
13 5 -18 -6 -25 71 0 0.09 M M 0.9 9 320 M M 3 13 310
14 8 -14 -3 -23 68 0 0.01 M M 0.6 5 280 M M 6 8 7 170
15 13 -13 0 -20 65 0 0.00 M M 1.6 9 170 M M 1 11 170
16 11 -11 0 -20 65 0 0.00 M M 1.1 6 200 M M 0 18 7 160
17 33 3 18 -2 47 0 T M M 1.7 9 200 M M 10 12 290
18 41 24 33 13 32 0 T M M 2.9 14 180 M M 10 18 230
19 36 23 30 10 35 0 T M M 0.4 5 340 M M 9 6 350
20 34 20 27 7 38 0 T M M 0.4 6 210 M M 7 1 7 90
21 38 22 30 10 35 0 0.00 M M 1.1 6 310 M M 8 8 170
22 39 19 29 8 36 0 T M M 1.4 7 140 M M 7 8 190
23 43 25 34 13 31 0 0.01 M M 0.9 6 210 M M 9 1 7 80
24 35 16 26 5 39 0 0.00 M M 1.2 7 180 M M 5 10 210
25 39 20 30 9 35 0 0.01 M M 1.5 6 10 M M 8 1 7 180
26 31 12 22 1 43 0 0.00 M M 1.7 9 160 M M 3 14 170
27 39 25 32 10 33 0 T M M 1.3 6 200 M M 8 8 150
28 41 28 35 13 30 0 T M M 1.4 6 190 M M 9 7 130
29 46 24 35 13 30 0 0.00 M M 1.4 6 120 M M 2 128 9 110
30 43 20 32 10 33 0 0.00 M M 1.2 6 220 M M 1 12 6 210
31 48 19 34 12 31 0 0.00 M M 1.2 7 120 M M 0 7 130
================================================================================
SM 966 306 1371 0 0.33 M 60.0 M 179
================================================================================
AV 31.2 9.9 1.9 FASTST M M 6 MAX(MPH)
MISC ----> 23 290 39 280
================================================================================
NOTES:
# LAST OF SEVERAL OCCURRENCES
COLUMN 17 PEAK WIND IN M.P.H.
PRELIMINARY LOCAL CLIMATOLOGICAL DATA (WS FORM: F-6) , PAGE 2
STATION: CHALLIS
MONTH: JANUARY
YEAR: 2024
LATITUDE: 44 31 N
LONGITUDE: 114 13 W
[TEMPERATURE DATA] [PRECIPITATION DATA] SYMBOLS USED IN COLUMN 16
AVERAGE MONTHLY: 20.5 TOTAL FOR MONTH: 0.33 1 = FOG OR MIST
DPTR FM NORMAL: 0.5 DPTR FM NORMAL: -0.08 2 = FOG REDUCING VISIBILITY
HIGHEST: 48 ON 31 GRTST 24HR 0.15 ON 25-25 TO 1/4 MILE OR LESS
LOWEST: -18 ON 13 3 = THUNDER
SNOW, ICE PELLETS, HAIL 4 = ICE PELLETS
TOTAL MONTH: M 5 = HAIL
GRTST 24HR M ON M 6 = FREEZING RAIN OR DRIZZLE
GRTST DEPTH: M ON M 7 = DUSTSTORM OR SANDSTORM:
VSBY 1/2 MILE OR LESS
8 = SMOKE OR HAZE
[NO. OF DAYS WITH] [WEATHER - DAYS WITH] 9 = BLOWING SNOW
X = TORNADO
MAX 32 OR BELOW: 14 0.01 INCH OR MORE: 10
MAX 90 OR ABOVE: 0 0.10 INCH OR MORE: 0
MIN 32 OR BELOW: 31 0.50 INCH OR MORE: 0
MIN 0 OR BELOW: 6 1.00 INCH OR MORE: 0
[HDD (BASE 65) ]
TOTAL THIS MO. 1371 CLEAR (SCALE 0-3) 9
DPTR FM NORMAL -25 PTCLDY (SCALE 4-7) 13
TOTAL FM JUL 1 4355 CLOUDY (SCALE 8-10) 9
DPTR FM NORMAL -366
[CDD (BASE 65) ]
TOTAL THIS MO. 0
DPTR FM NORMAL 0 [PRESSURE DATA]
TOTAL FM JAN 1 0 HIGHEST SLP 30.60 ON 15
DPTR FM NORMAL 0 LOWEST SLP 29.42 ON 10
[REMARKS]
#FINAL-01-24#