000
CXUS53 KOAX 011030
CF6LNK
PRELIMINARY LOCAL CLIMATOLOGICAL DATA (WS FORM: F-6)
STATION: LINCOLN NE
MONTH: NOVEMBER
YEAR: 2021
LATITUDE: 40 50 N
LONGITUDE: 96 45 W
TEMPERATURE IN F: :PCPN: SNOW: WIND :SUNSHINE: SKY :PK WND
================================================================================
1 2 3 4 5 6A 6B 7 8 9 10 11 12 13 14 15 16 17 18
12Z AVG MX 2MIN
DY MAX MIN AVG DEP HDD CDD WTR SNW DPTH SPD SPD DIR MIN PSBL S-S WX SPD DR
================================================================================
1 43 36 40 -6 25 0 0.07 0.0 0 4.7 10 340 M M 10 15 350
2 49 24 37 -9 28 0 0.00 0.0 0 1.7 7 160 M M 7 12 10 160
3 49 36 43 -2 22 0 0.00 0.0 0 8.0 17 200 M M 10 23 200
4 59 32 46 1 19 0 0.00 0.0 0 9.4 20 180 M M 1 1 25 190
5 65 41 53 9 12 0 0.00 0.0 0 13.7 29 210 M M 1 1 40 190
6 70 40 55 11 10 0 0.00 0.0 0 9.3 16 180 M M 0 22 190
7 70 41 56 12 9 0 0.00 0.0 0 8.6 20 200 M M 0 25 210
8 64 36 50 7 15 0 0.00 0.0 0 11.2 24 30 M M 3 30 30
9 63 39 51 8 14 0 0.00 0.0 0 8.8 16 50 M M 2 22 40
10 62 45 54 12 11 0 0.32 0.0 0 9.2 25 330 M M 9 138 35 330
11 55 39 47 5 18 0 0.00 0.0 0 19.5 31 310 M M 4 43 290
12 39 31 35 -6 30 0 T T 0 23.3 36 310 M M 8 52 320
13 47 23 35 -6 30 0 0.10 0.0 0 8.2 21 310 M M 4 29 310
14 53 40 47 7 18 0 0.00 0.0 0 10.1 22 330 M M 4 33 320
15 73 36 55 15 10 0 0.00 0.0 0 4.9 13 350 M M 0 25 80
16 75 34 55 15 10 0 0.00 0.0 0 8.3 22 360 M M 0 29 350
17 50 33 42 3 23 0 0.00 0.0 0 12.8 26 340 M M 1 35 330
18 46 27 37 -2 28 0 0.00 0.0 0 8.0 20 290 M M 0 28 300
19 55 26 41 3 24 0 0.00 0.0 0 13.8 35 210 M M 0 46 200
20 55 32 44 6 21 0 0.00 0.0 0 3.2 12 30 M M 2 13 30
21 52 25 39 2 26 0 0.00 0.0 0 8.4 28 350 M M 0 36 340
22 51 29 40 3 25 0 0.00 0.0 0 6.1 17 190 M M 2 23 170
23 70 29 50 14 15 0 0.00 0.0 0 12.3 28 190 M M 0 37 190
24 57 33 45 9 20 0 0.00 0.0 0 14.4 32 350 M M 2 39 350
25 37 22 30 -6 35 0 0.00 0.0 0 11.5 26 360 M M 4 34 350
26 63 25 44 9 21 0 0.00 0.0 0 5.8 15 180 M M 1 18 170
27 64 31 48 13 17 0 0.00 0.0 0 10.4 30 330 M M 0 40 310
28 53 24 39 5 26 0 0.00 0.0 0 4.7 16 180 M M 0 19 190
29 71 31 51 17 14 0 0.00 0.0 0 6.3 17 300 M M 0 23 320
30 59 31 45 11 20 0 0.00 0.0 0 4.6 10 350 M M 1 12 220
================================================================================
SM 1719 971 596 0 0.49 T 281.2 M 76
================================================================================
AV 57.3 32.4 9.4 FASTST M M 3 MAX(MPH)
MISC ----> 36 310 52 320
================================================================================
NOTES:
# LAST OF SEVERAL OCCURRENCES
COLUMN 17 PEAK WIND IN M.P.H.
PRELIMINARY LOCAL CLIMATOLOGICAL DATA (WS FORM: F-6) , PAGE 2
STATION: LINCOLN NE
MONTH: NOVEMBER
YEAR: 2021
LATITUDE: 40 50 N
LONGITUDE: 96 45 W
[TEMPERATURE DATA] [PRECIPITATION DATA] SYMBOLS USED IN COLUMN 16
AVERAGE MONTHLY: 44.8 TOTAL FOR MONTH: 0.49 1 = FOG OR MIST
DPTR FM NORMAL: 5.0 DPTR FM NORMAL: -0.81 2 = FOG REDUCING VISIBILITY
HIGHEST: 75 ON 16 GRTST 24HR 0.32 ON 10-10 TO 1/4 MILE OR LESS
LOWEST: 22 ON 25 3 = THUNDER
SNOW, ICE PELLETS, HAIL 4 = ICE PELLETS
TOTAL MONTH: T 5 = HAIL
GRTST 24HR T ON 12-12 6 = FREEZING RAIN OR DRIZZLE
GRTST DEPTH: 0 7 = DUSTSTORM OR SANDSTORM:
VSBY 1/2 MILE OR LESS
8 = SMOKE OR HAZE
[NO. OF DAYS WITH] [WEATHER - DAYS WITH] 9 = BLOWING SNOW
X = TORNADO
MAX 32 OR BELOW: 0 0.01 INCH OR MORE: 3
MAX 90 OR ABOVE: 0 0.10 INCH OR MORE: 2
MIN 32 OR BELOW: 16 0.50 INCH OR MORE: 0
MIN 0 OR BELOW: 0 1.00 INCH OR MORE: 0
[HDD (BASE 65) ]
TOTAL THIS MO. 596 CLEAR (SCALE 0-3) 21
DPTR FM NORMAL -159 PTCLDY (SCALE 4-7) 6
TOTAL FM JUL 1 890 CLOUDY (SCALE 8-10) 3
DPTR FM NORMAL -314
[CDD (BASE 65) ]
TOTAL THIS MO. 0
DPTR FM NORMAL 0 [PRESSURE DATA]
TOTAL FM JAN 1 1458 HIGHEST SLP 30.56 ON 25
DPTR FM NORMAL 189 LOWEST SLP 29.54 ON 16
[REMARKS]
#FINAL-11-21#