000
CXUS54 KLZK 050326
CF6LRF
PRELIMINARY LOCAL CLIMATOLOGICAL DATA (WS FORM: F-6)
STATION: JACKSONVILLE/LITTLE ROCK AFB
MONTH: MARCH
YEAR: 2021
LATITUDE: 34 55 N
LONGITUDE: 92 9 W
TEMPERATURE IN F: :PCPN: SNOW: WIND :SUNSHINE: SKY :PK WND
================================================================================
1 2 3 4 5 6A 6B 7 8 9 10 11 12 13 14 15 16 17 18
12Z AVG MX 2MIN
DY MAX MIN AVG DEP HDD CDD WTR SNW DPTH SPD SPD DIR MIN PSBL S-S WX SPD DR
================================================================================
1 52 33 43 -6 22 0 0.00 0.0 0 5.3 9 40 M M 6 M M
2 52 29 41 -9 24 0 0.00 0.0 0 1.4 6 240 M M 4 M M
3 68 26 47 -3 18 0 0.00 0.0 0 2.8 9 260 M M 0 M M
4 72 31 52 2 13 0 0.00 0.0 0 2.1 8 170 M M 1 M M
5 51 39 45 -5 20 0 0.01 0.0 0 9.7 17 60 M M 9 23 60
6 60 30 45 -6 20 0 0.00 0.0 0 4.8 12 100 M M 1 M M
7 64 28 46 -5 19 0 0.00 0.0 0 2.3 9 140 M M 0 M M
8 70 29 50 -1 15 0 0.00 0.0 0 3.9 10 180 M M 0 M M
9 74 40 57 6 8 0 0.00 0.0 0 5.8 16 140 M M 5 20 160
10 71 57 64 12 1 0 0.00 0.0 0 6.7 14 180 M M 9 22 160
11 71 62 67 15 0 2 0.02 0.0 0 5.8 13 190 M M 10 1 18 180
12 75 53 64 12 1 0 0.00 0.0 0 6.0 16 50 M M 9 8 M M
13 68 51 60 7 5 0 T 0.0 0 8.5 14 60 M M 9 1 M M
14 73 54 64 11 1 0 0.65 0.0 0 7.5 17 240 M M 10 1 24 260
15 76 46 61 8 4 0 0.02 0.0 0 6.4 21 220 M M 4 1 35 250
16 76 43 60 7 5 0 0.00 0.0 0 4.5 10 90 M M 2 M M
17 73 56 65 11 0 0 1.61 0.0 0 8.3 39 230 M M 6 123 55 270
18 55 42 49 -5 16 0 0.00 0.0 0 14.5 27 250 M M 9 37 240
19 61 38 50 -4 15 0 T 0.0 0 9.0 17 50 M M 5 23 50
20 63 33 48 -7 17 0 0.00 0.0 0 3.0 9 70 M M 2 8 M M
21 68 33 51 -4 14 0 0.00 0.0 0 5.8 16 140 M M 0 23 140
22 70 40 55 0 10 0 0.00 0.0 0 5.6 13 140 M M 4 8 23 130
23 74 48 61 6 4 0 0.82 0.0 0 9.7 20 250 M M 5 13 27 190
24 78 41 60 4 5 0 T 0.0 0 3.4 9 120 M M 1 M M
25 66 47 57 1 8 0 1.40 0.0 0 9.1 25 250 M M 8 13 37 240
26 72 39 56 0 9 0 0.00 0.0 0 3.4 8 100 M M 0 1 M M
27 82 49 66 9 0 1 0.23 0.0 0 3.3 16 190 M M 8 13 21 190
28 65 40 53 -4 12 0 0.00 0.0 0 8.5 22 300 M M 1 33 360
29 69 34 52 -5 13 0 0.00 0.0 0 5.9 13 140 M M 0 8 20 160
30 59 44 52 -5 13 0 0.42 0.0 0 3.7 7 180 M M 7 1 M M
31 62 41 52 -6 13 0 T T 0 9.3 15 20 M M 5 23 350
================================================================================
SM 2090 1276 325 3 5.18 T 186.0 M 140
================================================================================
AV 67.4 41.2 6.0 FASTST M M 5 MAX(MPH)
MISC ----> 39 230 55 270
================================================================================
NOTES:
# LAST OF SEVERAL OCCURRENCES
COLUMN 17 PEAK WIND IN M.P.H.
PRELIMINARY LOCAL CLIMATOLOGICAL DATA (WS FORM: F-6) , PAGE 2
STATION: JACKSONVILLE/LITTLE ROCK AFB
MONTH: MARCH
YEAR: 2021
LATITUDE: 34 55 N
LONGITUDE: 92 9 W
[TEMPERATURE DATA] [PRECIPITATION DATA] SYMBOLS USED IN COLUMN 16
AVERAGE MONTHLY: 54.3 TOTAL FOR MONTH: 5.18 1 = FOG OR MIST
DPTR FM NORMAL: 0.8 DPTR FM NORMAL: M 2 = FOG REDUCING VISIBILITY
HIGHEST: 82 ON 27 GRTST 24HR 1.61 ON 17-17 TO 1/4 MILE OR LESS
LOWEST: 26 ON 3 3 = THUNDER
SNOW, ICE PELLETS, HAIL 4 = ICE PELLETS
TOTAL MONTH: T 5 = HAIL
GRTST 24HR T ON 31-31 6 = FREEZING RAIN OR DRIZZLE
GRTST DEPTH: 0 7 = DUSTSTORM OR SANDSTORM:
VSBY 1/2 MILE OR LESS
8 = SMOKE OR HAZE
[NO. OF DAYS WITH] [WEATHER - DAYS WITH] 9 = BLOWING SNOW
X = TORNADO
MAX 32 OR BELOW: 0 0.01 INCH OR MORE: 9
MAX 90 OR ABOVE: 0 0.10 INCH OR MORE: 6
MIN 32 OR BELOW: 6 0.50 INCH OR MORE: 4
MIN 0 OR BELOW: 0 1.00 INCH OR MORE: 2
[HDD (BASE 65) ]
TOTAL THIS MO. 325 CLEAR (SCALE 0-3) 12
DPTR FM NORMAL -47 PTCLDY (SCALE 4-7) 12
TOTAL FM JUL 1 3253 CLOUDY (SCALE 8-10) 7
DPTR FM NORMAL 272
[CDD (BASE 65) ]
TOTAL THIS MO. 3
DPTR FM NORMAL -12 [PRESSURE DATA]
TOTAL FM JAN 1 3 HIGHEST SLP M ON M
DPTR FM NORMAL -13 LOWEST SLP M ON M
[REMARKS]
#FINAL-03-21#