000
CXUS53 KARX 020705
CF6LSE
PRELIMINARY LOCAL CLIMATOLOGICAL DATA (WS FORM: F-6)
STATION: LA CROSSE WI
MONTH: FEBRUARY
YEAR: 2021
LATITUDE: 43 52 N
LONGITUDE: 91 15 W
TEMPERATURE IN F: :PCPN: SNOW: WIND :SUNSHINE: SKY :PK WND
================================================================================
1 2 3 4 5 6A 6B 7 8 9 10 11 12 13 14 15 16 17 18
12Z AVG MX 2MIN
DY MAX MIN AVG DEP HDD CDD WTR SNW DPTH SPD SPD DIR MIN PSBL S-S WX SPD DR
================================================================================
1 33 27 30 11 35 0 T T 7 8.7 14 320 M M 10 8 18 330
2 32 12 22 3 43 0 0.00 0.0 6 3.9 10 50 M M 5 14 30
3 36 12 24 5 41 0 T 0.0 6 9.4 17 170 M M 1 16 26 160
4 35 11 23 4 42 0 0.35 5.8 5 11.9 31 310 M M 10 1289 40 300
5 12 5 9 -10 56 0 0.00 0.0 10 15.8 25 270 M M 7 8 32 270
6 6 -10 -2 -22 67 0 0.00 0.0 10 11.6 20 270 M M 2 25 270
7 1 -20 -9 -29 74 0 0.00 0.0 10 4.8 10 330 M M 3 12 320
8 7 -14 -3 -23 68 0 T T 10 3.2 9 310 M M 5 11 320
9 14 -17 -1 -21 66 0 0.00 0.0 10 5.6 15 240 M M 2 19 230
10 12 -7 3 -18 62 0 0.00 0.0 9 4.4 15 340 M M 4 19 350
11 2 -9 -3 -24 68 0 0.05 0.7 9 7.7 13 330 M M 7 8 17 330
12 0 -9 -4 -25 69 0 0.01 0.2 9 10.6 18 330 M M 2 8 22 340
13 0 -14 -7 -29 72 0 0.06 1.0 10 10.3 20 310 M M 7 8 23 310
14 -2 -16 -9 -31 74 0 0.00 0.0 11 9.3 16 320 M M 0 19 320
15 3 -21 -9 -31 74 0 0.00 0.0 11 8.6 16 300 M M 0 19 300
16 15 -16 0 -23 65 0 0.00 0.0 11 4.6 10 340 M M 0 18 12 330
17 16 -10 3 -20 62 0 0.00 0.0 11 4.6 14 190 M M 5 17 190
18 25 3 14 -10 51 0 T T 10 3.0 10 280 M M 9 8 13 270
19 21 1 11 -13 54 0 T T 10 4.1 8 280 M M 5 18 10 270
20 26 -6 10 -14 55 0 0.00 0.0 10 5.2 13 190 M M 2 18 15 180
21 29 15 22 -3 43 0 0.26 4.4 10 6.2 10 330 M M 7 12 16 110
22 43 23 33 8 32 0 0.00 0.0 14 10.0 21 210 M M 8 18 25 210
23 46 33 40 15 25 0 0.00 0.0 13 7.2 15 280 M M 4 20 310
24 41 25 33 7 32 0 T T 11 8.0 22 330 M M 4 18 28 330
25 43 23 33 7 32 0 0.00 0.0 9 5.0 16 250 M M 2 20 250
26 41 23 32 5 33 0 0.00 0.0 6 12.4 25 190 M M 5 18 36 180
27 48 27 38 11 27 0 0.00 0.0 4 5.9 13 180 M M 1 18 16 170
28 40 21 31 3 34 0 T 0.0 3 10.2 25 300 M M 7 128 35 300
================================================================================
SM 625 92 1456 0 0.73 12.1 212.2 M 124
================================================================================
AV 22.3 3.3 7.6 FASTST M M 4 MAX(MPH)
MISC ----> 31 310 40 300
================================================================================
NOTES:
# LAST OF SEVERAL OCCURRENCES
COLUMN 17 PEAK WIND IN M.P.H.
PRELIMINARY LOCAL CLIMATOLOGICAL DATA (WS FORM: F-6) , PAGE 2
STATION: LA CROSSE WI
MONTH: FEBRUARY
YEAR: 2021
LATITUDE: 43 52 N
LONGITUDE: 91 15 W
[TEMPERATURE DATA] [PRECIPITATION DATA] SYMBOLS USED IN COLUMN 16
AVERAGE MONTHLY: 12.8 TOTAL FOR MONTH: 0.73 1 = FOG OR MIST
DPTR FM NORMAL: -9.7 DPTR FM NORMAL: -0.32 2 = FOG REDUCING VISIBILITY
HIGHEST: 48 ON 27 GRTST 24HR 0.35 ON 3- 4 TO 1/4 MILE OR LESS
LOWEST: -21 ON 15 3 = THUNDER
SNOW, ICE PELLETS, HAIL 4 = ICE PELLETS
TOTAL MONTH: 12.1 INCHES 5 = HAIL
GRTST 24HR 5.8 ON 4- 4 6 = FREEZING RAIN OR DRIZZLE
GRTST DEPTH: 14 ON 22 7 = DUSTSTORM OR SANDSTORM:
VSBY 1/2 MILE OR LESS
8 = SMOKE OR HAZE
[NO. OF DAYS WITH] [WEATHER - DAYS WITH] 9 = BLOWING SNOW
X = TORNADO
MAX 32 OR BELOW: 18 0.01 INCH OR MORE: 5
MAX 90 OR ABOVE: 0 0.10 INCH OR MORE: 2
MIN 32 OR BELOW: 27 0.50 INCH OR MORE: 0
MIN 0 OR BELOW: 13 1.00 INCH OR MORE: 0
[HDD (BASE 65) ]
TOTAL THIS MO. 1456 CLEAR (SCALE 0-3) 11
DPTR FM NORMAL 266 PTCLDY (SCALE 4-7) 14
TOTAL FM JUL 1 5290 CLOUDY (SCALE 8-10) 3
DPTR FM NORMAL -220
[CDD (BASE 65) ]
TOTAL THIS MO. 0
DPTR FM NORMAL 0 [PRESSURE DATA]
TOTAL FM JAN 1 0 HIGHEST SLP 30.78 ON 14
DPTR FM NORMAL 0 LOWEST SLP 29.43 ON 4
[REMARKS]
#FINAL-02-21#