000
CXUS54 KHGX 020547
CF6LVJ
PRELIMINARY LOCAL CLIMATOLOGICAL DATA (WS FORM: F-6)
STATION: HOUSTON/CLOVER_FIELD
MONTH: NOVEMBER
YEAR: 2020
LATITUDE: 29 31 N
LONGITUDE: 95 14 W
TEMPERATURE IN F: :PCPN: SNOW: WIND :SUNSHINE: SKY :PK WND
================================================================================
1 2 3 4 5 6A 6B 7 8 9 10 11 12 13 14 15 16 17 18
12Z AVG MX 2MIN
DY MAX MIN AVG DEP HDD CDD WTR SNW DPTH SPD SPD DIR MIN PSBL S-S WX SPD DR
================================================================================
1 78 52 65 -2 0 0 0.00 0.0 0 5.9 18 20 M M 0 18 25 40
2 74 48 61 -6 4 0 0.00 0.0 0 3.8 13 50 M M 0 16 40
3 76 45 61 -5 4 0 0.00 0.0 0 2.4 10 100 M M 0 12 90
4 78 49 64 -2 1 0 0.00 0.0 0 3.2 13 140 M M 0 1 18 90
5 78 59 69 3 0 4 0.00 0.0 0 4.2 13 130 M M 2 1 16 140
6 77 56 67 1 0 2 0.00 0.0 0 3.8 13 100 M M 1 18 16 90
7 82 56 69 4 0 4 0.00 0.0 0 4.0 13 100 M M 0 18 16 130
8 80 61 71 6 0 6 0.00 0.0 0 6.1 13 70 M M 6 12 15 100
9 83 69 76 11 0 11 0.00 0.0 0 6.9 15 120 M M 7 1 18 110
10 85 68 77 13 0 12 0.22 0.0 0 3.2 12 120 M M 7 12 13 100
11 84 67 76 12 0 11 0.00 0.0 0 5.2 12 20 M M 3 12 14 20
12 84 62 73 9 0 8 0.00 0.0 0 4.7 10 150 M M 2 1 14 150
13 76 68 72 9 0 7 T 0.0 0 6.0 10 120 M M 9 18 13 80
14 83 69 76 13 0 11 0.00 0.0 0 8.2 18 180 M M 5 1 25 180
15 77 58 68 5 0 3 0.01 0.0 0 8.7 25 30 M M 4 1 35 20
16 71 48 60 -2 5 0 0.00 0.0 0 5.2 16 80 M M 0 20 60
17 74 46 60 -2 5 0 0.00 0.0 0 5.4 17 80 M M 0 21 90
18 73 49 61 -1 4 0 0.00 0.0 0 5.8 15 80 M M 0 20 90
19 79 56 68 7 0 3 0.00 0.0 0 6.3 15 60 M M 3 1 19 130
20 81 62 72 11 0 7 0.00 0.0 0 7.0 16 140 M M 8 128 19 140
21 79 62 71 10 0 6 0.00 0.0 0 5.1 15 90 M M 6 12 20 90
22 83 60 72 12 0 7 0.00 0.0 0 1.5 15 30 M M 6 1 19 40
23 68 56 62 2 3 0 0.00 0.0 0 6.3 15 30 M M 7 18 20 30
24 81 58 70 10 0 5 T 0.0 0 9.4 22 170 M M 7 1 28 160
25 75 55 65 5 0 0 0.01 0.0 0 6.2 17 330 M M 4 1 22 340
26 75 55 65 6 0 0 T 0.0 0 6.1 13 80 M M 7 1 18 100
27 80 67 74 15 0 9 1.23 0.0 0 4.6 16 290 M M 10 13 21 280
28 68 64 66 7 0 1 2.44 0.0 0 8.7 22 130 M M 10 1 29 130
29 64 51 58 0 7 0 0.59 0.0 0 13.2 23 340 M M 6 1 31 340
30 57 37 47 -11 18 0 0.00 0.0 0 9.0 21 350 M M 0 27 10
================================================================================
SM 2303 1713 51 117 4.50 0.0 176.1 M 120
================================================================================
AV 76.8 57.1 5.9 FASTST M M 4 MAX(MPH)
MISC ----> 25 30 35 20
================================================================================
NOTES:
# LAST OF SEVERAL OCCURRENCES
COLUMN 17 PEAK WIND IN M.P.H.
PRELIMINARY LOCAL CLIMATOLOGICAL DATA (WS FORM: F-6) , PAGE 2
STATION: HOUSTON/CLOVER_FIELD
MONTH: NOVEMBER
YEAR: 2020
LATITUDE: 29 31 N
LONGITUDE: 95 14 W
[TEMPERATURE DATA] [PRECIPITATION DATA] SYMBOLS USED IN COLUMN 16
AVERAGE MONTHLY: 66.9 TOTAL FOR MONTH: 4.50 1 = FOG OR MIST
DPTR FM NORMAL: 4.4 DPTR FM NORMAL: -0.28 2 = FOG REDUCING VISIBILITY
HIGHEST: 85 ON 10 GRTST 24HR 2.77 ON 27-28 TO 1/4 MILE OR LESS
LOWEST: 37 ON 30 3 = THUNDER
SNOW, ICE PELLETS, HAIL 4 = ICE PELLETS
TOTAL MONTH: 0.0 INCH 5 = HAIL
GRTST 24HR 0.0 6 = FREEZING RAIN OR DRIZZLE
GRTST DEPTH: 0 7 = DUSTSTORM OR SANDSTORM:
VSBY 1/2 MILE OR LESS
8 = SMOKE OR HAZE
[NO. OF DAYS WITH] [WEATHER - DAYS WITH] 9 = BLOWING SNOW
X = TORNADO
MAX 32 OR BELOW: 0 0.01 INCH OR MORE: 6
MAX 90 OR ABOVE: 0 0.10 INCH OR MORE: 4
MIN 32 OR BELOW: 0 0.50 INCH OR MORE: 3
MIN 0 OR BELOW: 0 1.00 INCH OR MORE: 2
[HDD (BASE 65) ]
TOTAL THIS MO. 51 CLEAR (SCALE 0-3) 14
DPTR FM NORMAL -89 PTCLDY (SCALE 4-7) 12
TOTAL FM JUL 1 80 CLOUDY (SCALE 8-10) 4
DPTR FM NORMAL -83
[CDD (BASE 65) ]
TOTAL THIS MO. 117
DPTR FM NORMAL 52 [PRESSURE DATA]
TOTAL FM JAN 1 3756 HIGHEST SLP 30.51 ON 2
DPTR FM NORMAL 838 LOWEST SLP 29.80 ON 10
[REMARKS]
#FINAL-11-20#