000
CXUS56 KMTR 010900
CF6LVK
PRELIMINARY LOCAL CLIMATOLOGICAL DATA (WS FORM: F-6)
STATION: LIVERMORE AIRPORT
MONTH: JUNE
YEAR: 2021
LATITUDE: 37 42 N
LONGITUDE: 121 49 W
TEMPERATURE IN F: :PCPN: SNOW: WIND :SUNSHINE: SKY :PK WND
================================================================================
1 2 3 4 5 6A 6B 7 8 9 10 11 12 13 14 15 16 17 18
12Z AVG MX 2MIN
DY MAX MIN AVG DEP HDD CDD WTR SNW DPTH SPD SPD DIR MIN PSBL S-S WX SPD DR
================================================================================
1 90 58 74 9 0 9 0.00 M M 8.2 14 310 M M 0 19 290
2 84 53 69 4 0 4 0.00 M M 9.2 16 290 M M 1 21 310
3 91 53 72 6 0 7 0.00 M M 8.2 17 290 M M 0 21 290
4 83 54 69 3 0 4 0.00 M M 10.2 15 280 M M 0 20 260
5 85 52 69 3 0 4 0.00 M M 8.1 20 290 M M 0 24 290
6 80 53 67 1 0 2 0.00 M M 10.4 21 230 M M 0 26 230
7 71 50 61 -5 4 0 0.00 M M 11.4 23 230 M M 0 29 240
8 68 52 60 -6 5 0 0.00 M M 13.3 23 250 M M 1 29 250
9 68 50 59 -8 6 0 0.00 M M 14.1 28 250 M M 1 34 250
10 73 50 62 -5 3 0 0.00 M M 8.9 22 260 M M 0 26 270
11 77 49 63 -4 2 0 0.00 M M 9.7 22 260 M M 0 25 280
12 87 58 73 6 0 8 0.00 M M 8.2 23 290 M M 3 27 270
13 82 60 71 3 0 6 0.00 M M 12.3 24 270 M M 4 1 29 260
14 79 58 69 1 0 4 0.00 M M 10.5 18 260 M M 3 23 250
15 86 54 70 2 0 5 0.00 M M 7.4 15 280 M M 0 19 280
16 97 54 76 8 0 11 0.00 M M 2.9 13 280 M M 0 14 270
17 107 61 84 16 0 19 0.00 M M 4.6 16 270 M M 0 19 280
18 106 66 86 17 0 21 0.00 M M 5.8 18 280 M M 0 23 290
19 101 63 82 13 0 17 0.00 M M 5.3 14 290 M M 0 17 300
20 97 57 77 8 0 12 0.00 M M 7.0 14 310 M M 0 M M
21 82 57 70 1 0 5 0.00 M M 10.3 17 290 M M 1 16 300
22 82 56 69 -1 0 4 0.00 M M 9.5 18 270 M M 2 23 270
23 82 57 70 0 0 5 0.00 M M 10.3 22 270 M M 3 27 270
24 78 56 67 -3 0 2 0.00 M M 11.6 22 270 M M 3 27 290
25 85 56 71 1 0 6 0.00 M M 9.8 17 280 M M 3 21 290
26 90 56 73 3 0 8 0.00 M M 7.9 17 280 M M 3 21 280
27 83 57 70 0 0 5 0.00 M M 10.9 17 300 M M 3 22 300
28 83 56 70 -1 0 5 0.00 M M 10.9 20 290 M M 2 25 280
29 87 57 72 1 0 7 0.00 M M 8.9 14 300 M M 0 20 300
30 78 57 68 -3 0 3 0.00 M M 14.4 23 290 M M 1 29 280
================================================================================
SM 2542 1670 20 183 0.00 M 280.2 M 34
================================================================================
AV 84.7 55.7 9.3 FASTST M M 1 MAX(MPH)
MISC ----> 28 250 34 250
================================================================================
NOTES:
# LAST OF SEVERAL OCCURRENCES
COLUMN 17 PEAK WIND IN M.P.H.
PRELIMINARY LOCAL CLIMATOLOGICAL DATA (WS FORM: F-6) , PAGE 2
STATION: LIVERMORE AIRPORT
MONTH: JUNE
YEAR: 2021
LATITUDE: 37 42 N
LONGITUDE: 121 49 W
[TEMPERATURE DATA] [PRECIPITATION DATA] SYMBOLS USED IN COLUMN 16
AVERAGE MONTHLY: 70.2 TOTAL FOR MONTH: 0.00 1 = FOG OR MIST
DPTR FM NORMAL: 2.2 DPTR FM NORMAL: -0.14 2 = FOG REDUCING VISIBILITY
HIGHEST: 107 ON 17 GRTST 24HR T ON 14-14 TO 1/4 MILE OR LESS
LOWEST: 49 ON 11 3 = THUNDER
SNOW, ICE PELLETS, HAIL 4 = ICE PELLETS
TOTAL MONTH: M 5 = HAIL
GRTST 24HR M ON M 6 = FREEZING RAIN OR DRIZZLE
GRTST DEPTH: M ON M 7 = DUSTSTORM OR SANDSTORM:
VSBY 1/2 MILE OR LESS
8 = SMOKE OR HAZE
[NO. OF DAYS WITH] [WEATHER - DAYS WITH] 9 = BLOWING SNOW
X = TORNADO
MAX 32 OR BELOW: 0 0.01 INCH OR MORE: 0
MAX 90 OR ABOVE: 8 0.10 INCH OR MORE: 0
MIN 32 OR BELOW: 0 0.50 INCH OR MORE: 0
MIN 0 OR BELOW: 0 1.00 INCH OR MORE: 0
[HDD (BASE 65) ]
TOTAL THIS MO. 20 CLEAR (SCALE 0-3) 28
DPTR FM NORMAL -13 PTCLDY (SCALE 4-7) 2
TOTAL FM JUL 1 2346 CLOUDY (SCALE 8-10) 0
DPTR FM NORMAL -360
[CDD (BASE 65) ]
TOTAL THIS MO. 183
DPTR FM NORMAL 58 [PRESSURE DATA]
TOTAL FM JAN 1 255 HIGHEST SLP M ON M
DPTR FM NORMAL 78 LOWEST SLP 29.63 ON 18
[REMARKS]
#FINAL-06-21#