000
CXUS56 KMTR 010900
CF6LVK
PRELIMINARY LOCAL CLIMATOLOGICAL DATA (WS FORM: F-6)
STATION: LIVERMORE AIRPORT
MONTH: AUGUST
YEAR: 2023
LATITUDE: 37 42 N
LONGITUDE: 121 49 W
TEMPERATURE IN F: :PCPN: SNOW: WIND :SUNSHINE: SKY :PK WND
================================================================================
1 2 3 4 5 6A 6B 7 8 9 10 11 12 13 14 15 16 17 18
12Z AVG MX 2MIN
DY MAX MIN AVG DEP HDD CDD WTR SNW DPTH SPD SPD DIR MIN PSBL S-S WX SPD DR
================================================================================
1 84 57 71 -1 0 6 0.00 M M 10.1 18 290 M M 1 8 23 310
2 79 57 68 -4 0 3 0.00 M M 9.5 18 290 M M 4 8 22 310
3 75 54 65 -7 0 0 0.00 M M 9.8 18 280 M M 5 22 310
4 89 56 73 1 0 8 0.00 M M 6.7 17 290 M M 3 21 290
5 95 56 76 4 0 11 0.00 M M 5.8 16 280 M M 0 21 270
6 100 61 81 9 0 16 0.00 M M 4.6 16 260 M M 0 8 20 250
7 99 62 81 9 0 16 0.00 M M 7.1 18 300 M M 0 8 24 300
8 88 57 73 1 0 8 0.00 M M 10.1 20 300 M M 0 24 320
9 90 56 73 1 0 8 0.00 M M 6.3 17 290 M M 0 22 290
10 88 56 72 0 0 7 0.00 M M 7.5 23 290 M M 0 18 29 290
11 88 59 74 2 0 9 0.00 M M 8.2 18 300 M M 1 23 290
12 92 60 76 4 0 11 0.00 M M 5.8 16 270 M M 0 8 21 310
13 97 65 81 9 0 16 0.00 M M 5.7 18 290 M M 0 22 290
14 98 68 83 11 0 18 0.00 M M 5.2 15 280 M M 0 17 280
15 99 66 83 11 0 18 T M M 5.5 14 280 M M 0 8 17 290
16 99 65 82 10 0 17 T M M 5.1 15 280 M M 0 8 17 280
17 96 64 80 8 0 15 0.00 M M 7.6 22 280 M M 0 8 25 280
18 87 62 75 3 0 10 0.00 M M 9.9 18 290 M M 3 8 23 290
19 87 59 73 1 0 8 0.00 M M 6.2 17 290 M M 0 8 21 290
20 95 65 80 8 0 15 0.00 M M 4.6 17 310 M M 0 22 300
21 80 66 73 1 0 8 0.00 M M 9.9 24 230 M M 3 30 220
22 89 65 77 5 0 12 T M M 4.8 16 270 M M 3 8 19 270
23 96 63 80 8 0 15 0.00 M M 3.7 14 290 M M 0 21 300
24 90 62 76 4 0 11 0.00 M M 8.2 22 270 M M 0 27 280
25 81 59 70 -2 0 5 0.00 M M 8.6 15 290 M M 3 20 280
26 85 58 72 0 0 7 0.00 M M 6.6 17 290 M M 2 18 21 290
27 92 54 73 1 0 8 0.00 M M 5.0 15 280 M M 0 1 19 280
28 95 56 76 4 0 11 0.00 M M 5.5 17 280 M M 0 21 280
29 91 56 74 2 0 9 0.00 M M 5.8 13 290 M M 0 16 300
30 97 57 77 5 0 12 0.00 M M 4.8 15 50 M M 0 8 21 80
31 91 58 75 3 0 10 0.00 M M 6.4 21 290 M M 0 8 25 290
================================================================================
SM 2812 1859 0 328 T M 210.6 M 28
================================================================================
AV 90.7 60.0 6.8 FASTST M M 1 MAX(MPH)
MISC ----> 24 230 30 220
================================================================================
NOTES:
# LAST OF SEVERAL OCCURRENCES
COLUMN 17 PEAK WIND IN M.P.H.
PRELIMINARY LOCAL CLIMATOLOGICAL DATA (WS FORM: F-6) , PAGE 2
STATION: LIVERMORE AIRPORT
MONTH: AUGUST
YEAR: 2023
LATITUDE: 37 42 N
LONGITUDE: 121 49 W
[TEMPERATURE DATA] [PRECIPITATION DATA] SYMBOLS USED IN COLUMN 16
AVERAGE MONTHLY: 75.3 TOTAL FOR MONTH: T 1 = FOG OR MIST
DPTR FM NORMAL: 3.2 DPTR FM NORMAL: -0.09 2 = FOG REDUCING VISIBILITY
HIGHEST: 100 ON 6 GRTST 24HR T ON 15-15 TO 1/4 MILE OR LESS
LOWEST: 54 ON 27, 3 3 = THUNDER
SNOW, ICE PELLETS, HAIL 4 = ICE PELLETS
TOTAL MONTH: M 5 = HAIL
GRTST 24HR M ON M 6 = FREEZING RAIN OR DRIZZLE
GRTST DEPTH: M ON M 7 = DUSTSTORM OR SANDSTORM:
VSBY 1/2 MILE OR LESS
8 = SMOKE OR HAZE
[NO. OF DAYS WITH] [WEATHER - DAYS WITH] 9 = BLOWING SNOW
X = TORNADO
MAX 32 OR BELOW: 0 0.01 INCH OR MORE: 0
MAX 90 OR ABOVE: 18 0.10 INCH OR MORE: 0
MIN 32 OR BELOW: 0 0.50 INCH OR MORE: 0
MIN 0 OR BELOW: 0 1.00 INCH OR MORE: 0
[HDD (BASE 65) ]
TOTAL THIS MO. 0 CLEAR (SCALE 0-3) 28
DPTR FM NORMAL -3 PTCLDY (SCALE 4-7) 3
TOTAL FM JUL 1 10 CLOUDY (SCALE 8-10) 0
DPTR FM NORMAL 6
[CDD (BASE 65) ]
TOTAL THIS MO. 328
DPTR FM NORMAL 105 [PRESSURE DATA]
TOTAL FM JAN 1 728 HIGHEST SLP M ON M
DPTR FM NORMAL 102 LOWEST SLP 29.56 ON 20
[REMARKS]
#FINAL-08-23#