000
CXUS53 KTOP 010910
CF6LWC
PRELIMINARY LOCAL CLIMATOLOGICAL DATA (WS FORM: F-6)
STATION: LAWRENCE KS
MONTH: JANUARY
YEAR: 2021
LATITUDE: 39 0 N
LONGITUDE: 95 13 W
TEMPERATURE IN F: :PCPN: SNOW: WIND :SUNSHINE: SKY :PK WND
================================================================================
1 2 3 4 5 6A 6B 7 8 9 10 11 12 13 14 15 16 17 18
12Z AVG MX 2MIN
DY MAX MIN AVG DEP HDD CDD WTR SNW DPTH SPD SPD DIR MIN PSBL S-S WX SPD DR
================================================================================
1 31 18 25 -4 40 0 0.38 M M 11.9 24 350 M M 9 16 33 350
2 33 13 23 -6 42 0 0.00 M M 2.8 13 320 M M 2 128 14 320
3 37 13 25 -4 40 0 0.00 M M 6.1 16 130 M M 9 12 20 130
4 49 25 37 8 28 0 0.00 M M 5.9 21 330 M M 5 12 27 330
5 50 20 35 6 30 0 0.00 M M 6.3 13 120 M M 0 8 18 170
6 42 37 40 11 25 0 0.27 M M 8.6 15 140 M M 9 1 19 140
7 40 32 36 7 29 0 0.01 M M 8.2 14 70 M M 9 18 19 40
8 39 22 31 2 34 0 0.00 M M 5.0 13 320 M M 4 18 15 340
9 37 22 30 1 35 0 0.00 M M 5.3 12 330 M M 6 18 15 340
10 37 25 31 2 34 0 0.00 M M 6.0 14 350 M M 8 18 19 350
11 47 23 35 6 30 0 0.00 M M 6.2 17 210 M M 3 1 23 210
12 55 24 40 11 25 0 0.00 M M 5.2 15 220 M M 0 19 220
13 58 26 42 13 23 0 0.00 M M 6.1 20 210 M M 0 27 240
14 52 37 45 16 20 0 T M M 19.9 37 320 M M 4 48 310
15 40 31 36 7 29 0 0.01 M M 23.7 38 330 M M 10 18 52 330
16 38 25 32 3 33 0 0.00 M M 8.4 21 310 M M 7 25 320
17 47 19 33 4 32 0 0.00 M M 7.1 24 320 M M 4 1 33 340
18 48 20 34 5 31 0 0.00 M M 4.6 15 30 M M 5 21 20
19 49 20 35 6 30 0 0.00 M M 7.7 23 320 M M 2 1 28 320
20 56 19 38 9 27 0 0.00 M M 8.1 29 210 M M 0 44 200
21 60 21 41 12 24 0 0.00 M M 3.7 18 20 M M 0 26 30
22 38 21 30 0 35 0 0.00 M M 6.8 16 350 M M 1 20 350
23 41 20 31 1 34 0 0.00 M M 9.8 20 130 M M 5 26 130
24 42 36 39 9 26 0 0.01 M M 6.6 14 70 M M 10 1 20 70
25 37 30 34 4 31 0 0.60 M M 9.5 20 70 M M 10 18 26 80
26 30 23 27 -3 38 0 T M M 9.2 18 340 M M 10 1 22 330
27 29 23 26 -4 39 0 0.03 M M 6.1 13 350 M M 10 1 15 350
28 36 26 31 1 34 0 0.00 M M 8.7 17 170 M M 7 23 150
29 52 27 40 10 25 0 0.00 M M 11.2 20 170 M M 0 25 170
30 51 35 43 13 22 0 0.83 M M 12.7 28 330 M M 8 1 39 330
31 37 30 34 3 31 0 0.00 M M 18.2 29 330 M M 10 18 40 330
================================================================================
SM 1338 763 956 0 2.14 M 265.6 M 167
================================================================================
AV 43.2 24.6 8.6 FASTST M M 5 MAX(MPH)
MISC ----> 38 330 52 330
================================================================================
NOTES:
# LAST OF SEVERAL OCCURRENCES
COLUMN 17 PEAK WIND IN M.P.H.
PRELIMINARY LOCAL CLIMATOLOGICAL DATA (WS FORM: F-6) , PAGE 2
STATION: LAWRENCE KS
MONTH: JANUARY
YEAR: 2021
LATITUDE: 39 0 N
LONGITUDE: 95 13 W
[TEMPERATURE DATA] [PRECIPITATION DATA] SYMBOLS USED IN COLUMN 16
AVERAGE MONTHLY: 33.9 TOTAL FOR MONTH: 2.14 1 = FOG OR MIST
DPTR FM NORMAL: 4.6 DPTR FM NORMAL: 1.13 2 = FOG REDUCING VISIBILITY
HIGHEST: 60 ON 21 GRTST 24HR 0.83 ON 30-30 TO 1/4 MILE OR LESS
LOWEST: 13 ON 3, 2 3 = THUNDER
SNOW, ICE PELLETS, HAIL 4 = ICE PELLETS
TOTAL MONTH: M 5 = HAIL
GRTST 24HR M ON M 6 = FREEZING RAIN OR DRIZZLE
GRTST DEPTH: M ON M 7 = DUSTSTORM OR SANDSTORM:
VSBY 1/2 MILE OR LESS
8 = SMOKE OR HAZE
[NO. OF DAYS WITH] [WEATHER - DAYS WITH] 9 = BLOWING SNOW
X = TORNADO
MAX 32 OR BELOW: 3 0.01 INCH OR MORE: 8
MAX 90 OR ABOVE: 0 0.10 INCH OR MORE: 4
MIN 32 OR BELOW: 27 0.50 INCH OR MORE: 2
MIN 0 OR BELOW: 0 1.00 INCH OR MORE: 0
[HDD (BASE 65) ]
TOTAL THIS MO. 956 CLEAR (SCALE 0-3) 10
DPTR FM NORMAL -152 PTCLDY (SCALE 4-7) 10
TOTAL FM JUL 1 2855 CLOUDY (SCALE 8-10) 11
DPTR FM NORMAL -292
[CDD (BASE 65) ]
TOTAL THIS MO. 0
DPTR FM NORMAL 0 [PRESSURE DATA]
TOTAL FM JAN 1 0 HIGHEST SLP 30.64 ON 28
DPTR FM NORMAL 0 LOWEST SLP 29.47 ON 30
[REMARKS]
#FINAL-01-21#