000
CXUS53 KILX 011000
CF6LWV
PRELIMINARY LOCAL CLIMATOLOGICAL DATA (WS FORM: F-6)
STATION: LAWRENCEVILLE IL AIRPORT
MONTH: FEBRUARY
YEAR: 2022
LATITUDE: 38 45 N
LONGITUDE: 87 36 W
TEMPERATURE IN F: :PCPN: SNOW: WIND :SUNSHINE: SKY :PK WND
================================================================================
1 2 3 4 5 6A 6B 7 8 9 10 11 12 13 14 15 16 17 18
12Z AVG MX 2MIN
DY MAX MIN AVG DEP HDD CDD WTR SNW DPTH SPD SPD DIR MIN PSBL S-S WX SPD DR
================================================================================
1 63 30 47 15 18 0 T M M 11.4 22 210 M M 6 30 220
2 49 29 39 7 26 0 1.13 M M 11.8 24 10 M M 10 16 32 10
3 29 21 25 -7 40 0 M M M 19.6 25 20 M M 10 126 36 20
4 26 15 21 -12 44 0 T M M 10.4 20 10 M M 7 1 25 10
5 19 4 12 -21 53 0 0.00 M M 6.6 16 320 M M 0 21 310
6 34 12 23 -10 42 0 0.00 M M 6.9 15 160 M M 0 1 18 200
7 27 16 22 -11 43 0 0.00 M M 7.3 17 320 M M 1 22 320
8 41 14 28 -6 37 0 0.00 M M 10.2 20 210 M M 1 25 210
9 47 27 37 3 28 0 0.00 M M 7.3 20 200 M M 2 26 200
10 42 26 34 0 31 0 0.00 M M 8.1 18 300 M M 0 24 300
11 52 30 41 7 24 0 0.04 M M 9.6 24 330 M M 6 32 330
12 32 17 25 -9 40 0 T M M 13.0 26 310 M M 10 34 310
13 30 15 23 -12 42 0 T M M 7.4 23 340 M M 5 1 27 340
14 34 15 25 -10 40 0 0.00 M M 5.1 12 180 M M 3 15 180
15 56 23 40 5 25 0 0.00 M M 8.5 16 170 M M 0 19 180
16 60 43 52 16 13 0 0.00 M M 17.9 30 190 M M 5 40 180
17 57 M M M M M M M M 8.6 18 180 M M 5 12 24 180
18 M M M M M M 0.00 M M M M M M M 0 M M
19 M M M M M M 0.00 M M M M M M M 0 M M
20 M M M M M M 0.00 M M M M M M M 0 M M
21 M M M M M M M M M M M M M M 0 3 M M
22 M M M M M M M M M 17.3 21 220 M M 0 138 31 230
23 M M M M M M T M M M M M M M 0 16 M M
24 M M M M M M M M M M M M M M M M M
25 M M M M M M M M M M M M M M 0 M M
26 M M M M M M 0.00 M M M M M M M 0 M M
27 M M M M M M 0.00 M M M M M M M M M M
28 M M M M M M 0.00 M M M M M M M M M M
================================================================================
SM 698 337 546 0 1.17 M 187.0 M 71
================================================================================
AV 41.1 21.1 10.4 FASTST M M 3 MAX(MPH)
MISC ----> 30 190 40 180
================================================================================
NOTES:
# LAST OF SEVERAL OCCURRENCES
COLUMN 17 PEAK WIND IN M.P.H.
PRELIMINARY LOCAL CLIMATOLOGICAL DATA (WS FORM: F-6) , PAGE 2
STATION: LAWRENCEVILLE IL AIRPORT
MONTH: FEBRUARY
YEAR: 2022
LATITUDE: 38 45 N
LONGITUDE: 87 36 W
[TEMPERATURE DATA] [PRECIPITATION DATA] SYMBOLS USED IN COLUMN 16
AVERAGE MONTHLY: 31.1 TOTAL FOR MONTH: 1.17 1 = FOG OR MIST
DPTR FM NORMAL: -4.3 DPTR FM NORMAL: -0.99 2 = FOG REDUCING VISIBILITY
HIGHEST: 63 ON 1 GRTST 24HR 1.31 ON 17-17 TO 1/4 MILE OR LESS
LOWEST: 4 ON 5 3 = THUNDER
SNOW, ICE PELLETS, HAIL 4 = ICE PELLETS
TOTAL MONTH: M 5 = HAIL
GRTST 24HR M ON M 6 = FREEZING RAIN OR DRIZZLE
GRTST DEPTH: M ON M 7 = DUSTSTORM OR SANDSTORM:
VSBY 1/2 MILE OR LESS
8 = SMOKE OR HAZE
[NO. OF DAYS WITH] [WEATHER - DAYS WITH] 9 = BLOWING SNOW
X = TORNADO
MAX 32 OR BELOW: 6 0.01 INCH OR MORE: 2
MAX 90 OR ABOVE: 0 0.10 INCH OR MORE: 1
MIN 32 OR BELOW: 15 0.50 INCH OR MORE: 1
MIN 0 OR BELOW: 0 1.00 INCH OR MORE: 1
[HDD (BASE 65) ]
TOTAL THIS MO. 546 CLEAR (SCALE 0-3) 16
DPTR FM NORMAL -284 PTCLDY (SCALE 4-7) 6
TOTAL FM JUL 1 3045 CLOUDY (SCALE 8-10) 6
DPTR FM NORMAL -661
[CDD (BASE 65) ]
TOTAL THIS MO. 0
DPTR FM NORMAL 0 [PRESSURE DATA]
TOTAL FM JAN 1 0 HIGHEST SLP 30.62 ON 5
DPTR FM NORMAL 0 LOWEST SLP 29.70 ON 11
[REMARKS]
#FINAL-02-22#