000
CXUS53 KILX 011306
CLMLWV
CLIMATE REPORT
NATIONAL WEATHER SERVICE LINCOLN IL
806 AM CDT WED NOV 01 2023
...................................
...THE LAWRENCEVILLE IL AIRPORT CLIMATE SUMMARY FOR THE MONTH OF OCTOBER 2023...
CLIMATE NORMAL PERIOD 1991 TO 2020
CLIMATE RECORD PERIOD 9999 TO 9999
WEATHER OBSERVED NORMAL DEPART LAST YEAR`S
VALUE DATE(S) VALUE FROM VALUE
NORMAL
..............................................................
TEMPERATURE (F)
RECORD
HIGH MM MM
LOW 23 10/31/2023
HIGHEST 91 10/03 MM MM 82
10/04
LOWEST 23R 10/31 MM MM 29
AVG. MAXIMUM 72.2 69.4 2.8 69.8
AVG. MINIMUM 47.6 45.9 1.7 43.0
MEAN 59.9 57.6 2.3 56.4
DAYS MAX >= 90 3 0.6 2.4 0
DAYS MAX <= 32 0 0.0 0.0 0
DAYS MIN <= 32 2 1.7 0.3 2
DAYS MIN <= 0 0 0.0 0.0 0
PRECIPITATION (INCHES)
RECORD
MAXIMUM 6.09 2021
MINIMUM 1.93 2022
TOTALS 2.32 3.51 -1.19 1.93
DAILY AVG. 0.07 0.11 -0.04 0.06
DAYS >= .01 9 9.3 -0.3 6
DAYS >= .10 6 5.3 0.7 3
DAYS >= .50 1 2.8 -1.8 2
DAYS >= 1.00 0 1.1 -1.1 1
GREATEST
24 HR. TOTAL 0.83 10/05 TO 10/05 1.05
DEGREE DAYS
HEATING TOTAL 210 262 -52 271
SINCE 7/1 210 303 -93 MM
COOLING TOTAL 59 35 24 15
SINCE 1/1 1434 1378 56 MM
..............................................................
WIND (MPH)
AVERAGE WIND SPEED 8.3
HIGHEST WIND SPEED/DIRECTION 30/300 DATE 10/21
HIGHEST GUST SPEED/DIRECTION 40/330 DATE 10/06
40/310 10/21
AVERAGE RH (PERCENT) 71
WEATHER CONDITIONS. NUMBER OF DAYS WITH
THUNDERSTORM 0 MIXED PRECIP 0
HEAVY RAIN 3 RAIN 6
LIGHT RAIN 13 FREEZING RAIN 0
LT FREEZING RAIN 0 HAIL 0
HEAVY SNOW 0 SNOW 0
LIGHT SNOW 0 SLEET 0
FOG 14 FOG W/VIS <= 1/4 MILE 2
HAZE 1
- INDICATES NEGATIVE NUMBERS.
R INDICATES RECORD WAS SET OR TIED.
MM INDICATES DATA IS MISSING.
T INDICATES TRACE AMOUNT.
$$