000
CXUS53 KEAX 010736
CF6LXT
PRELIMINARY LOCAL CLIMATOLOGICAL DATA (WS FORM: F-6)
STATION: LEE`S SUMMIT MO
MONTH: JULY
YEAR: 2021
LATITUDE: 38 57 N
LONGITUDE: 94 22 W
TEMPERATURE IN F: :PCPN: SNOW: WIND :SUNSHINE: SKY :PK WND
================================================================================
1 2 3 4 5 6A 6B 7 8 9 10 11 12 13 14 15 16 17 18
12Z AVG MX 2MIN
DY MAX MIN AVG DEP HDD CDD WTR SNW DPTH SPD SPD DIR MIN PSBL S-S WX SPD DR
================================================================================
1 83 72 78 0 0 13 0.11 M M 6.6 14 50 M M 7 1 20 40
2 85 66 76 -2 0 11 0.00 M M 3.8 12 50 M M 1 18 50
3 86 67 77 -1 0 12 0.00 M M 5.3 12 70 M M 1 15 60
4 89 68 79 1 0 14 0.00 M M 5.6 10 230 M M 1 8 14 180
5 87 70 79 1 0 14 0.00 M M 6.5 12 160 M M 1 16 190
6 87 69 78 0 0 13 0.00 M M 6.9 14 200 M M 2 19 260
7 84 68 76 -3 0 11 0.01 M M 8.1 15 210 M M 4 3 30 310
8 85 66 76 -3 0 11 0.00 M M 6.0 13 10 M M 3 16 10
9 91 70 81 2 0 16 0.00 M M 10.4 21 200 M M 1 27 190
10 83 66 75 -4 0 10 0.66 M M 7.9 30 280 M M 4 13 43 290
11 72 64 68 -11 0 3 0.01 M M 10.6 22 350 M M 10 1 28 350
12 76 64 70 -9 0 5 T M M 6.7 12 340 M M 9 M M
13 86 64 75 -4 0 10 0.00 M M 8.2 15 190 M M 1 23 230
14 88 72 80 1 0 15 0.00 M M 14.3 24 210 M M 0 36 220
15 79 70 75 -4 0 10 0.34 M M 6.8 21 210 M M 6 13 27 210
16 84 68 76 -3 0 11 0.00 M M 3.0 9 70 M M 5 11 50
17 84 69 77 -2 0 12 0.02 M M 6.9 14 230 M M 2 3 19 220
18 83 68 76 -3 0 11 0.00 M M 7.3 14 60 M M 2 18 70
19 84 64 74 -5 0 9 0.00 M M 5.8 12 40 M M 1 17 30
20 85 66 76 -3 0 11 0.00 M M 3.6 12 20 M M 0 1 14 70
21 88 65 77 -2 0 12 0.00 M M 3.1 9 160 M M 1 1 13 130
22 88 71 80 1 0 15 0.00 M M 8.7 15 210 M M 1 19 200
23 90 72 81 2 0 16 0.00 M M 8.6 15 210 M M 0 1 22 200
24 95 75 85 6 0 20 0.03 M M 9.0 16 300 M M 1 1 19 310
25 89 72 81 2 0 16 0.53 M M 5.0 26 10 M M 2 13 40 10
26 89 69 79 0 0 14 0.00 M M 5.7 12 80 M M 0 16 100
27 93 71 82 3 0 17 0.00 M M 4.1 9 110 M M 0 8 14 80
28 96 72 84 5 0 19 0.00 M M 5.7 10 220 M M 0 1 15 210
29 98 76 87 8 0 22 0.00 M M 7.3 16 250 M M 1 21 260
30 94 77 86 7 0 21 0.04 M M 6.2 15 150 M M 2 3 22 160
31 86 69 78 -1 0 13 0.14 M M 7.4 17 350 M M 3 13 22 360
================================================================================
SM 2687 2140 0 407 1.89 M 211.1 M 72
================================================================================
AV 86.7 69.0 6.8 FASTST M M 2 MAX(MPH)
MISC ----> 30 280 43 290
================================================================================
NOTES:
# LAST OF SEVERAL OCCURRENCES
COLUMN 17 PEAK WIND IN M.P.H.
PRELIMINARY LOCAL CLIMATOLOGICAL DATA (WS FORM: F-6) , PAGE 2
STATION: LEE`S SUMMIT MO
MONTH: JULY
YEAR: 2021
LATITUDE: 38 57 N
LONGITUDE: 94 22 W
[TEMPERATURE DATA] [PRECIPITATION DATA] SYMBOLS USED IN COLUMN 16
AVERAGE MONTHLY: 77.9 TOTAL FOR MONTH: 1.89 1 = FOG OR MIST
DPTR FM NORMAL: -1.1 DPTR FM NORMAL: -2.68 2 = FOG REDUCING VISIBILITY
HIGHEST: 98 ON 29 GRTST 24HR 0.66 ON 10-10 TO 1/4 MILE OR LESS
LOWEST: 64 ON 19,13 3 = THUNDER
SNOW, ICE PELLETS, HAIL 4 = ICE PELLETS
TOTAL MONTH: M 5 = HAIL
GRTST 24HR M ON M 6 = FREEZING RAIN OR DRIZZLE
GRTST DEPTH: M ON M 7 = DUSTSTORM OR SANDSTORM:
VSBY 1/2 MILE OR LESS
8 = SMOKE OR HAZE
[NO. OF DAYS WITH] [WEATHER - DAYS WITH] 9 = BLOWING SNOW
X = TORNADO
MAX 32 OR BELOW: 0 0.01 INCH OR MORE: 10
MAX 90 OR ABOVE: 7 0.10 INCH OR MORE: 5
MIN 32 OR BELOW: 0 0.50 INCH OR MORE: 2
MIN 0 OR BELOW: 0 1.00 INCH OR MORE: 0
[HDD (BASE 65) ]
TOTAL THIS MO. 0 CLEAR (SCALE 0-3) 22
DPTR FM NORMAL 0 PTCLDY (SCALE 4-7) 7
TOTAL FM JUL 1 0 CLOUDY (SCALE 8-10) 2
DPTR FM NORMAL 0
[CDD (BASE 65) ]
TOTAL THIS MO. 407
DPTR FM NORMAL -27 [PRESSURE DATA]
TOTAL FM JAN 1 831 HIGHEST SLP M ON M
DPTR FM NORMAL -31 LOWEST SLP 29.80 ON 10
[REMARKS]
#FINAL-07-21#